{"id":30245,"date":"2025-10-24T11:58:59","date_gmt":"2025-10-24T08:58:59","guid":{"rendered":"https:\/\/denizmtl.com\/mobilapp\/urunler\/ayakli-elektrikli-hava-sirkulasyonlu-kurutma-firini\/"},"modified":"2025-10-24T11:58:59","modified_gmt":"2025-10-24T08:58:59","slug":"ayakli-elektrikli-hava-sirkulasyonlu-kurutma-firini","status":"publish","type":"product","link":"https:\/\/denizmtl.com\/mobilapp\/urunler\/ayakli-elektrikli-hava-sirkulasyonlu-kurutma-firini\/","title":{"rendered":"INSIZE FCD-B Series Ayakl\u0131, Elektrikli, Hava Sirk\u00fclasyonlu Kurutma F\u0131r\u0131n\u0131"},"content":{"rendered":"","protected":false},"excerpt":{"rendered":"","protected":false},"author":0,"featured_media":30246,"comment_status":"open","ping_status":"closed","template":"","meta":[],"product_brand":[],"product_cat":[712,63],"product_tag":[],"class_list":{"0":"post-30245","1":"product","2":"type-product","3":"status-publish","4":"has-post-thumbnail","6":"product_cat-korozyon-ve-isi-test-odalari","7":"product_cat-yeni-urunler","9":"first","10":"instock","11":"shipping-taxable","12":"product-type-simple"},"_links":{"self":[{"href":"https:\/\/denizmtl.com\/mobilapp\/wp-json\/wp\/v2\/product\/30245","targetHints":{"allow":["GET"]}}],"collection":[{"href":"https:\/\/denizmtl.com\/mobilapp\/wp-json\/wp\/v2\/product"}],"about":[{"href":"https:\/\/denizmtl.com\/mobilapp\/wp-json\/wp\/v2\/types\/product"}],"replies":[{"embeddable":true,"href":"https:\/\/denizmtl.com\/mobilapp\/wp-json\/wp\/v2\/comments?post=30245"}],"wp:featuredmedia":[{"embeddable":true,"href":"https:\/\/denizmtl.com\/mobilapp\/wp-json\/wp\/v2\/media\/30246"}],"wp:attachment":[{"href":"https:\/\/denizmtl.com\/mobilapp\/wp-json\/wp\/v2\/media?parent=30245"}],"wp:term":[{"taxonomy":"product_brand","embeddable":true,"href":"https:\/\/denizmtl.com\/mobilapp\/wp-json\/wp\/v2\/product_brand?post=30245"},{"taxonomy":"product_cat","embeddable":true,"href":"https:\/\/denizmtl.com\/mobilapp\/wp-json\/wp\/v2\/product_cat?post=30245"},{"taxonomy":"product_tag","embeddable":true,"href":"https:\/\/denizmtl.com\/mobilapp\/wp-json\/wp\/v2\/product_tag?post=30245"}],"curies":[{"name":"wp","href":"https:\/\/api.w.org\/{rel}","templated":true}]}}