{"id":29738,"date":"2025-08-14T11:40:32","date_gmt":"2025-08-14T08:40:32","guid":{"rendered":"https:\/\/denizmtl.com\/mobilapp\/?post_type=product&#038;p=29738"},"modified":"2025-10-02T17:45:18","modified_gmt":"2025-10-02T14:45:18","slug":"insize-dsc-h600-diferansiyel-taramali-kalorimetre","status":"publish","type":"product","link":"https:\/\/denizmtl.com\/mobilapp\/urunler\/insize-dsc-h600-diferansiyel-taramali-kalorimetre\/","title":{"rendered":"Insize DSC-H600 Diferansiyel Taramal\u0131 Kalorimetre"},"content":{"rendered":"<p data-start=\"259\" data-end=\"313\"><strong>Insize DSC-H600 Diferansiyel Taramal\u0131 Kalorimetre<\/strong>\u00a0y\u00fcksek \u00e7\u00f6z\u00fcn\u00fcrl\u00fck ve stabilite ile polimer, ila\u00e7 ve malzeme faz ge\u00e7i\u015f analizleri i\u00e7in tasarlanm\u0131\u015f, gaz debi kontrol\u00fc ve USB veri aktar\u0131m\u0131 destekleyen profesyonel bir termal analiz cihaz\u0131d\u0131r.<\/p>\n<p data-start=\"314\" data-end=\"371\"><strong>Y\u00fcksek \u00c7\u00f6z\u00fcn\u00fcrl\u00fckl\u00fc Faz Ge\u00e7i\u015f ve Termal Analiz Cihaz\u0131<\/strong><\/p>\n<p data-start=\"373\" data-end=\"775\"><strong data-start=\"373\" data-end=\"432\">Insize DSC-H600 Diferansiyel Taramal\u0131 Kalorimetre (DSC)<\/strong>, polimerler, inorganik malzemeler, ila\u00e7lar ve di\u011fer malzemelerin faz ge\u00e7i\u015flerini, erime ve kristalle\u015fme davran\u0131\u015flar\u0131n\u0131 hassas bir \u015fekilde analiz etmek i\u00e7in tasarlanm\u0131\u015f profesyonel bir termal analiz cihaz\u0131d\u0131r. Kapal\u0131 metal f\u0131r\u0131n yap\u0131s\u0131 sayesinde \u00e7\u00f6z\u00fcn\u00fcrl\u00fck ve stabiliteyi maksimum seviyeye \u00e7\u0131kar\u0131r ve \u00fcst\u00fcn bir taban \u00e7izgisi kararl\u0131l\u0131\u011f\u0131 sunar.<\/p>\n<p data-start=\"777\" data-end=\"1039\">Cihaz, ala\u015f\u0131ml\u0131 sens\u00f6rleri sayesinde korozyona ve oksidasyona kar\u015f\u0131 dayan\u0131kl\u0131d\u0131r ve uzun s\u00fcre g\u00fcvenilir \u00f6l\u00e7\u00fcmler sa\u011flar. USB \u00e7ift y\u00f6nl\u00fc ileti\u015fim deste\u011fi ve otomatik ba\u011flant\u0131 kurtarma \u00f6zelli\u011fi sayesinde veri aktar\u0131m\u0131 s\u0131ras\u0131nda ba\u011flant\u0131 sorunlar\u0131n\u0131 en aza indirir.<\/p>\n<p data-start=\"1041\" data-end=\"1365\">DSC-H600 kalorimetre, kullan\u0131c\u0131lar\u0131n referans malzemelerle s\u0131cakl\u0131k kalibrasyonu yapmas\u0131na imkan tan\u0131r. Yaz\u0131l\u0131m, entalpi, cam ge\u00e7i\u015f s\u0131cakl\u0131\u011f\u0131 ve di\u011fer termal parametreleri h\u0131zl\u0131 ve do\u011fru bir \u015fekilde hesaplayabilir. \u0130ki farkl\u0131 gaz yolunu otomatik olarak kontrol edebilen yaz\u0131l\u0131m, gaz ge\u00e7i\u015flerinde hassas debi kontrol\u00fc sa\u011flar.<\/p>\n<p data-start=\"1372\" data-end=\"1392\"><strong>\u00dcr\u00fcn \u00d6zellikleri:<\/strong><\/p>\n<ul>\n<li data-start=\"1395\" data-end=\"1487\"><strong data-start=\"1399\" data-end=\"1430\">Faz Ge\u00e7i\u015f ve Termal Analiz:<\/strong> Erime, kristalle\u015fme ve cam ge\u00e7i\u015f s\u0131cakl\u0131klar\u0131n\u0131 \u00f6l\u00e7er.<\/li>\n<li data-start=\"1490\" data-end=\"1564\"><strong data-start=\"1493\" data-end=\"1523\">Kapal\u0131 Metal F\u0131r\u0131n Yap\u0131s\u0131:<\/strong> Y\u00fcksek \u00e7\u00f6z\u00fcn\u00fcrl\u00fck ve stabilite sa\u011flar.<\/li>\n<li data-start=\"1567\" data-end=\"1639\"><strong data-start=\"1570\" data-end=\"1593\">Ala\u015f\u0131ml\u0131 Sens\u00f6rler:<\/strong> Korozyon ve oksidasyona kar\u015f\u0131 dayan\u0131kl\u0131d\u0131r.<\/li>\n<li data-start=\"1642\" data-end=\"1730\"><strong data-start=\"1645\" data-end=\"1666\">Geli\u015fmi\u015f Yaz\u0131l\u0131m:<\/strong> Entalpi, cam ge\u00e7i\u015f s\u0131cakl\u0131\u011f\u0131 ve di\u011fer parametreleri hesaplar.<\/li>\n<li data-start=\"1733\" data-end=\"1817\"><strong data-start=\"1736\" data-end=\"1763\">\u00c7ift Gaz Yolu Kontrol\u00fc:<\/strong> Gaz ak\u0131\u015f\u0131n\u0131 otomatik ve hassas bir \u015fekilde y\u00f6netir.<\/li>\n<li data-start=\"1820\" data-end=\"1905\"><strong data-start=\"1823\" data-end=\"1851\">USB \u00c7ift Y\u00f6nl\u00fc \u0130leti\u015fim:<\/strong> H\u0131zl\u0131 veri transferi ve otomatik ba\u011flant\u0131 kurtarma.<\/li>\n<li data-start=\"1908\" data-end=\"1995\"><strong data-start=\"1912\" data-end=\"1936\">Kalibrasyon Deste\u011fi:<\/strong> Referans malzemelerle s\u0131cakl\u0131k kalibrasyonu yap\u0131labilir.<\/li>\n<\/ul>\n<p data-start=\"2002\" data-end=\"2023\"><strong>Kullan\u0131m Alanlar\u0131:<\/strong><\/p>\n<ul>\n<li data-start=\"2026\" data-end=\"2057\">Polimer ve plastik analizleri<\/li>\n<li data-start=\"2060\" data-end=\"2074\">\u0130la\u00e7 sekt\u00f6r\u00fc<\/li>\n<li data-start=\"2077\" data-end=\"2114\">Malzeme bilimi ve Ar-Ge \u00e7al\u0131\u015fmalar\u0131<\/li>\n<li data-start=\"2117\" data-end=\"2155\">Kimya ve m\u00fchendislik laboratuvarlar\u0131<\/li>\n<li data-start=\"2158\" data-end=\"2191\">Y\u00fczey ve faz ge\u00e7i\u015f incelemeleri<\/li>\n<\/ul>\n","protected":false},"excerpt":{"rendered":"<ul>\n<li data-start=\"1395\" data-end=\"1487\">Faz Ge\u00e7i\u015f ve Termal Analiz: Erime, kristalle\u015fme ve cam ge\u00e7i\u015f s\u0131cakl\u0131klar\u0131n\u0131 \u00f6l\u00e7er.<\/li>\n<li data-start=\"1490\" data-end=\"1564\">Kapal\u0131 Metal F\u0131r\u0131n Yap\u0131s\u0131: Y\u00fcksek \u00e7\u00f6z\u00fcn\u00fcrl\u00fck ve stabilite sa\u011flar.<\/li>\n<li data-start=\"1567\" data-end=\"1639\">Korozyon ve oksidasyona kar\u015f\u0131 dayan\u0131kl\u0131d\u0131r.<\/li>\n<li data-start=\"1642\" data-end=\"1730\">Geli\u015fmi\u015f Yaz\u0131l\u0131m: Entalpi, cam ge\u00e7i\u015f s\u0131cakl\u0131\u011f\u0131 ve di\u011fer parametreleri hesaplar.<\/li>\n<li data-start=\"1733\" data-end=\"1817\">\u00c7ift Gaz Yolu Kontrol\u00fc: Gaz ak\u0131\u015f\u0131n\u0131 otomatik ve hassas bir \u015fekilde y\u00f6netir.<\/li>\n<li data-start=\"1820\" data-end=\"1905\">H\u0131zl\u0131 veri transferi ve otomatik ba\u011flant\u0131 kurtarma.<\/li>\n<li data-start=\"1908\" data-end=\"1995\">Referans malzemelerle s\u0131cakl\u0131k kalibrasyonu yap\u0131labilir.<\/li>\n<li data-start=\"1908\" data-end=\"1995\"><a href=\"https:\/\/denizmtl.com\/wp-content\/uploads\/2025\/07\/DSC-H600.pdf\"><strong>Pdf i\u00e7in t\u0131klay\u0131n\u0131z.<\/strong><\/a><\/li>\n<\/ul>\n<p>&nbsp;<br \/>\n<a class=\"wp-iletim-button\" href=\"https:\/\/wa.me\/905422584189?text=Merhaba%2C%20https%3A%2F%2Fdenizmtl.com%2Fmobilapp%2Fwp-json%2Fwp%2Fv2%2Fproduct%2F29738%20sayfas%C4%B1ndaki%20%C3%BCr%C3%BCnle%20ilgili%20fiyat%20ve%20demo%20talep%20etmek%20istiyorum.\" target=\"_blank\" rel=\"noopener\" style=\"display:inline-block;padding:10px 16px;border-radius:6px;color:#fff;text-decoration:none;font-weight:600;background:#334862;\">F\u0130YAT VE DEMO TALEP ET<\/a>\n","protected":false},"author":1,"featured_media":29768,"comment_status":"open","ping_status":"closed","template":"","meta":[],"product_brand":[],"product_cat":[18,100,63],"product_tag":[474,475,476,477,478,479,480,481,482,483],"class_list":{"0":"post-29738","1":"product","2":"type-product","3":"status-publish","4":"has-post-thumbnail","6":"product_cat-insize","7":"product_cat-test-cihazlari","8":"product_cat-yeni-urunler","9":"product_tag-diferansiyel-taramali-kalorimetre","10":"product_tag-entalpi-ve-cam-gecis-olcer","11":"product_tag-faz-gecisi-olcum-cihazi","12":"product_tag-gaz-kontrol-sistemli-dsc","13":"product_tag-insize-dsc-h600","14":"product_tag-laboratuvar-kalorimetre-cihazi","15":"product_tag-polimer-analiz-ekipmani","16":"product_tag-termal-analiz-cihazi","17":"product_tag-usb-baglantili-dsc-cihazi","18":"product_tag-yuksek-cozunurluklu-kalorimetre","20":"first","21":"instock","22":"shipping-taxable","23":"product-type-simple"},"_links":{"self":[{"href":"https:\/\/denizmtl.com\/mobilapp\/wp-json\/wp\/v2\/product\/29738","targetHints":{"allow":["GET"]}}],"collection":[{"href":"https:\/\/denizmtl.com\/mobilapp\/wp-json\/wp\/v2\/product"}],"about":[{"href":"https:\/\/denizmtl.com\/mobilapp\/wp-json\/wp\/v2\/types\/product"}],"author":[{"embeddable":true,"href":"https:\/\/denizmtl.com\/mobilapp\/wp-json\/wp\/v2\/users\/1"}],"replies":[{"embeddable":true,"href":"https:\/\/denizmtl.com\/mobilapp\/wp-json\/wp\/v2\/comments?post=29738"}],"wp:featuredmedia":[{"embeddable":true,"href":"https:\/\/denizmtl.com\/mobilapp\/wp-json\/wp\/v2\/media\/29768"}],"wp:attachment":[{"href":"https:\/\/denizmtl.com\/mobilapp\/wp-json\/wp\/v2\/media?parent=29738"}],"wp:term":[{"taxonomy":"product_brand","embeddable":true,"href":"https:\/\/denizmtl.com\/mobilapp\/wp-json\/wp\/v2\/product_brand?post=29738"},{"taxonomy":"product_cat","embeddable":true,"href":"https:\/\/denizmtl.com\/mobilapp\/wp-json\/wp\/v2\/product_cat?post=29738"},{"taxonomy":"product_tag","embeddable":true,"href":"https:\/\/denizmtl.com\/mobilapp\/wp-json\/wp\/v2\/product_tag?post=29738"}],"curies":[{"name":"wp","href":"https:\/\/api.w.org\/{rel}","templated":true}]}}