{"id":29587,"date":"2025-08-14T11:39:15","date_gmt":"2025-08-14T08:39:15","guid":{"rendered":"https:\/\/denizmtl.com\/mobilapp\/?post_type=product&#038;p=29587"},"modified":"2025-10-02T17:45:10","modified_gmt":"2025-10-02T14:45:10","slug":"insize-cmm-wm-atolye-koordinat-olcum-makineleri","status":"publish","type":"product","link":"https:\/\/denizmtl.com\/mobilapp\/urunler\/insize-cmm-wm-atolye-koordinat-olcum-makineleri\/","title":{"rendered":"Insize CMM-WM At\u00f6lye Koordinat \u00d6l\u00e7\u00fcm Makineleri"},"content":{"rendered":"","protected":false},"excerpt":{"rendered":"<ul>\n<li>\u00d6l\u00e7\u00fcm verimlili\u011fi s\u0131radan CMM&#8217;nin \u00fc\u00e7 kat\u0131d\u0131r<\/li>\n<li>Dahili s\u0131cakl\u0131k sens\u00f6r\u00fc, ger\u00e7ek zamanl\u0131 s\u0131cakl\u0131k telafisi<\/li>\n<li>Kullanmak i\u00e7in sabit bir s\u0131cakl\u0131k beklemenize gerek yok<\/li>\n<li>G\u00fc\u00e7 kayna\u011f\u0131na ba\u011fland\u0131\u011f\u0131nda kullan\u0131ma haz\u0131rd\u0131r, bas\u0131n\u00e7l\u0131 hava gerekmez<\/li>\n<li>Otomasyon \u00fcretim hatlar\u0131na, veri y\u00f6netim sistemlerine, ak\u0131ll\u0131 kontrol sistemlerine vb. ba\u011flanabilir.<\/li>\n<li>Ta\u015f\u0131mas\u0131 kolay, az yer kapl\u0131yor<\/li>\n<li><a href=\"https:\/\/denizmtl.com\/wp-content\/uploads\/2025\/06\/CMM-WM.pdf\"><strong>PDF i\u00e7in t\u0131klay\u0131n\u0131z.<\/strong><\/a><\/li>\n<\/ul>\n<p>&nbsp;<br \/>\n<a class=\"wp-iletim-button\" href=\"https:\/\/wa.me\/905422584189?text=Merhaba%2C%20https%3A%2F%2Fdenizmtl.com%2Fmobilapp%2Fwp-json%2Fwp%2Fv2%2Fproduct%2F29587%20sayfas%C4%B1ndaki%20%C3%BCr%C3%BCnle%20ilgili%20fiyat%20ve%20demo%20talep%20etmek%20istiyorum.\" target=\"_blank\" rel=\"noopener\" style=\"display:inline-block;padding:10px 16px;border-radius:6px;color:#fff;text-decoration:none;font-weight:600;background:#334862;\">F\u0130YAT VE DEMO TALEP ET<\/a>\n","protected":false},"author":1,"featured_media":29616,"comment_status":"open","ping_status":"closed","template":"","meta":[],"product_brand":[],"product_cat":[110,18,100,63],"product_tag":[],"class_list":{"0":"post-29587","1":"product","2":"type-product","3":"status-publish","4":"has-post-thumbnail","6":"product_cat-diger-olcum-cihazlari","7":"product_cat-insize","8":"product_cat-test-cihazlari","9":"product_cat-yeni-urunler","11":"first","12":"instock","13":"shipping-taxable","14":"product-type-simple"},"_links":{"self":[{"href":"https:\/\/denizmtl.com\/mobilapp\/wp-json\/wp\/v2\/product\/29587","targetHints":{"allow":["GET"]}}],"collection":[{"href":"https:\/\/denizmtl.com\/mobilapp\/wp-json\/wp\/v2\/product"}],"about":[{"href":"https:\/\/denizmtl.com\/mobilapp\/wp-json\/wp\/v2\/types\/product"}],"author":[{"embeddable":true,"href":"https:\/\/denizmtl.com\/mobilapp\/wp-json\/wp\/v2\/users\/1"}],"replies":[{"embeddable":true,"href":"https:\/\/denizmtl.com\/mobilapp\/wp-json\/wp\/v2\/comments?post=29587"}],"wp:featuredmedia":[{"embeddable":true,"href":"https:\/\/denizmtl.com\/mobilapp\/wp-json\/wp\/v2\/media\/29616"}],"wp:attachment":[{"href":"https:\/\/denizmtl.com\/mobilapp\/wp-json\/wp\/v2\/media?parent=29587"}],"wp:term":[{"taxonomy":"product_brand","embeddable":true,"href":"https:\/\/denizmtl.com\/mobilapp\/wp-json\/wp\/v2\/product_brand?post=29587"},{"taxonomy":"product_cat","embeddable":true,"href":"https:\/\/denizmtl.com\/mobilapp\/wp-json\/wp\/v2\/product_cat?post=29587"},{"taxonomy":"product_tag","embeddable":true,"href":"https:\/\/denizmtl.com\/mobilapp\/wp-json\/wp\/v2\/product_tag?post=29587"}],"curies":[{"name":"wp","href":"https:\/\/api.w.org\/{rel}","templated":true}]}}