{"id":29407,"date":"2025-08-14T11:37:51","date_gmt":"2025-08-14T08:37:51","guid":{"rendered":"https:\/\/denizmtl.com\/mobilapp\/?post_type=product&#038;p=29407"},"modified":"2025-08-14T11:38:07","modified_gmt":"2025-08-14T08:38:07","slug":"insize-7338-olcum-aletleri-tamir-seti","status":"publish","type":"product","link":"https:\/\/denizmtl.com\/mobilapp\/urunler\/insize-7338-olcum-aletleri-tamir-seti\/","title":{"rendered":"Insize 7338 \u00d6l\u00e7\u00fcm Aletleri Tamir Seti"},"content":{"rendered":"","protected":false},"excerpt":{"rendered":"<p>Kumpas, mikrometre ve g\u00f6stergelerin onar\u0131m\u0131 i\u00e7in<\/p>\n<p>\u0130\u00e7ermek:<\/p>\n<p>1) Yivli tornavida, 1.4x20mm<\/p>\n<p>2) Yivli tornavida, 2.0x20mm<\/p>\n<p>3) Yivli tornavida, 2.4x25mm<\/p>\n<p>4) Yivli tornavida, 3.0x25mm<\/p>\n<p>5) Y\u0131ld\u0131z tornavida, 0 # x25mm<\/p>\n<p>6) Y\u0131ld\u0131z tornavida, 1 # x25mm<\/p>\n<p>7) M\u0131knat\u0131slay\u0131c\u0131 ve m\u0131knat\u0131sl\u0131k giderici<\/p>\n<p>8) Sivri c\u0131mb\u0131z, 125mm<\/p>\n<p>9) Mini i\u011fne burunlu pense, 5&#8243;<\/p>\n<p>10) Geni\u015fletilmi\u015f d\u00fcz ba\u015fl\u0131 allen anahtar\u0131, 1,5x80mm<\/p>\n<p>11) Geni\u015fletilmi\u015f d\u00fcz ba\u015fl\u0131 allen anahtar\u0131, 2,5x94mm<\/p>\n<p>12) Geni\u015fletilmi\u015f d\u00fcz ba\u015fl\u0131 allen anahtar\u0131, 3x92mm<\/p>\n<p>13) \u0130\u011fne \u00e7ekici, 3 adet<\/p>\n<p>14) Bak\u0131r \u00e7eki\u00e7, 126g<\/p>\n<p>15) Bak\u0131r \u00e7ubuk, \u00d810x60mm<\/p>\n<p>16) Kadran y\u00fcz\u00fc vantuz, \u00d830mm<\/p>\n<p>17) Ya\u011f ta\u015f\u0131, 100x20x10mm<\/p>\n<p>18) Temizleme f\u0131r\u00e7as\u0131<\/p>\n<p>19) Mikrometre anahtar\u0131<\/p>\n<p>20) \u00dc\u00e7 noktal\u0131 i\u00e7 mikrometre \u00e7ubuk anahtar\u0131, 2 adet<\/p>\n<p>21) Pas \u00f6nleyici ya\u011f, 30ml<\/p>\n<p>22) Mikrometreler i\u00e7in \u00f6zel pas \u00f6nleyici ya\u011f, 30ml<\/p>\n<p>23) Toz tutmayan bez, 5 adet<\/p>\n<p><a href=\"https:\/\/denizmtl.com\/wp-content\/uploads\/2025\/06\/7338.pdf\"><strong>PDF i\u00e7in t\u0131klay\u0131n\u0131z.<\/strong><\/a><\/p>\n","protected":false},"author":1,"featured_media":29436,"comment_status":"open","ping_status":"closed","template":"","meta":[],"product_brand":[],"product_cat":[117],"product_tag":[],"class_list":{"0":"post-29407","1":"product","2":"type-product","3":"status-publish","4":"has-post-thumbnail","6":"product_cat-olcum-setleri","8":"first","9":"instock","10":"shipping-taxable","11":"product-type-simple"},"_links":{"self":[{"href":"https:\/\/denizmtl.com\/mobilapp\/wp-json\/wp\/v2\/product\/29407","targetHints":{"allow":["GET"]}}],"collection":[{"href":"https:\/\/denizmtl.com\/mobilapp\/wp-json\/wp\/v2\/product"}],"about":[{"href":"https:\/\/denizmtl.com\/mobilapp\/wp-json\/wp\/v2\/types\/product"}],"author":[{"embeddable":true,"href":"https:\/\/denizmtl.com\/mobilapp\/wp-json\/wp\/v2\/users\/1"}],"replies":[{"embeddable":true,"href":"https:\/\/denizmtl.com\/mobilapp\/wp-json\/wp\/v2\/comments?post=29407"}],"wp:featuredmedia":[{"embeddable":true,"href":"https:\/\/denizmtl.com\/mobilapp\/wp-json\/wp\/v2\/media\/29436"}],"wp:attachment":[{"href":"https:\/\/denizmtl.com\/mobilapp\/wp-json\/wp\/v2\/media?parent=29407"}],"wp:term":[{"taxonomy":"product_brand","embeddable":true,"href":"https:\/\/denizmtl.com\/mobilapp\/wp-json\/wp\/v2\/product_brand?post=29407"},{"taxonomy":"product_cat","embeddable":true,"href":"https:\/\/denizmtl.com\/mobilapp\/wp-json\/wp\/v2\/product_cat?post=29407"},{"taxonomy":"product_tag","embeddable":true,"href":"https:\/\/denizmtl.com\/mobilapp\/wp-json\/wp\/v2\/product_tag?post=29407"}],"curies":[{"name":"wp","href":"https:\/\/api.w.org\/{rel}","templated":true}]}}