{"id":29273,"date":"2025-08-14T11:36:50","date_gmt":"2025-08-14T08:36:50","guid":{"rendered":"https:\/\/denizmtl.com\/mobilapp\/?post_type=product&#038;p=29273"},"modified":"2025-08-14T11:36:58","modified_gmt":"2025-08-14T08:36:58","slug":"insize-cac-sl300-sodyum-isik-dolabi","status":"publish","type":"product","link":"https:\/\/denizmtl.com\/mobilapp\/urunler\/insize-cac-sl300-sodyum-isik-dolabi\/","title":{"rendered":"Insize CAC-SL300 Sodyum I\u015f\u0131k Dolab\u0131"},"content":{"rendered":"","protected":false},"excerpt":{"rendered":"<ul>\n<li>Y\u00fcksek frekansl\u0131 \u0131\u015f\u0131k kayna\u011f\u0131 g\u00f6z hasar\u0131n\u0131 \u00f6nlemede etkilidir<\/li>\n<li>Sodyum lambalar, 589,0 nm ve 589,6 nm dalga boylar\u0131nda g\u00fc\u00e7l\u00fc sodyum spektral \u00e7izgileri yayar ve iyi bir monokromatiklik \u00f6zelli\u011fi g\u00f6sterir<\/li>\n<li>Abajur alev geciktirici plastikten yap\u0131lm\u0131\u015ft\u0131r ve toz ge\u00e7irmez, su ge\u00e7irmez ve parlama \u00f6nleyici olan tamamen kapal\u0131 bir tasar\u0131ma sahiptir<\/li>\n<li>Lamba reflekt\u00f6r\u00fc daha iyi korozyon direnci i\u00e7in UV p\u00fcsk\u00fcrtme kullan\u0131r<\/li>\n<li>\u0130\u015f par\u00e7alar\u0131n\u0131 korumak i\u00e7in muayene platformunda \u00f6zel s\u00f6n\u00fcmleme malzemeleri kullan\u0131lmaktad\u0131r<\/li>\n<li>\u0130ste\u011fe ba\u011fl\u0131 aksesuar: optik d\u00fcz y\u00fczeyler (4191 serisi)<\/li>\n<li><a href=\"https:\/\/denizmtl.com\/wp-content\/uploads\/2025\/05\/CAC-SL300.pdf\"><strong>PDF i\u00e7in t\u0131klay\u0131n\u0131z.<\/strong><\/a><\/li>\n<\/ul>\n","protected":false},"author":1,"featured_media":29303,"comment_status":"open","ping_status":"closed","template":"","meta":[],"product_brand":[],"product_cat":[28],"product_tag":[],"class_list":{"0":"post-29273","1":"product","2":"type-product","3":"status-publish","4":"has-post-thumbnail","6":"product_cat-diger-olcu-aletleri","8":"first","9":"instock","10":"shipping-taxable","11":"product-type-simple"},"_links":{"self":[{"href":"https:\/\/denizmtl.com\/mobilapp\/wp-json\/wp\/v2\/product\/29273","targetHints":{"allow":["GET"]}}],"collection":[{"href":"https:\/\/denizmtl.com\/mobilapp\/wp-json\/wp\/v2\/product"}],"about":[{"href":"https:\/\/denizmtl.com\/mobilapp\/wp-json\/wp\/v2\/types\/product"}],"author":[{"embeddable":true,"href":"https:\/\/denizmtl.com\/mobilapp\/wp-json\/wp\/v2\/users\/1"}],"replies":[{"embeddable":true,"href":"https:\/\/denizmtl.com\/mobilapp\/wp-json\/wp\/v2\/comments?post=29273"}],"wp:featuredmedia":[{"embeddable":true,"href":"https:\/\/denizmtl.com\/mobilapp\/wp-json\/wp\/v2\/media\/29303"}],"wp:attachment":[{"href":"https:\/\/denizmtl.com\/mobilapp\/wp-json\/wp\/v2\/media?parent=29273"}],"wp:term":[{"taxonomy":"product_brand","embeddable":true,"href":"https:\/\/denizmtl.com\/mobilapp\/wp-json\/wp\/v2\/product_brand?post=29273"},{"taxonomy":"product_cat","embeddable":true,"href":"https:\/\/denizmtl.com\/mobilapp\/wp-json\/wp\/v2\/product_cat?post=29273"},{"taxonomy":"product_tag","embeddable":true,"href":"https:\/\/denizmtl.com\/mobilapp\/wp-json\/wp\/v2\/product_tag?post=29273"}],"curies":[{"name":"wp","href":"https:\/\/api.w.org\/{rel}","templated":true}]}}