{"id":29098,"date":"2025-08-14T11:35:29","date_gmt":"2025-08-14T08:35:29","guid":{"rendered":"https:\/\/denizmtl.com\/mobilapp\/?post_type=product&#038;p=29098"},"modified":"2025-08-14T11:35:38","modified_gmt":"2025-08-14T08:35:38","slug":"insize-hdt-esa-hdt-esd-dijital-sormetre","status":"publish","type":"product","link":"https:\/\/denizmtl.com\/mobilapp\/urunler\/insize-hdt-esa-hdt-esd-dijital-sormetre\/","title":{"rendered":"Insize HDT-ESA \/HDT- ESD Dijital \u015eormetre"},"content":{"rendered":"","protected":false},"excerpt":{"rendered":"<ul>\n<li>Zaman tutma fonksiyonu ile zaman 0 ile 30 saniye aras\u0131nda ayarlanabilir<\/li>\n<li>1,5 in\u00e7 OLED ekran<\/li>\n<li>Do\u011frulama y\u00f6netmeliklerinde ileri ve geri kuvvet \u00f6l\u00e7\u00fcm\u00fc gerekliliklerini kar\u015f\u0131lay\u0131n<\/li>\n<li>Dijital deplasman sens\u00f6r\u00fc, y\u00fcksek test do\u011frulu\u011fu<\/li>\n<li>S\u0131f\u0131r noktas\u0131 kalibrasyon fonksiyonu, kalibrasyon blo\u011fu gerekli de\u011fildir<\/li>\n<li>Ortalama fonksiyonu ile 0 ile 9 aras\u0131nda ortalama de\u011ferlere sahip olmak<\/li>\n<li>Y\u00fcksek do\u011fruluk ve kararl\u0131 \u00f6l\u00e7\u00fcm i\u00e7in test stand\u0131 (iste\u011fe ba\u011fl\u0131) ile kullan\u0131labilir<\/li>\n<li>ISO 48, ISO 7619, ISO 21509&#8217;a g\u00f6re<br \/>\n<a href=\"https:\/\/denizmtl.com\/wp-content\/uploads\/2025\/05\/HDT-ESA.pdf\"><strong>PDF i\u00e7in t\u0131klay\u0131n\u0131z<\/strong><\/a><\/li>\n<\/ul>\n","protected":false},"author":1,"featured_media":29128,"comment_status":"open","ping_status":"closed","template":"","meta":[],"product_brand":[],"product_cat":[28],"product_tag":[],"class_list":{"0":"post-29098","1":"product","2":"type-product","3":"status-publish","4":"has-post-thumbnail","6":"product_cat-diger-olcu-aletleri","8":"first","9":"instock","10":"shipping-taxable","11":"product-type-simple"},"_links":{"self":[{"href":"https:\/\/denizmtl.com\/mobilapp\/wp-json\/wp\/v2\/product\/29098","targetHints":{"allow":["GET"]}}],"collection":[{"href":"https:\/\/denizmtl.com\/mobilapp\/wp-json\/wp\/v2\/product"}],"about":[{"href":"https:\/\/denizmtl.com\/mobilapp\/wp-json\/wp\/v2\/types\/product"}],"author":[{"embeddable":true,"href":"https:\/\/denizmtl.com\/mobilapp\/wp-json\/wp\/v2\/users\/1"}],"replies":[{"embeddable":true,"href":"https:\/\/denizmtl.com\/mobilapp\/wp-json\/wp\/v2\/comments?post=29098"}],"wp:featuredmedia":[{"embeddable":true,"href":"https:\/\/denizmtl.com\/mobilapp\/wp-json\/wp\/v2\/media\/29128"}],"wp:attachment":[{"href":"https:\/\/denizmtl.com\/mobilapp\/wp-json\/wp\/v2\/media?parent=29098"}],"wp:term":[{"taxonomy":"product_brand","embeddable":true,"href":"https:\/\/denizmtl.com\/mobilapp\/wp-json\/wp\/v2\/product_brand?post=29098"},{"taxonomy":"product_cat","embeddable":true,"href":"https:\/\/denizmtl.com\/mobilapp\/wp-json\/wp\/v2\/product_cat?post=29098"},{"taxonomy":"product_tag","embeddable":true,"href":"https:\/\/denizmtl.com\/mobilapp\/wp-json\/wp\/v2\/product_tag?post=29098"}],"curies":[{"name":"wp","href":"https:\/\/api.w.org\/{rel}","templated":true}]}}