{"id":29058,"date":"2025-08-14T11:35:10","date_gmt":"2025-08-14T08:35:10","guid":{"rendered":"https:\/\/denizmtl.com\/mobilapp\/?post_type=product&#038;p=29058"},"modified":"2025-08-14T11:35:25","modified_gmt":"2025-08-14T08:35:25","slug":"insize-mpi-cc20-floresan-manyetik-toz-konsantresi","status":"publish","type":"product","link":"https:\/\/denizmtl.com\/mobilapp\/urunler\/insize-mpi-cc20-floresan-manyetik-toz-konsantresi\/","title":{"rendered":"Insize MPI-CC20 Floresan Manyetik Toz Konsantresi"},"content":{"rendered":"","protected":false},"excerpt":{"rendered":"<ul>\n<li>\u0130yi depolama kararl\u0131l\u0131\u011f\u0131, hafif\u00e7e \u00e7alkalad\u0131ktan hemen sonra kullan\u0131labilir<\/li>\n<li>Manyetik s\u00fcspansiyonu haz\u0131rlamak i\u00e7in sadece su ile seyreltme yeterlidir, ek bir da\u011f\u0131t\u0131c\u0131ya gerek yoktur<\/li>\n<li>\u0130yi \u0131slanabilirlik, s\u00fcspansiyonun e\u015fit da\u011f\u0131l\u0131m\u0131, y\u00fcksek muayene do\u011frulu\u011fu<\/li>\n<li>\u0130yi dispersiyon kararl\u0131l\u0131\u011f\u0131, s\u00fcspansiyon konsantrasyonunda k\u00fc\u00e7\u00fck de\u011fi\u015fiklik, kullan\u0131m miktar\u0131n\u0131 azaltabilir<\/li>\n<li><a href=\"https:\/\/denizmtl.com\/wp-content\/uploads\/2025\/05\/MPI-CC20.pdf\"><strong>PDF i\u00e7in t\u0131klay\u0131n\u0131z.<\/strong><\/a><\/li>\n<\/ul>\n","protected":false},"author":1,"featured_media":29088,"comment_status":"open","ping_status":"closed","template":"","meta":[],"product_brand":[],"product_cat":[28],"product_tag":[],"class_list":{"0":"post-29058","1":"product","2":"type-product","3":"status-publish","4":"has-post-thumbnail","6":"product_cat-diger-olcu-aletleri","8":"first","9":"instock","10":"shipping-taxable","11":"product-type-simple"},"_links":{"self":[{"href":"https:\/\/denizmtl.com\/mobilapp\/wp-json\/wp\/v2\/product\/29058","targetHints":{"allow":["GET"]}}],"collection":[{"href":"https:\/\/denizmtl.com\/mobilapp\/wp-json\/wp\/v2\/product"}],"about":[{"href":"https:\/\/denizmtl.com\/mobilapp\/wp-json\/wp\/v2\/types\/product"}],"author":[{"embeddable":true,"href":"https:\/\/denizmtl.com\/mobilapp\/wp-json\/wp\/v2\/users\/1"}],"replies":[{"embeddable":true,"href":"https:\/\/denizmtl.com\/mobilapp\/wp-json\/wp\/v2\/comments?post=29058"}],"wp:featuredmedia":[{"embeddable":true,"href":"https:\/\/denizmtl.com\/mobilapp\/wp-json\/wp\/v2\/media\/29088"}],"wp:attachment":[{"href":"https:\/\/denizmtl.com\/mobilapp\/wp-json\/wp\/v2\/media?parent=29058"}],"wp:term":[{"taxonomy":"product_brand","embeddable":true,"href":"https:\/\/denizmtl.com\/mobilapp\/wp-json\/wp\/v2\/product_brand?post=29058"},{"taxonomy":"product_cat","embeddable":true,"href":"https:\/\/denizmtl.com\/mobilapp\/wp-json\/wp\/v2\/product_cat?post=29058"},{"taxonomy":"product_tag","embeddable":true,"href":"https:\/\/denizmtl.com\/mobilapp\/wp-json\/wp\/v2\/product_tag?post=29058"}],"curies":[{"name":"wp","href":"https:\/\/api.w.org\/{rel}","templated":true}]}}