{"id":29056,"date":"2025-08-14T11:35:09","date_gmt":"2025-08-14T08:35:09","guid":{"rendered":"https:\/\/denizmtl.com\/mobilapp\/?post_type=product&#038;p=29056"},"modified":"2025-10-02T17:45:03","modified_gmt":"2025-10-02T14:45:03","slug":"insize-tlp-c500-goruntulu-takim-sifirlama-cihazi","status":"publish","type":"product","link":"https:\/\/denizmtl.com\/mobilapp\/urunler\/insize-tlp-c500-goruntulu-takim-sifirlama-cihazi\/","title":{"rendered":"Insize TLP-C500 G\u00f6r\u00fcnt\u00fcl\u00fc Tak\u0131m S\u0131f\u0131rlama Cihaz\u0131"},"content":{"rendered":"","protected":false},"excerpt":{"rendered":"<ul>\n<li>Kesici tak\u0131mlar\u0131 kontrol edin, \u00f6nceden ayarlay\u0131n ve \u00f6l\u00e7\u00fcn<\/li>\n<li>Telesentrik lensli CCD kamera sistemi<\/li>\n<li>Dokunmatik ekran, kolay kullan\u0131m i\u00e7in k\u0131sayol simgeleri<\/li>\n<li>Granit platformu, daha kararl\u0131<\/li>\n<li>\u00c7izgileri, yaylar\u0131, a\u00e7\u0131lar\u0131 ve di\u011fer elemanlar\u0131 h\u0131zla \u00f6l\u00e7\u00fcn<\/li>\n<li>Resimler kaydedilebilir<\/li>\n<li>\u00d6l\u00e7\u00fcm modlar\u0131: mutlak, ba\u011f\u0131l ve art\u0131ml\u0131 \u00f6l\u00e7\u00fcm<\/li>\n<li>\u00d6l\u00e7\u00fcm raporlar\u0131 yazd\u0131r\u0131labilir<\/li>\n<li>Alet makinesiyle do\u011frudan eri\u015fim ve ileti\u015fim i\u00e7in sistem taramas\u0131n\u0131 destekleme<\/li>\n<li>Taray\u0131c\u0131 taraf\u0131ndan otomatik kesici tak\u0131m tan\u0131ma<\/li>\n<li><a href=\"https:\/\/denizmtl.com\/wp-content\/uploads\/2025\/05\/TLP-C500.pdf\"><strong>PDF i\u00e7in t\u0131klay\u0131n\u0131z.<\/strong><\/a><\/li>\n<\/ul>\n<p>&nbsp;<br \/>\n<a class=\"wp-iletim-button\" href=\"https:\/\/wa.me\/905422584189?text=Merhaba%2C%20https%3A%2F%2Fdenizmtl.com%2Fmobilapp%2Fwp-json%2Fwp%2Fv2%2Fproduct%2F29056%20sayfas%C4%B1ndaki%20%C3%BCr%C3%BCnle%20ilgili%20fiyat%20ve%20demo%20talep%20etmek%20istiyorum.\" target=\"_blank\" rel=\"noopener\" style=\"display:inline-block;padding:10px 16px;border-radius:6px;color:#fff;text-decoration:none;font-weight:600;background:#334862;\">F\u0130YAT VE DEMO TALEP ET<\/a>\n","protected":false},"author":1,"featured_media":29086,"comment_status":"open","ping_status":"closed","template":"","meta":[],"product_brand":[],"product_cat":[100],"product_tag":[],"class_list":{"0":"post-29056","1":"product","2":"type-product","3":"status-publish","4":"has-post-thumbnail","6":"product_cat-test-cihazlari","8":"first","9":"instock","10":"shipping-taxable","11":"product-type-simple"},"_links":{"self":[{"href":"https:\/\/denizmtl.com\/mobilapp\/wp-json\/wp\/v2\/product\/29056","targetHints":{"allow":["GET"]}}],"collection":[{"href":"https:\/\/denizmtl.com\/mobilapp\/wp-json\/wp\/v2\/product"}],"about":[{"href":"https:\/\/denizmtl.com\/mobilapp\/wp-json\/wp\/v2\/types\/product"}],"author":[{"embeddable":true,"href":"https:\/\/denizmtl.com\/mobilapp\/wp-json\/wp\/v2\/users\/1"}],"replies":[{"embeddable":true,"href":"https:\/\/denizmtl.com\/mobilapp\/wp-json\/wp\/v2\/comments?post=29056"}],"wp:featuredmedia":[{"embeddable":true,"href":"https:\/\/denizmtl.com\/mobilapp\/wp-json\/wp\/v2\/media\/29086"}],"wp:attachment":[{"href":"https:\/\/denizmtl.com\/mobilapp\/wp-json\/wp\/v2\/media?parent=29056"}],"wp:term":[{"taxonomy":"product_brand","embeddable":true,"href":"https:\/\/denizmtl.com\/mobilapp\/wp-json\/wp\/v2\/product_brand?post=29056"},{"taxonomy":"product_cat","embeddable":true,"href":"https:\/\/denizmtl.com\/mobilapp\/wp-json\/wp\/v2\/product_cat?post=29056"},{"taxonomy":"product_tag","embeddable":true,"href":"https:\/\/denizmtl.com\/mobilapp\/wp-json\/wp\/v2\/product_tag?post=29056"}],"curies":[{"name":"wp","href":"https:\/\/api.w.org\/{rel}","templated":true}]}}