{"id":29045,"date":"2025-08-14T11:35:07","date_gmt":"2025-08-14T08:35:07","guid":{"rendered":"https:\/\/denizmtl.com\/mobilapp\/?post_type=product&#038;p=29045"},"modified":"2025-08-14T11:35:18","modified_gmt":"2025-08-14T08:35:18","slug":"insize-gct-2400-hizli-tip-gaz-kromatografisi-rohs-20-prosedurune-uygun","status":"publish","type":"product","link":"https:\/\/denizmtl.com\/mobilapp\/urunler\/insize-gct-2400-hizli-tip-gaz-kromatografisi-rohs-20-prosedurune-uygun\/","title":{"rendered":"Insize GCT-2400 H\u0131zl\u0131 Tip Gaz Kromatografisi (Rohs 2,0 Prosed\u00fcr\u00fcne Uygun)"},"content":{"rendered":"","protected":false},"excerpt":{"rendered":"<ul>\n<li>Kullan\u0131m\u0131 kolayd\u0131r ve numune analizi i\u00e7in sadece 20 dakika gerekir<\/li>\n<li>Kullan\u0131m s\u0131ras\u0131nda numunelere dokunmaya gerek yoktur, kimyasal reaktifler kullan\u0131lmaz ve at\u0131k s\u0131v\u0131 veya gaz olu\u015fmaz<\/li>\n<li>Cihaz, s\u0131cakl\u0131\u011f\u0131 y\u00fcksek hassasiyet, y\u00fcksek g\u00fcvenilirlik ve anti-parazit ile kontrol etmek i\u00e7in bir mikrobilgisayar sistemi benimser<\/li>\n<li>Cihaz, verileri analiz etmek i\u00e7in ethernet ileti\u015fim aray\u00fcz\u00fcne sahip bir a\u011f uzaktan kumanda i\u015flevine sahiptir<\/li>\n<li><a href=\"https:\/\/denizmtl.com\/wp-content\/uploads\/2025\/05\/GCT-2400.pdf\"><strong>PDF i\u00e7in t\u0131klay\u0131n\u0131z.<\/strong><\/a><\/li>\n<\/ul>\n","protected":false},"author":1,"featured_media":29075,"comment_status":"open","ping_status":"closed","template":"","meta":[],"product_brand":[],"product_cat":[28],"product_tag":[],"class_list":{"0":"post-29045","1":"product","2":"type-product","3":"status-publish","4":"has-post-thumbnail","6":"product_cat-diger-olcu-aletleri","8":"first","9":"instock","10":"shipping-taxable","11":"product-type-simple"},"_links":{"self":[{"href":"https:\/\/denizmtl.com\/mobilapp\/wp-json\/wp\/v2\/product\/29045","targetHints":{"allow":["GET"]}}],"collection":[{"href":"https:\/\/denizmtl.com\/mobilapp\/wp-json\/wp\/v2\/product"}],"about":[{"href":"https:\/\/denizmtl.com\/mobilapp\/wp-json\/wp\/v2\/types\/product"}],"author":[{"embeddable":true,"href":"https:\/\/denizmtl.com\/mobilapp\/wp-json\/wp\/v2\/users\/1"}],"replies":[{"embeddable":true,"href":"https:\/\/denizmtl.com\/mobilapp\/wp-json\/wp\/v2\/comments?post=29045"}],"wp:featuredmedia":[{"embeddable":true,"href":"https:\/\/denizmtl.com\/mobilapp\/wp-json\/wp\/v2\/media\/29075"}],"wp:attachment":[{"href":"https:\/\/denizmtl.com\/mobilapp\/wp-json\/wp\/v2\/media?parent=29045"}],"wp:term":[{"taxonomy":"product_brand","embeddable":true,"href":"https:\/\/denizmtl.com\/mobilapp\/wp-json\/wp\/v2\/product_brand?post=29045"},{"taxonomy":"product_cat","embeddable":true,"href":"https:\/\/denizmtl.com\/mobilapp\/wp-json\/wp\/v2\/product_cat?post=29045"},{"taxonomy":"product_tag","embeddable":true,"href":"https:\/\/denizmtl.com\/mobilapp\/wp-json\/wp\/v2\/product_tag?post=29045"}],"curies":[{"name":"wp","href":"https:\/\/api.w.org\/{rel}","templated":true}]}}