{"id":29043,"date":"2025-08-14T11:35:06","date_gmt":"2025-08-14T08:35:06","guid":{"rendered":"https:\/\/denizmtl.com\/mobilapp\/?post_type=product&#038;p=29043"},"modified":"2025-10-02T17:45:02","modified_gmt":"2025-10-02T14:45:02","slug":"insize-tcm-dis-test-cihazi","status":"publish","type":"product","link":"https:\/\/denizmtl.com\/mobilapp\/urunler\/insize-tcm-dis-test-cihazi\/","title":{"rendered":"Insize TCM Di\u015f Test Cihaz\u0131"},"content":{"rendered":"","protected":false},"excerpt":{"rendered":"<ul>\n<li>GO, NO-GO ve di\u015f derinli\u011finin denetimi i\u00e7in<\/li>\n<li>\u0130plik kusurlar\u0131n\u0131n onar\u0131m\u0131 i\u00e7in kullan\u0131labilir<\/li>\n<li>Tork, daireler, OK ve NG say\u0131mlar\u0131n\u0131n ger\u00e7ek zamanl\u0131 g\u00f6sterimi<\/li>\n<li>NG di\u015fi alg\u0131lan\u0131rsa, sesli ve g\u00f6rsel alarm etkinle\u015ftirilir ve di\u015f \u00f6l\u00e7erden \u00e7\u0131kmak i\u00e7in motor otomatik olarak tersine \u00e7evrilir<\/li>\n<li>Farkl\u0131 di\u015f \u00f6l\u00e7\u00fcleri ve i\u015f par\u00e7as\u0131 fikst\u00fcrleri de\u011fi\u015ftirilebilir<\/li>\n<li>\u0130nd\u00fcksiyon anahtar\u0131n\u0131 ayarlayarak farkl\u0131 iplik uzunluklar\u0131 i\u00e7in<\/li>\n<li>DLC kaplamal\u0131 di\u015f g\u00f6stergeleri, m\u00fckemmel a\u015f\u0131nma direnci<\/li>\n<li>\u0130ste\u011fe ba\u011fl\u0131 aksesuarlar: di\u015f fi\u015fi g\u00f6stergeleri, di\u015f halkas\u0131 g\u00f6stergeleri, di\u015f g\u00f6stergesi fikst\u00fcrleri, \u00f6zel yap\u0131m i\u015f par\u00e7as\u0131 fikst\u00fcrleri, ayak anahtar\u0131 (kod TCM-01)<\/li>\n<li><a href=\"https:\/\/denizmtl.com\/wp-content\/uploads\/2025\/05\/TCM.pdf\"><strong>PDF i\u00e7in t\u0131klay\u0131n\u0131z.<\/strong><\/a><\/li>\n<\/ul>\n<p>&nbsp;<br \/>\n<a class=\"wp-iletim-button\" href=\"https:\/\/wa.me\/905422584189?text=Merhaba%2C%20https%3A%2F%2Fdenizmtl.com%2Fmobilapp%2Fwp-json%2Fwp%2Fv2%2Fproduct%2F29043%20sayfas%C4%B1ndaki%20%C3%BCr%C3%BCnle%20ilgili%20fiyat%20ve%20demo%20talep%20etmek%20istiyorum.\" target=\"_blank\" rel=\"noopener\" style=\"display:inline-block;padding:10px 16px;border-radius:6px;color:#fff;text-decoration:none;font-weight:600;background:#334862;\">F\u0130YAT VE DEMO TALEP ET<\/a>\n","protected":false},"author":1,"featured_media":29073,"comment_status":"open","ping_status":"closed","template":"","meta":[],"product_brand":[],"product_cat":[100],"product_tag":[],"class_list":{"0":"post-29043","1":"product","2":"type-product","3":"status-publish","4":"has-post-thumbnail","6":"product_cat-test-cihazlari","8":"first","9":"instock","10":"shipping-taxable","11":"product-type-simple"},"_links":{"self":[{"href":"https:\/\/denizmtl.com\/mobilapp\/wp-json\/wp\/v2\/product\/29043","targetHints":{"allow":["GET"]}}],"collection":[{"href":"https:\/\/denizmtl.com\/mobilapp\/wp-json\/wp\/v2\/product"}],"about":[{"href":"https:\/\/denizmtl.com\/mobilapp\/wp-json\/wp\/v2\/types\/product"}],"author":[{"embeddable":true,"href":"https:\/\/denizmtl.com\/mobilapp\/wp-json\/wp\/v2\/users\/1"}],"replies":[{"embeddable":true,"href":"https:\/\/denizmtl.com\/mobilapp\/wp-json\/wp\/v2\/comments?post=29043"}],"wp:featuredmedia":[{"embeddable":true,"href":"https:\/\/denizmtl.com\/mobilapp\/wp-json\/wp\/v2\/media\/29073"}],"wp:attachment":[{"href":"https:\/\/denizmtl.com\/mobilapp\/wp-json\/wp\/v2\/media?parent=29043"}],"wp:term":[{"taxonomy":"product_brand","embeddable":true,"href":"https:\/\/denizmtl.com\/mobilapp\/wp-json\/wp\/v2\/product_brand?post=29043"},{"taxonomy":"product_cat","embeddable":true,"href":"https:\/\/denizmtl.com\/mobilapp\/wp-json\/wp\/v2\/product_cat?post=29043"},{"taxonomy":"product_tag","embeddable":true,"href":"https:\/\/denizmtl.com\/mobilapp\/wp-json\/wp\/v2\/product_tag?post=29043"}],"curies":[{"name":"wp","href":"https:\/\/api.w.org\/{rel}","templated":true}]}}