{"id":28990,"date":"2025-08-14T11:34:42","date_gmt":"2025-08-14T08:34:42","guid":{"rendered":"https:\/\/denizmtl.com\/mobilapp\/?post_type=product&#038;p=28990"},"modified":"2025-10-02T17:45:01","modified_gmt":"2025-10-02T14:45:01","slug":"insize-isq-m-uzunluk-kalibratoru-motorize-ve-manuel-tip","status":"publish","type":"product","link":"https:\/\/denizmtl.com\/mobilapp\/urunler\/insize-isq-m-uzunluk-kalibratoru-motorize-ve-manuel-tip\/","title":{"rendered":"Insize ISQ-M Uzunluk Kalibrat\u00f6r\u00fc (Motorize ve Manuel Tip)"},"content":{"rendered":"","protected":false},"excerpt":{"rendered":"<ul>\n<li>Delik \u00f6l\u00e7\u00fcm aletleri, \u00e7ok i\u015flevli kumpaslar, i\u00e7\/d\u0131\u015f \u00e7entik \u00f6l\u00e7\u00fcm aletleri, \u00fc\u00e7 noktal\u0131 i\u00e7 mikrometreler, boru \u015feklindeki i\u00e7 mikrometreler, kumpaslar, mikrometreler vb. gibi \u00e7e\u015fitli \u00f6l\u00e7\u00fcm aletlerini ayarlamak ve kalibre etmek i\u00e7in kullan\u0131l\u0131r.<\/li>\n<li>\u0130\u015f par\u00e7alar\u0131n\u0131 \u00f6l\u00e7mek i\u00e7in manuel mod kullan\u0131labilir<\/li>\n<li>100 pozisyona kadar (OD + ID) depolar<\/li>\n<li>Herhangi bir pozisyonu \u00f6nceden ayarlayabilir ve kaydedebilirsiniz<\/li>\n<li>Ad\u0131m mesafesini ayarlayabilir ve s\u00fcrekli hareket edebilirsiniz<\/li>\n<li>Dahili \u00e7elik \u015ferit \u0131zgara cetveli, \u00e7elik i\u015f par\u00e7as\u0131yla ayn\u0131 s\u0131cakl\u0131k genle\u015fme katsay\u0131s\u0131na sahiptir, bu nedenle uzunluk \u00f6n ayarlay\u0131c\u0131lar\u0131 at\u00f6lyelerde kullan\u0131labilir<\/li>\n<li>Modbus protokol\u00fc arac\u0131l\u0131\u011f\u0131yla bilgisayarlara ba\u011flan\u0131n<\/li>\n<li><a href=\"https:\/\/denizmtl.com\/wp-content\/uploads\/2025\/05\/ISQ-M.pdf\"><strong>PDF i\u00e7in t\u0131klay\u0131n\u0131z.<\/strong><\/a><\/li>\n<\/ul>\n<p>&nbsp;<br \/>\n<a class=\"wp-iletim-button\" href=\"https:\/\/wa.me\/905422584189?text=Merhaba%2C%20https%3A%2F%2Fdenizmtl.com%2Fmobilapp%2Fwp-json%2Fwp%2Fv2%2Fproduct%2F28990%20sayfas%C4%B1ndaki%20%C3%BCr%C3%BCnle%20ilgili%20fiyat%20ve%20demo%20talep%20etmek%20istiyorum.\" target=\"_blank\" rel=\"noopener\" style=\"display:inline-block;padding:10px 16px;border-radius:6px;color:#fff;text-decoration:none;font-weight:600;background:#334862;\">F\u0130YAT VE DEMO TALEP ET<\/a>\n","protected":false},"author":1,"featured_media":29020,"comment_status":"open","ping_status":"closed","template":"","meta":[],"product_brand":[],"product_cat":[117,100],"product_tag":[],"class_list":{"0":"post-28990","1":"product","2":"type-product","3":"status-publish","4":"has-post-thumbnail","6":"product_cat-olcum-setleri","7":"product_cat-test-cihazlari","9":"first","10":"instock","11":"shipping-taxable","12":"product-type-simple"},"_links":{"self":[{"href":"https:\/\/denizmtl.com\/mobilapp\/wp-json\/wp\/v2\/product\/28990","targetHints":{"allow":["GET"]}}],"collection":[{"href":"https:\/\/denizmtl.com\/mobilapp\/wp-json\/wp\/v2\/product"}],"about":[{"href":"https:\/\/denizmtl.com\/mobilapp\/wp-json\/wp\/v2\/types\/product"}],"author":[{"embeddable":true,"href":"https:\/\/denizmtl.com\/mobilapp\/wp-json\/wp\/v2\/users\/1"}],"replies":[{"embeddable":true,"href":"https:\/\/denizmtl.com\/mobilapp\/wp-json\/wp\/v2\/comments?post=28990"}],"wp:featuredmedia":[{"embeddable":true,"href":"https:\/\/denizmtl.com\/mobilapp\/wp-json\/wp\/v2\/media\/29020"}],"wp:attachment":[{"href":"https:\/\/denizmtl.com\/mobilapp\/wp-json\/wp\/v2\/media?parent=28990"}],"wp:term":[{"taxonomy":"product_brand","embeddable":true,"href":"https:\/\/denizmtl.com\/mobilapp\/wp-json\/wp\/v2\/product_brand?post=28990"},{"taxonomy":"product_cat","embeddable":true,"href":"https:\/\/denizmtl.com\/mobilapp\/wp-json\/wp\/v2\/product_cat?post=28990"},{"taxonomy":"product_tag","embeddable":true,"href":"https:\/\/denizmtl.com\/mobilapp\/wp-json\/wp\/v2\/product_tag?post=28990"}],"curies":[{"name":"wp","href":"https:\/\/api.w.org\/{rel}","templated":true}]}}