{"id":28980,"date":"2025-08-14T11:34:40","date_gmt":"2025-08-14T08:34:40","guid":{"rendered":"https:\/\/denizmtl.com\/mobilapp\/?post_type=product&#038;p=28980"},"modified":"2025-08-14T11:34:49","modified_gmt":"2025-08-14T08:34:49","slug":"insize-ufd-cs1-5-ultrasonik-hata-tespiti-icin-standart-test-blogu","status":"publish","type":"product","link":"https:\/\/denizmtl.com\/mobilapp\/urunler\/insize-ufd-cs1-5-ultrasonik-hata-tespiti-icin-standart-test-blogu\/","title":{"rendered":"Insize UFD-CS1-5 Ultrasonik Hata Tespiti \u0130\u00e7in Standart Test Blo\u011fu"},"content":{"rendered":"","protected":false},"excerpt":{"rendered":"<ul>\n<li>Test blo\u011fu, d\u00fcz probun ve cihaz\u0131n kapsaml\u0131 performanslar\u0131n\u0131n hassasiyet s\u0131n\u0131rlar\u0131n\u0131 belirlemek, kusur tespitinin hassasiyetini ayarlamak, kusurlar\u0131n boyutlar\u0131n\u0131 belirlemek ve performans g\u00f6stergelerini ve \u015fekillerini (\u00f6rne\u011fin, cihaz\u0131n dikey do\u011frusall\u0131\u011f\u0131) belirlemek i\u00e7in kullan\u0131l\u0131r.<br \/>\n<a href=\"https:\/\/denizmtl.com\/wp-content\/uploads\/2025\/04\/UFD-CS1-5.pdf\"><strong>PDF i\u00e7in t\u0131klay\u0131n\u0131z.\u00a0<\/strong><\/a><\/li>\n<\/ul>\n","protected":false},"author":1,"featured_media":29010,"comment_status":"open","ping_status":"closed","template":"","meta":[],"product_brand":[],"product_cat":[28],"product_tag":[],"class_list":{"0":"post-28980","1":"product","2":"type-product","3":"status-publish","4":"has-post-thumbnail","6":"product_cat-diger-olcu-aletleri","8":"first","9":"instock","10":"shipping-taxable","11":"product-type-simple"},"_links":{"self":[{"href":"https:\/\/denizmtl.com\/mobilapp\/wp-json\/wp\/v2\/product\/28980","targetHints":{"allow":["GET"]}}],"collection":[{"href":"https:\/\/denizmtl.com\/mobilapp\/wp-json\/wp\/v2\/product"}],"about":[{"href":"https:\/\/denizmtl.com\/mobilapp\/wp-json\/wp\/v2\/types\/product"}],"author":[{"embeddable":true,"href":"https:\/\/denizmtl.com\/mobilapp\/wp-json\/wp\/v2\/users\/1"}],"replies":[{"embeddable":true,"href":"https:\/\/denizmtl.com\/mobilapp\/wp-json\/wp\/v2\/comments?post=28980"}],"wp:featuredmedia":[{"embeddable":true,"href":"https:\/\/denizmtl.com\/mobilapp\/wp-json\/wp\/v2\/media\/29010"}],"wp:attachment":[{"href":"https:\/\/denizmtl.com\/mobilapp\/wp-json\/wp\/v2\/media?parent=28980"}],"wp:term":[{"taxonomy":"product_brand","embeddable":true,"href":"https:\/\/denizmtl.com\/mobilapp\/wp-json\/wp\/v2\/product_brand?post=28980"},{"taxonomy":"product_cat","embeddable":true,"href":"https:\/\/denizmtl.com\/mobilapp\/wp-json\/wp\/v2\/product_cat?post=28980"},{"taxonomy":"product_tag","embeddable":true,"href":"https:\/\/denizmtl.com\/mobilapp\/wp-json\/wp\/v2\/product_tag?post=28980"}],"curies":[{"name":"wp","href":"https:\/\/api.w.org\/{rel}","templated":true}]}}