{"id":28942,"date":"2025-08-14T11:34:20","date_gmt":"2025-08-14T08:34:20","guid":{"rendered":"https:\/\/denizmtl.com\/mobilapp\/?post_type=product&#038;p=28942"},"modified":"2025-08-14T11:34:35","modified_gmt":"2025-08-14T08:34:35","slug":"insize-hes-e-akim-kontrollu-akilli-elektrikli-tornavida","status":"publish","type":"product","link":"https:\/\/denizmtl.com\/mobilapp\/urunler\/insize-hes-e-akim-kontrollu-akilli-elektrikli-tornavida\/","title":{"rendered":"Insize HES-E Ak\u0131m Kontroll\u00fc Ak\u0131ll\u0131 Elektrikli Tornavida"},"content":{"rendered":"","protected":false},"excerpt":{"rendered":"<ul>\n<li>Y\u00fcksek verimli \u0131s\u0131 da\u011f\u0131l\u0131m\u0131 ayar\u0131, ultra d\u00fc\u015f\u00fck g\u00fcr\u00fclt\u00fc kullan\u0131m\u0131<\/li>\n<li>Kal\u0131c\u0131 m\u0131knat\u0131sl\u0131 senkron servo motor ve y\u00fcksek hassasiyetli red\u00fckt\u00f6r g\u00fc\u00e7 aktar\u0131m mekanizmas\u0131<\/li>\n<li>Y\u00fcksek hassasiyetli a\u00e7\u0131 sens\u00f6r\u00fc (\u00e7\u00f6z\u00fcn\u00fcrl\u00fck 1\u00b0) ve kilitleme durumunun iki renkli LED g\u00f6stergesi<\/li>\n<li>G\u00fcvenlik seviyesi GB3883\/IEC60745 ve di\u011fer standartlar\u0131n ilgili h\u00fck\u00fcmlerine uygundur<\/li>\n<li>12 g\u00f6rev modu, her g\u00f6rev 8 farkl\u0131 tork parametresiyle yap\u0131land\u0131r\u0131labilir<\/li>\n<li>Kilitli veriler sabit diskteki EXCEL&#8217;de 600 g\u00fcn boyunca saklan\u0131r<\/li>\n<li>Tork, a\u00e7\u0131 ve h\u0131z\u0131n hassas kontrol\u00fc i\u00e7in dahili servo tahrik<\/li>\n<li>S\u00fcre\u00e7 optimizasyonu ve te\u015fhisi i\u00e7in grafiksel ara\u00e7 sa\u011flay\u0131n<\/li>\n<li>Proses kontrol\u00fc ve veri iletimi i\u00e7in programlanabilir IO ve RS485 ileti\u015fim portu sa\u011flay\u0131n<\/li>\n<li>Yard\u0131mc\u0131 operasyon i\u00e7in fiziksel d\u00fc\u011fmeler ve LED \u0131\u015f\u0131klarla izleniyorlar<\/li>\n<li><a href=\"https:\/\/denizmtl.com\/wp-content\/uploads\/2025\/04\/HES-E.pdf\"><strong>PDF i\u00e7in t\u0131klay\u0131n\u0131z.<\/strong><\/a><\/li>\n<\/ul>\n<p><!--more--><\/p>\n","protected":false},"author":1,"featured_media":28972,"comment_status":"open","ping_status":"closed","template":"","meta":[],"product_brand":[],"product_cat":[28],"product_tag":[],"class_list":{"0":"post-28942","1":"product","2":"type-product","3":"status-publish","4":"has-post-thumbnail","6":"product_cat-diger-olcu-aletleri","8":"first","9":"instock","10":"shipping-taxable","11":"product-type-simple"},"_links":{"self":[{"href":"https:\/\/denizmtl.com\/mobilapp\/wp-json\/wp\/v2\/product\/28942","targetHints":{"allow":["GET"]}}],"collection":[{"href":"https:\/\/denizmtl.com\/mobilapp\/wp-json\/wp\/v2\/product"}],"about":[{"href":"https:\/\/denizmtl.com\/mobilapp\/wp-json\/wp\/v2\/types\/product"}],"author":[{"embeddable":true,"href":"https:\/\/denizmtl.com\/mobilapp\/wp-json\/wp\/v2\/users\/1"}],"replies":[{"embeddable":true,"href":"https:\/\/denizmtl.com\/mobilapp\/wp-json\/wp\/v2\/comments?post=28942"}],"wp:featuredmedia":[{"embeddable":true,"href":"https:\/\/denizmtl.com\/mobilapp\/wp-json\/wp\/v2\/media\/28972"}],"wp:attachment":[{"href":"https:\/\/denizmtl.com\/mobilapp\/wp-json\/wp\/v2\/media?parent=28942"}],"wp:term":[{"taxonomy":"product_brand","embeddable":true,"href":"https:\/\/denizmtl.com\/mobilapp\/wp-json\/wp\/v2\/product_brand?post=28942"},{"taxonomy":"product_cat","embeddable":true,"href":"https:\/\/denizmtl.com\/mobilapp\/wp-json\/wp\/v2\/product_cat?post=28942"},{"taxonomy":"product_tag","embeddable":true,"href":"https:\/\/denizmtl.com\/mobilapp\/wp-json\/wp\/v2\/product_tag?post=28942"}],"curies":[{"name":"wp","href":"https:\/\/api.w.org\/{rel}","templated":true}]}}