{"id":28937,"date":"2025-08-14T11:34:19","date_gmt":"2025-08-14T08:34:19","guid":{"rendered":"https:\/\/denizmtl.com\/mobilapp\/?post_type=product&#038;p=28937"},"modified":"2025-08-14T11:34:33","modified_gmt":"2025-08-14T08:34:33","slug":"insize-itm-br-darbe-test-bloklari","status":"publish","type":"product","link":"https:\/\/denizmtl.com\/mobilapp\/urunler\/insize-itm-br-darbe-test-bloklari\/","title":{"rendered":"Insize ITM-BR Darbe Test Bloklar\u0131"},"content":{"rendered":"","protected":false},"excerpt":{"rendered":"<ul>\n<li>Darbe test makinesinin \u00f6l\u00e7\u00fcm do\u011frulu\u011funu do\u011fru bir \u015fekilde de\u011ferlendiremeyen do\u011frudan test y\u00f6nteminin kusurlar\u0131ndan ka\u00e7\u0131n\u0131labilir<\/li>\n<li>Darbe test makinesinin \u00f6l\u00e7\u00fcm \u00f6zelliklerini kapsaml\u0131 bir \u015fekilde do\u011frulayabilir<\/li>\n<li>Darbe test makinesinin \u00f6l\u00e7\u00fclen de\u011ferinin do\u011frulu\u011funu nicel olarak do\u011frulayabilir<\/li>\n<li>Test makinesinin belirsizli\u011fini de\u011ferlendirme yetene\u011fi<\/li>\n<li>55\u00d710\u00d710mm ebatlar\u0131nda, ulusal standart R2 ve Amerikan standard\u0131 R8 olmak \u00fczere iki spesifikasyonu bulunmaktad\u0131r.<\/li>\n<li>\u00dcretici muayene sertifikas\u0131yla birlikte tedarik edilir<\/li>\n<li><a href=\"https:\/\/denizmtl.com\/wp-content\/uploads\/2025\/04\/ITM-BR.pdf\"><strong>PDF i\u00e7in t\u0131klay\u0131n\u0131z.<\/strong><\/a><\/li>\n<\/ul>\n","protected":false},"author":1,"featured_media":28967,"comment_status":"open","ping_status":"closed","template":"","meta":[],"product_brand":[],"product_cat":[28],"product_tag":[],"class_list":{"0":"post-28937","1":"product","2":"type-product","3":"status-publish","4":"has-post-thumbnail","6":"product_cat-diger-olcu-aletleri","8":"first","9":"instock","10":"shipping-taxable","11":"product-type-simple"},"_links":{"self":[{"href":"https:\/\/denizmtl.com\/mobilapp\/wp-json\/wp\/v2\/product\/28937","targetHints":{"allow":["GET"]}}],"collection":[{"href":"https:\/\/denizmtl.com\/mobilapp\/wp-json\/wp\/v2\/product"}],"about":[{"href":"https:\/\/denizmtl.com\/mobilapp\/wp-json\/wp\/v2\/types\/product"}],"author":[{"embeddable":true,"href":"https:\/\/denizmtl.com\/mobilapp\/wp-json\/wp\/v2\/users\/1"}],"replies":[{"embeddable":true,"href":"https:\/\/denizmtl.com\/mobilapp\/wp-json\/wp\/v2\/comments?post=28937"}],"wp:featuredmedia":[{"embeddable":true,"href":"https:\/\/denizmtl.com\/mobilapp\/wp-json\/wp\/v2\/media\/28967"}],"wp:attachment":[{"href":"https:\/\/denizmtl.com\/mobilapp\/wp-json\/wp\/v2\/media?parent=28937"}],"wp:term":[{"taxonomy":"product_brand","embeddable":true,"href":"https:\/\/denizmtl.com\/mobilapp\/wp-json\/wp\/v2\/product_brand?post=28937"},{"taxonomy":"product_cat","embeddable":true,"href":"https:\/\/denizmtl.com\/mobilapp\/wp-json\/wp\/v2\/product_cat?post=28937"},{"taxonomy":"product_tag","embeddable":true,"href":"https:\/\/denizmtl.com\/mobilapp\/wp-json\/wp\/v2\/product_tag?post=28937"}],"curies":[{"name":"wp","href":"https:\/\/api.w.org\/{rel}","templated":true}]}}