{"id":28927,"date":"2025-08-14T11:34:16","date_gmt":"2025-08-14T08:34:16","guid":{"rendered":"https:\/\/denizmtl.com\/mobilapp\/?post_type=product&#038;p=28927"},"modified":"2025-08-14T11:34:28","modified_gmt":"2025-08-14T08:34:28","slug":"insize-mpi-cx50-ayarlanabilir-frekansli-manyetik-toz-sistemli-hata-dedektoru","status":"publish","type":"product","link":"https:\/\/denizmtl.com\/mobilapp\/urunler\/insize-mpi-cx50-ayarlanabilir-frekansli-manyetik-toz-sistemli-hata-dedektoru\/","title":{"rendered":"Insize MPI-CX50 Ayarlanabilir Frekansl\u0131 Manyetik Toz Sistemli Hata Dedekt\u00f6r\u00fc"},"content":{"rendered":"","protected":false},"excerpt":{"rendered":"<ul>\n<li>Y\u00fczeyden yakla\u015f\u0131k 8 mm derinli\u011fe kadar yapay \u00e7atlaklar\u0131n tespitine olanak sa\u011flayan manyetik alan\u0131n derin penetrasyonu<\/li>\n<li>Y\u00fczeyinde ince boya, kaplama veya di\u011fer kaplamalar bulunan ferromanyetik malzemelerden yap\u0131lm\u0131\u015f i\u015f par\u00e7alar\u0131 i\u00e7in, herhangi bir i\u015flem yap\u0131lmadan kusur tespiti yap\u0131labilir<\/li>\n<li>Faz invert\u00f6r ak\u0131m\u0131n\u0131 d\u00fczenlemek i\u00e7in dijital MCU kullanan m\u0131knat\u0131slanma ak\u0131m\u0131, kusur tespitinden sonra manyetikli\u011fin giderilmesine gerek yoktur<\/li>\n<li>D\u00fc\u015f\u00fck bekleme enerjisi t\u00fcketimi, y\u00fcksek verimlilik, ayarlanabilir frekans<\/li>\n<li>Kompakt boyut, hafif a\u011f\u0131rl\u0131k, ta\u015f\u0131nabilir tip<\/li>\n<li><a href=\"https:\/\/denizmtl.com\/wp-content\/uploads\/2025\/04\/MPI-CX50.pdf\"><strong>PDF i\u00e7in t\u0131klay\u0131n\u0131z.<\/strong><\/a><\/li>\n<\/ul>\n","protected":false},"author":1,"featured_media":28957,"comment_status":"open","ping_status":"closed","template":"","meta":[],"product_brand":[],"product_cat":[28,117],"product_tag":[],"class_list":{"0":"post-28927","1":"product","2":"type-product","3":"status-publish","4":"has-post-thumbnail","6":"product_cat-diger-olcu-aletleri","7":"product_cat-olcum-setleri","9":"first","10":"instock","11":"shipping-taxable","12":"product-type-simple"},"_links":{"self":[{"href":"https:\/\/denizmtl.com\/mobilapp\/wp-json\/wp\/v2\/product\/28927","targetHints":{"allow":["GET"]}}],"collection":[{"href":"https:\/\/denizmtl.com\/mobilapp\/wp-json\/wp\/v2\/product"}],"about":[{"href":"https:\/\/denizmtl.com\/mobilapp\/wp-json\/wp\/v2\/types\/product"}],"author":[{"embeddable":true,"href":"https:\/\/denizmtl.com\/mobilapp\/wp-json\/wp\/v2\/users\/1"}],"replies":[{"embeddable":true,"href":"https:\/\/denizmtl.com\/mobilapp\/wp-json\/wp\/v2\/comments?post=28927"}],"wp:featuredmedia":[{"embeddable":true,"href":"https:\/\/denizmtl.com\/mobilapp\/wp-json\/wp\/v2\/media\/28957"}],"wp:attachment":[{"href":"https:\/\/denizmtl.com\/mobilapp\/wp-json\/wp\/v2\/media?parent=28927"}],"wp:term":[{"taxonomy":"product_brand","embeddable":true,"href":"https:\/\/denizmtl.com\/mobilapp\/wp-json\/wp\/v2\/product_brand?post=28927"},{"taxonomy":"product_cat","embeddable":true,"href":"https:\/\/denizmtl.com\/mobilapp\/wp-json\/wp\/v2\/product_cat?post=28927"},{"taxonomy":"product_tag","embeddable":true,"href":"https:\/\/denizmtl.com\/mobilapp\/wp-json\/wp\/v2\/product_tag?post=28927"}],"curies":[{"name":"wp","href":"https:\/\/api.w.org\/{rel}","templated":true}]}}