{"id":28860,"date":"2025-08-14T11:33:50","date_gmt":"2025-08-14T08:33:50","guid":{"rendered":"https:\/\/denizmtl.com\/mobilapp\/?post_type=product&#038;p=28860"},"modified":"2025-08-14T11:33:59","modified_gmt":"2025-08-14T08:33:59","slug":"insize-isu-710d-ultrasonik-kalinlik-olcme-cihazi","status":"publish","type":"product","link":"https:\/\/denizmtl.com\/mobilapp\/urunler\/insize-isu-710d-ultrasonik-kalinlik-olcme-cihazi\/","title":{"rendered":"Insize ISU-710D Ultrasonik Kal\u0131nl\u0131k \u00d6l\u00e7me Cihaz\u0131"},"content":{"rendered":"","protected":false},"excerpt":{"rendered":"<ul>\n<li>Organik malzemelerden yap\u0131lm\u0131\u015f kal\u0131n i\u015f par\u00e7alar\u0131 i\u00e7in<\/li>\n<li>Dalga formu \u00fczerinden yap\u0131lan bir tarama, yanl\u0131\u015f \u00f6l\u00e7\u00fcm\u00fc \u00f6nlemek i\u00e7in i\u00e7eride kirlilik, g\u00f6zenek, \u00e7atlak vb. olup olmad\u0131\u011f\u0131n\u0131 de\u011ferlendirir.<\/li>\n<li>B taramas\u0131, s\u00fcrekli \u00f6l\u00e7\u00fcm yapar, kal\u0131nl\u0131k de\u011fi\u015fimini ekranda g\u00f6sterir<\/li>\n<li>Transd\u00fcserler otomatik olarak tan\u0131mlanabilir ve s\u0131f\u0131rlanabilir<\/li>\n<li>Haf\u0131za 10000 \u00f6l\u00e7\u00fcm de\u011feri<\/li>\n<li>Veriler Excel ve Word&#8217;e klavye sinyali olarak girilebilir<\/li>\n<li>Otomatik veya manuel \u00f6l\u00e7\u00fcm<\/li>\n<li>Transd\u00fcserler i\u015f par\u00e7alar\u0131ndan \u00e7\u0131kar\u0131ld\u0131\u011f\u0131nda, \u00f6l\u00e7\u00fcm verileri kolay g\u00f6r\u00fcnt\u00fcleme i\u00e7in ekranda tutulur<\/li>\n<li>Tolerans d\u0131\u015f\u0131na \u00e7\u0131k\u0131ld\u0131\u011f\u0131nda alarm i\u00e7in \u00fcst ve alt limitleri ayarlay\u0131n<\/li>\n<li>Otomatik kapanma<\/li>\n<li><a href=\"https:\/\/denizmtl.com\/wp-content\/uploads\/2025\/04\/ISU-710D.pdf\"><strong>PDF i\u00e7in t\u0131klay\u0131n\u0131z.<\/strong><\/a><\/li>\n<\/ul>\n","protected":false},"author":1,"featured_media":28890,"comment_status":"open","ping_status":"closed","template":"","meta":[],"product_brand":[],"product_cat":[28],"product_tag":[],"class_list":{"0":"post-28860","1":"product","2":"type-product","3":"status-publish","4":"has-post-thumbnail","6":"product_cat-diger-olcu-aletleri","8":"first","9":"instock","10":"shipping-taxable","11":"product-type-simple"},"_links":{"self":[{"href":"https:\/\/denizmtl.com\/mobilapp\/wp-json\/wp\/v2\/product\/28860","targetHints":{"allow":["GET"]}}],"collection":[{"href":"https:\/\/denizmtl.com\/mobilapp\/wp-json\/wp\/v2\/product"}],"about":[{"href":"https:\/\/denizmtl.com\/mobilapp\/wp-json\/wp\/v2\/types\/product"}],"author":[{"embeddable":true,"href":"https:\/\/denizmtl.com\/mobilapp\/wp-json\/wp\/v2\/users\/1"}],"replies":[{"embeddable":true,"href":"https:\/\/denizmtl.com\/mobilapp\/wp-json\/wp\/v2\/comments?post=28860"}],"wp:featuredmedia":[{"embeddable":true,"href":"https:\/\/denizmtl.com\/mobilapp\/wp-json\/wp\/v2\/media\/28890"}],"wp:attachment":[{"href":"https:\/\/denizmtl.com\/mobilapp\/wp-json\/wp\/v2\/media?parent=28860"}],"wp:term":[{"taxonomy":"product_brand","embeddable":true,"href":"https:\/\/denizmtl.com\/mobilapp\/wp-json\/wp\/v2\/product_brand?post=28860"},{"taxonomy":"product_cat","embeddable":true,"href":"https:\/\/denizmtl.com\/mobilapp\/wp-json\/wp\/v2\/product_cat?post=28860"},{"taxonomy":"product_tag","embeddable":true,"href":"https:\/\/denizmtl.com\/mobilapp\/wp-json\/wp\/v2\/product_tag?post=28860"}],"curies":[{"name":"wp","href":"https:\/\/api.w.org\/{rel}","templated":true}]}}