{"id":28855,"date":"2025-08-14T11:33:49","date_gmt":"2025-08-14T08:33:49","guid":{"rendered":"https:\/\/denizmtl.com\/mobilapp\/?post_type=product&#038;p=28855"},"modified":"2025-10-02T17:44:56","modified_gmt":"2025-10-02T14:44:56","slug":"insize-5402-tc21-kaplama-kalinligi-olcum-cihazi-gelismis-tip","status":"publish","type":"product","link":"https:\/\/denizmtl.com\/mobilapp\/urunler\/insize-5402-tc21-kaplama-kalinligi-olcum-cihazi-gelismis-tip\/","title":{"rendered":"Insize 5402-TC21 Kaplama Kal\u0131nl\u0131\u011f\u0131 \u00d6l\u00e7\u00fcm Cihaz\u0131 (Geli\u015fmi\u015f Tip)"},"content":{"rendered":"","protected":false},"excerpt":{"rendered":"<ul>\n<li>Manyetik ind\u00fcksiyon probu (FM), manyetik metal alt tabaka \u00fczerindeki manyetik olmayan kaplaman\u0131n ve metalik olmayan kaplaman\u0131n kal\u0131nl\u0131\u011f\u0131n\u0131 \u00f6l\u00e7er.<\/li>\n<li>Alt tabaka: \u00e7elik, demir, ala\u015f\u0131m, sert manyetik \u00e7elik, vb.<\/li>\n<li>Kaplama: \u00c7inko, al\u00fcminyum, krom, bak\u0131r, kau\u00e7uk, boya vb.<\/li>\n<li>Eddy ak\u0131m\u0131 probu (NM), manyetik olmayan metal alt tabaka \u00fczerindeki iletken olmayan kaplaman\u0131n kal\u0131nl\u0131\u011f\u0131n\u0131 \u00f6l\u00e7er.<\/li>\n<li>Alt tabaka: bak\u0131r, al\u00fcminyum, \u00e7inko, kalay vb.<\/li>\n<li>Kaplama: kau\u00e7uk, boya, plastik, eloksal film vb.<\/li>\n<li>Ger\u00e7ek zamanl\u0131 s\u0131cakl\u0131k telafisi y\u00fcksek do\u011frulu\u011fu garanti eder, ince kaplama ve 20 \u00b5m&#8217;den daha ince oksit tabakas\u0131 do\u011fru bir \u015fekilde \u00f6l\u00e7\u00fclebilir<\/li>\n<li>Elektromanyetik giri\u015fimin ve elden \u00e7al\u0131\u015ft\u0131rman\u0131n etkilerini azalt\u0131r<\/li>\n<li>Prob a\u015f\u0131nmadan sonra yeniden e\u015fle\u015ftirilebilir<\/li>\n<li>Ayarlanabilir alarm e\u015fi\u011fi ile tolerans \u00f6l\u00e7\u00fcm\u00fc<\/li>\n<li>Ger\u00e7ek zamanl\u0131 veri iletimi ve \u00e7evrimi\u00e7i \u00f6l\u00e7\u00fcm i\u00e7in USB ve bluetooth aray\u00fcz\u00fc<\/li>\n<li>Kaplin durumu g\u00f6stergesi<\/li>\n<li>Destek kablosu yaz\u0131c\u0131s\u0131<\/li>\n<li><a href=\"https:\/\/denizmtl.com\/wp-content\/uploads\/2025\/04\/5402-TC21.pdf\"><strong>PDF i\u00e7in t\u0131klay\u0131n\u0131z.<\/strong><\/a><\/li>\n<\/ul>\n<p>&nbsp;<br \/>\n<a class=\"wp-iletim-button\" href=\"https:\/\/wa.me\/905422584189?text=Merhaba%2C%20https%3A%2F%2Fdenizmtl.com%2Fmobilapp%2Fwp-json%2Fwp%2Fv2%2Fproduct%2F28855%20sayfas%C4%B1ndaki%20%C3%BCr%C3%BCnle%20ilgili%20fiyat%20ve%20demo%20talep%20etmek%20istiyorum.\" target=\"_blank\" rel=\"noopener\" style=\"display:inline-block;padding:10px 16px;border-radius:6px;color:#fff;text-decoration:none;font-weight:600;background:#334862;\">F\u0130YAT VE DEMO TALEP ET<\/a>\n","protected":false},"author":1,"featured_media":28885,"comment_status":"open","ping_status":"closed","template":"","meta":[],"product_brand":[],"product_cat":[28,100],"product_tag":[],"class_list":{"0":"post-28855","1":"product","2":"type-product","3":"status-publish","4":"has-post-thumbnail","6":"product_cat-diger-olcu-aletleri","7":"product_cat-test-cihazlari","9":"first","10":"instock","11":"shipping-taxable","12":"product-type-simple"},"_links":{"self":[{"href":"https:\/\/denizmtl.com\/mobilapp\/wp-json\/wp\/v2\/product\/28855","targetHints":{"allow":["GET"]}}],"collection":[{"href":"https:\/\/denizmtl.com\/mobilapp\/wp-json\/wp\/v2\/product"}],"about":[{"href":"https:\/\/denizmtl.com\/mobilapp\/wp-json\/wp\/v2\/types\/product"}],"author":[{"embeddable":true,"href":"https:\/\/denizmtl.com\/mobilapp\/wp-json\/wp\/v2\/users\/1"}],"replies":[{"embeddable":true,"href":"https:\/\/denizmtl.com\/mobilapp\/wp-json\/wp\/v2\/comments?post=28855"}],"wp:featuredmedia":[{"embeddable":true,"href":"https:\/\/denizmtl.com\/mobilapp\/wp-json\/wp\/v2\/media\/28885"}],"wp:attachment":[{"href":"https:\/\/denizmtl.com\/mobilapp\/wp-json\/wp\/v2\/media?parent=28855"}],"wp:term":[{"taxonomy":"product_brand","embeddable":true,"href":"https:\/\/denizmtl.com\/mobilapp\/wp-json\/wp\/v2\/product_brand?post=28855"},{"taxonomy":"product_cat","embeddable":true,"href":"https:\/\/denizmtl.com\/mobilapp\/wp-json\/wp\/v2\/product_cat?post=28855"},{"taxonomy":"product_tag","embeddable":true,"href":"https:\/\/denizmtl.com\/mobilapp\/wp-json\/wp\/v2\/product_tag?post=28855"}],"curies":[{"name":"wp","href":"https:\/\/api.w.org\/{rel}","templated":true}]}}