{"id":28823,"date":"2025-08-14T11:33:32","date_gmt":"2025-08-14T08:33:32","guid":{"rendered":"https:\/\/denizmtl.com\/mobilapp\/?post_type=product&#038;p=28823"},"modified":"2025-08-14T11:33:46","modified_gmt":"2025-08-14T08:33:46","slug":"insize-isq-ulm-uzunluk-olcum-cihazi","status":"publish","type":"product","link":"https:\/\/denizmtl.com\/mobilapp\/urunler\/insize-isq-ulm-uzunluk-olcum-cihazi\/","title":{"rendered":"Insize ISQ-ULM Uzunluk \u00d6l\u00e7\u00fcm Cihaz\u0131"},"content":{"rendered":"","protected":false},"excerpt":{"rendered":"<ul>\n<li>Y\u00fcksek kaliteli granit taban, \u00f6l\u00e7\u00fcm kararl\u0131l\u0131\u011f\u0131n\u0131 ve sa\u011flaml\u0131\u011f\u0131n\u0131 garanti eder<\/li>\n<li>\u00d6l\u00e7\u00fclen i\u015f par\u00e7alar\u0131n\u0131n \u00f6l\u00e7\u00fcm bloklar\u0131 ile \u00f6n kalibrasyona ihtiyac\u0131 yoktur ve iletim hatas\u0131 yoktur<\/li>\n<li>\u00d6l\u00e7\u00fcm kuvveti s\u00fcrekli olarak ayarlanabilir<\/li>\n<li>Y\u00fcksek \u00f6l\u00e7\u00fcm verimlili\u011fine sahip tam aral\u0131kl\u0131 mutlak \u00f6l\u00e7\u00fcm<\/li>\n<li>\u00d6rslerin eksenelli\u011fi son derece y\u00fcksektir ve bu sayede tekrarlanan hizalama ihtiyac\u0131 ortadan kalkar<\/li>\n<li>5 eksenli tabla, k\u0131lavuz ray y\u00f6n\u00fcnde serbest\u00e7e hareket ettirilebilir ve kilitlenebilir<\/li>\n<li><a href=\"https:\/\/denizmtl.com\/wp-content\/uploads\/2025\/04\/ISQ-ULM.pdf\"><strong>PDF i\u00e7in t\u0131klay\u0131n\u0131z.<\/strong><\/a><\/li>\n<\/ul>\n","protected":false},"author":1,"featured_media":28850,"comment_status":"open","ping_status":"closed","template":"","meta":[],"product_brand":[],"product_cat":[28],"product_tag":[],"class_list":{"0":"post-28823","1":"product","2":"type-product","3":"status-publish","4":"has-post-thumbnail","6":"product_cat-diger-olcu-aletleri","8":"first","9":"instock","10":"shipping-taxable","11":"product-type-simple"},"_links":{"self":[{"href":"https:\/\/denizmtl.com\/mobilapp\/wp-json\/wp\/v2\/product\/28823","targetHints":{"allow":["GET"]}}],"collection":[{"href":"https:\/\/denizmtl.com\/mobilapp\/wp-json\/wp\/v2\/product"}],"about":[{"href":"https:\/\/denizmtl.com\/mobilapp\/wp-json\/wp\/v2\/types\/product"}],"author":[{"embeddable":true,"href":"https:\/\/denizmtl.com\/mobilapp\/wp-json\/wp\/v2\/users\/1"}],"replies":[{"embeddable":true,"href":"https:\/\/denizmtl.com\/mobilapp\/wp-json\/wp\/v2\/comments?post=28823"}],"wp:featuredmedia":[{"embeddable":true,"href":"https:\/\/denizmtl.com\/mobilapp\/wp-json\/wp\/v2\/media\/28850"}],"wp:attachment":[{"href":"https:\/\/denizmtl.com\/mobilapp\/wp-json\/wp\/v2\/media?parent=28823"}],"wp:term":[{"taxonomy":"product_brand","embeddable":true,"href":"https:\/\/denizmtl.com\/mobilapp\/wp-json\/wp\/v2\/product_brand?post=28823"},{"taxonomy":"product_cat","embeddable":true,"href":"https:\/\/denizmtl.com\/mobilapp\/wp-json\/wp\/v2\/product_cat?post=28823"},{"taxonomy":"product_tag","embeddable":true,"href":"https:\/\/denizmtl.com\/mobilapp\/wp-json\/wp\/v2\/product_tag?post=28823"}],"curies":[{"name":"wp","href":"https:\/\/api.w.org\/{rel}","templated":true}]}}