{"id":28822,"date":"2025-08-14T11:33:32","date_gmt":"2025-08-14T08:33:32","guid":{"rendered":"https:\/\/denizmtl.com\/mobilapp\/?post_type=product&#038;p=28822"},"modified":"2025-08-14T11:33:45","modified_gmt":"2025-08-14T08:33:45","slug":"insize-0430-ha21-tasinabilir-ph-olcum-cihazi","status":"publish","type":"product","link":"https:\/\/denizmtl.com\/mobilapp\/urunler\/insize-0430-ha21-tasinabilir-ph-olcum-cihazi\/","title":{"rendered":"Insize 0430-HA21 Ta\u015f\u0131nabilir PH \u00d6l\u00e7\u00fcm Cihaz\u0131"},"content":{"rendered":"","protected":false},"excerpt":{"rendered":"<ul>\n<li>1~3 noktal\u0131 otomatik kalibrasyon, kalibrasyon rehberli\u011fi ve otomatik muayene fonksiyonu ile<\/li>\n<li>Daha do\u011fru \u00f6l\u00e7\u00fcm i\u00e7in manuel ve otomatik s\u0131cakl\u0131k telafisi fonksiyonlar\u0131<\/li>\n<li>\u00d6l\u00e7\u00fcm cihaz\u0131 \u00fc\u00e7 t\u00fcr okuma kararl\u0131l\u0131\u011f\u0131 kriteri sa\u011flar<\/li>\n<li>50 set veri depolama<\/li>\n<li>\u00c7oklu senaryo uygulamalar\u0131na uygun katlanabilir bir standa sahiptir<\/li>\n<li>Prob koruma seviyesi: IP57<\/li>\n<li><a href=\"https:\/\/denizmtl.com\/wp-content\/uploads\/2025\/04\/0430-HA21.pdf\"><strong>PDF i\u00e7in t\u0131klay\u0131n\u0131z.<\/strong><\/a><\/li>\n<\/ul>\n","protected":false},"author":1,"featured_media":28849,"comment_status":"open","ping_status":"closed","template":"","meta":[],"product_brand":[],"product_cat":[28],"product_tag":[],"class_list":{"0":"post-28822","1":"product","2":"type-product","3":"status-publish","4":"has-post-thumbnail","6":"product_cat-diger-olcu-aletleri","8":"first","9":"instock","10":"shipping-taxable","11":"product-type-simple"},"_links":{"self":[{"href":"https:\/\/denizmtl.com\/mobilapp\/wp-json\/wp\/v2\/product\/28822","targetHints":{"allow":["GET"]}}],"collection":[{"href":"https:\/\/denizmtl.com\/mobilapp\/wp-json\/wp\/v2\/product"}],"about":[{"href":"https:\/\/denizmtl.com\/mobilapp\/wp-json\/wp\/v2\/types\/product"}],"author":[{"embeddable":true,"href":"https:\/\/denizmtl.com\/mobilapp\/wp-json\/wp\/v2\/users\/1"}],"replies":[{"embeddable":true,"href":"https:\/\/denizmtl.com\/mobilapp\/wp-json\/wp\/v2\/comments?post=28822"}],"wp:featuredmedia":[{"embeddable":true,"href":"https:\/\/denizmtl.com\/mobilapp\/wp-json\/wp\/v2\/media\/28849"}],"wp:attachment":[{"href":"https:\/\/denizmtl.com\/mobilapp\/wp-json\/wp\/v2\/media?parent=28822"}],"wp:term":[{"taxonomy":"product_brand","embeddable":true,"href":"https:\/\/denizmtl.com\/mobilapp\/wp-json\/wp\/v2\/product_brand?post=28822"},{"taxonomy":"product_cat","embeddable":true,"href":"https:\/\/denizmtl.com\/mobilapp\/wp-json\/wp\/v2\/product_cat?post=28822"},{"taxonomy":"product_tag","embeddable":true,"href":"https:\/\/denizmtl.com\/mobilapp\/wp-json\/wp\/v2\/product_tag?post=28822"}],"curies":[{"name":"wp","href":"https:\/\/api.w.org\/{rel}","templated":true}]}}