{"id":28801,"date":"2025-08-14T11:33:27","date_gmt":"2025-08-14T08:33:27","guid":{"rendered":"https:\/\/denizmtl.com\/mobilapp\/?post_type=product&#038;p=28801"},"modified":"2025-08-14T11:33:35","modified_gmt":"2025-08-14T08:33:35","slug":"insize-5705-ms45-cok-acili-spektrofotometre","status":"publish","type":"product","link":"https:\/\/denizmtl.com\/mobilapp\/urunler\/insize-5705-ms45-cok-acili-spektrofotometre\/","title":{"rendered":"Insize 5705-MS45 \u00c7ok A\u00e7\u0131l\u0131 Spektrofotometre"},"content":{"rendered":"","protected":false},"excerpt":{"rendered":"<ul>\n<li>Ayn\u0131 anda 5 \u00f6l\u00e7\u00fcm a\u00e7\u0131s\u0131n\u0131 \u00f6l\u00e7mek i\u00e7in 5 ayd\u0131nlatma kayna\u011f\u0131 ve 1 al\u0131c\u0131 kullan\u0131n<\/li>\n<li>Dokunmatik ekran t\u00fcm a\u00e7\u0131 \u00f6l\u00e7\u00fcm sonu\u00e7lar\u0131n\u0131 g\u00f6r\u00fcnt\u00fcleyebilir, kapsaml\u0131 verilerin daha sezgisel g\u00f6r\u00fcn\u00fcm\u00fc<\/li>\n<li>Tam spektrum ayd\u0131nlatma \u00f6l\u00e7\u00fcm\u00fc, spektrum kayb\u0131n\u0131 \u00f6nlemek i\u00e7in daha profesyoneldir<\/li>\n<li>6 renk alan\u0131, birden fazla g\u00f6zlem \u0131\u015f\u0131\u011f\u0131 kayna\u011f\u0131 sa\u011flay\u0131n<\/li>\n<li>Daha y\u00fcksek \u00e7\u00f6z\u00fcn\u00fcrl\u00fc\u011fe sahip i\u00e7b\u00fckey \u0131zgara spektrofotometrik teknolojisinin kullan\u0131lmas\u0131, renk \u00f6l\u00e7\u00fcm\u00fcn\u00fc daha do\u011fru hale getirir<\/li>\n<li>Dahili renkli kamera konumland\u0131rma, \u00f6l\u00e7\u00fclen nesnenin konumunu do\u011fru bir \u015fekilde de\u011ferlendirebilir ve \u00f6l\u00e7\u00fcm verimlili\u011fini ve do\u011frulu\u011funu art\u0131rabilir<\/li>\n<li>\u00c7oklu i\u015flevler, ekran \u00e7e\u015fitli verileri sezgisel olarak g\u00f6r\u00fcnt\u00fcleyebilir.<\/li>\n<li><a href=\"https:\/\/denizmtl.com\/wp-content\/uploads\/2025\/04\/5705-MS45.pdf\"><strong>PDF i\u00e7in t\u0131klay\u0131n\u0131z.<\/strong><\/a><\/li>\n<\/ul>\n","protected":false},"author":1,"featured_media":28831,"comment_status":"open","ping_status":"closed","template":"","meta":[],"product_brand":[],"product_cat":[28],"product_tag":[],"class_list":{"0":"post-28801","1":"product","2":"type-product","3":"status-publish","4":"has-post-thumbnail","6":"product_cat-diger-olcu-aletleri","8":"first","9":"instock","10":"shipping-taxable","11":"product-type-simple"},"_links":{"self":[{"href":"https:\/\/denizmtl.com\/mobilapp\/wp-json\/wp\/v2\/product\/28801","targetHints":{"allow":["GET"]}}],"collection":[{"href":"https:\/\/denizmtl.com\/mobilapp\/wp-json\/wp\/v2\/product"}],"about":[{"href":"https:\/\/denizmtl.com\/mobilapp\/wp-json\/wp\/v2\/types\/product"}],"author":[{"embeddable":true,"href":"https:\/\/denizmtl.com\/mobilapp\/wp-json\/wp\/v2\/users\/1"}],"replies":[{"embeddable":true,"href":"https:\/\/denizmtl.com\/mobilapp\/wp-json\/wp\/v2\/comments?post=28801"}],"wp:featuredmedia":[{"embeddable":true,"href":"https:\/\/denizmtl.com\/mobilapp\/wp-json\/wp\/v2\/media\/28831"}],"wp:attachment":[{"href":"https:\/\/denizmtl.com\/mobilapp\/wp-json\/wp\/v2\/media?parent=28801"}],"wp:term":[{"taxonomy":"product_brand","embeddable":true,"href":"https:\/\/denizmtl.com\/mobilapp\/wp-json\/wp\/v2\/product_brand?post=28801"},{"taxonomy":"product_cat","embeddable":true,"href":"https:\/\/denizmtl.com\/mobilapp\/wp-json\/wp\/v2\/product_cat?post=28801"},{"taxonomy":"product_tag","embeddable":true,"href":"https:\/\/denizmtl.com\/mobilapp\/wp-json\/wp\/v2\/product_tag?post=28801"}],"curies":[{"name":"wp","href":"https:\/\/api.w.org\/{rel}","templated":true}]}}