{"id":28780,"date":"2025-08-14T11:33:14","date_gmt":"2025-08-14T08:33:14","guid":{"rendered":"https:\/\/denizmtl.com\/mobilapp\/?post_type=product&#038;p=28780"},"modified":"2025-08-14T11:33:24","modified_gmt":"2025-08-14T08:33:24","slug":"insize-hes-s-invertorlu-fircasiz-elektrikli-tornavida","status":"publish","type":"product","link":"https:\/\/denizmtl.com\/mobilapp\/urunler\/insize-hes-s-invertorlu-fircasiz-elektrikli-tornavida\/","title":{"rendered":"Insize HES-S \u0130nvert\u00f6rl\u00fc F\u0131r\u00e7as\u0131z Elektrikli Tornavida"},"content":{"rendered":"","protected":false},"excerpt":{"rendered":"<ul>\n<li>Y\u00fcksek performans, d\u00fc\u015f\u00fck atalet, d\u00fc\u015f\u00fck gev\u015feme, d\u00fc\u015f\u00fck g\u00fc\u00e7 t\u00fcketimi, d\u00fc\u015f\u00fck darbeli f\u0131r\u00e7as\u0131z servo motor bile\u015fenlerini benimseyerek, ultra uzun \u00f6m\u00fcr ve dayan\u0131kl\u0131l\u0131k<\/li>\n<li>Kararl\u0131 tork, s\u0131cakl\u0131k ve h\u0131z, d\u00fc\u015f\u00fck s\u0131cakl\u0131k art\u0131\u015f\u0131 i\u00e7in frekans d\u00f6n\u00fc\u015f\u00fcm\u00fc ve sabit voltaj fonksiyonu<\/li>\n<li>Ergonomik tasar\u0131m, k\u00fc\u00e7\u00fck boyut ve hafif a\u011f\u0131rl\u0131k, daha geni\u015f tork aral\u0131\u011f\u0131, \u00e7e\u015fitli vida kilitleme gereksinimlerine uygulanabilir, tedarik maliyetini azalt\u0131r<\/li>\n<li>D\u00fc\u015f\u00fck voltajl\u0131 frekans d\u00f6n\u00fc\u015f\u00fcm\u00fcn\u00fcn g\u00fcvenli\u011fi ve dayan\u0131kl\u0131l\u0131\u011f\u0131 ile y\u00fcksek voltajl\u0131 do\u011frudan takman\u0131n rahatl\u0131\u011f\u0131 ve kararl\u0131l\u0131\u011f\u0131, i\u015fletimde daha esnek ve ekonomiktir<\/li>\n<li>Toner d\u00f6k\u00fclmesine neden olmayan tasar\u0131m, 3C end\u00fcstrisinin ve \u00e7evre koruman\u0131n gereksinimlerini kar\u015f\u0131lar.<\/li>\n<li><a href=\"https:\/\/denizmtl.com\/wp-content\/uploads\/2025\/04\/HES-S.pdf\"><strong>PDF i\u00e7in t\u0131klay\u0131n\u0131z<\/strong><\/a><\/li>\n<\/ul>\n","protected":false},"author":1,"featured_media":28797,"comment_status":"open","ping_status":"closed","template":"","meta":[],"product_brand":[],"product_cat":[28],"product_tag":[],"class_list":{"0":"post-28780","1":"product","2":"type-product","3":"status-publish","4":"has-post-thumbnail","6":"product_cat-diger-olcu-aletleri","8":"first","9":"instock","10":"shipping-taxable","11":"product-type-simple"},"_links":{"self":[{"href":"https:\/\/denizmtl.com\/mobilapp\/wp-json\/wp\/v2\/product\/28780","targetHints":{"allow":["GET"]}}],"collection":[{"href":"https:\/\/denizmtl.com\/mobilapp\/wp-json\/wp\/v2\/product"}],"about":[{"href":"https:\/\/denizmtl.com\/mobilapp\/wp-json\/wp\/v2\/types\/product"}],"author":[{"embeddable":true,"href":"https:\/\/denizmtl.com\/mobilapp\/wp-json\/wp\/v2\/users\/1"}],"replies":[{"embeddable":true,"href":"https:\/\/denizmtl.com\/mobilapp\/wp-json\/wp\/v2\/comments?post=28780"}],"wp:featuredmedia":[{"embeddable":true,"href":"https:\/\/denizmtl.com\/mobilapp\/wp-json\/wp\/v2\/media\/28797"}],"wp:attachment":[{"href":"https:\/\/denizmtl.com\/mobilapp\/wp-json\/wp\/v2\/media?parent=28780"}],"wp:term":[{"taxonomy":"product_brand","embeddable":true,"href":"https:\/\/denizmtl.com\/mobilapp\/wp-json\/wp\/v2\/product_brand?post=28780"},{"taxonomy":"product_cat","embeddable":true,"href":"https:\/\/denizmtl.com\/mobilapp\/wp-json\/wp\/v2\/product_cat?post=28780"},{"taxonomy":"product_tag","embeddable":true,"href":"https:\/\/denizmtl.com\/mobilapp\/wp-json\/wp\/v2\/product_tag?post=28780"}],"curies":[{"name":"wp","href":"https:\/\/api.w.org\/{rel}","templated":true}]}}