{"id":28714,"date":"2025-08-14T11:32:50","date_gmt":"2025-08-14T08:32:50","guid":{"rendered":"https:\/\/denizmtl.com\/mobilapp\/?post_type=product&#038;p=28714"},"modified":"2025-08-14T11:33:03","modified_gmt":"2025-08-14T08:33:03","slug":"insize-oes-my100-spektral-ornek-ogutucusu","status":"publish","type":"product","link":"https:\/\/denizmtl.com\/mobilapp\/urunler\/insize-oes-my100-spektral-ornek-ogutucusu\/","title":{"rendered":"Insize OES-MY100 Spektral \u00d6rnek \u00d6\u011f\u00fct\u00fcc\u00fcs\u00fc"},"content":{"rendered":"","protected":false},"excerpt":{"rendered":"<ul>\n<li>Metal, seramik, cam ve di\u011fer cihazlar\u0131n spektral analizi ve ta\u015flanmas\u0131 i\u00e7in numune yap\u0131m\u0131nda yayg\u0131n olarak kullan\u0131l\u0131r<\/li>\n<li>Kompakt makine yap\u0131s\u0131, iki h\u0131zl\u0131 tek disk, ta\u015flama i\u00e7in farkl\u0131 kum ve sertlikteki ta\u015flama diskleriyle donat\u0131labilir<\/li>\n<li>Makine d\u00fczg\u00fcn d\u00f6n\u00fc\u015f, d\u00fc\u015f\u00fck g\u00fcr\u00fclt\u00fc, rahat \u00e7al\u0131\u015fma ve y\u00fcksek \u00e7al\u0131\u015fma verimlili\u011fine sahiptir ve fabrikalar ve bilimsel ara\u015ft\u0131rma birimlerinin laboratuvarlar\u0131 i\u00e7in uygundur.<\/li>\n<li><a href=\"https:\/\/denizmtl.com\/wp-content\/uploads\/2025\/04\/OES-MY100.pdf\"><strong>PDF i\u00e7in t\u0131klay\u0131n\u0131z.<\/strong><\/a><\/li>\n<\/ul>\n","protected":false},"author":1,"featured_media":28744,"comment_status":"open","ping_status":"closed","template":"","meta":[],"product_brand":[],"product_cat":[28],"product_tag":[],"class_list":{"0":"post-28714","1":"product","2":"type-product","3":"status-publish","4":"has-post-thumbnail","6":"product_cat-diger-olcu-aletleri","8":"first","9":"instock","10":"shipping-taxable","11":"product-type-simple"},"_links":{"self":[{"href":"https:\/\/denizmtl.com\/mobilapp\/wp-json\/wp\/v2\/product\/28714","targetHints":{"allow":["GET"]}}],"collection":[{"href":"https:\/\/denizmtl.com\/mobilapp\/wp-json\/wp\/v2\/product"}],"about":[{"href":"https:\/\/denizmtl.com\/mobilapp\/wp-json\/wp\/v2\/types\/product"}],"author":[{"embeddable":true,"href":"https:\/\/denizmtl.com\/mobilapp\/wp-json\/wp\/v2\/users\/1"}],"replies":[{"embeddable":true,"href":"https:\/\/denizmtl.com\/mobilapp\/wp-json\/wp\/v2\/comments?post=28714"}],"wp:featuredmedia":[{"embeddable":true,"href":"https:\/\/denizmtl.com\/mobilapp\/wp-json\/wp\/v2\/media\/28744"}],"wp:attachment":[{"href":"https:\/\/denizmtl.com\/mobilapp\/wp-json\/wp\/v2\/media?parent=28714"}],"wp:term":[{"taxonomy":"product_brand","embeddable":true,"href":"https:\/\/denizmtl.com\/mobilapp\/wp-json\/wp\/v2\/product_brand?post=28714"},{"taxonomy":"product_cat","embeddable":true,"href":"https:\/\/denizmtl.com\/mobilapp\/wp-json\/wp\/v2\/product_cat?post=28714"},{"taxonomy":"product_tag","embeddable":true,"href":"https:\/\/denizmtl.com\/mobilapp\/wp-json\/wp\/v2\/product_tag?post=28714"}],"curies":[{"name":"wp","href":"https:\/\/api.w.org\/{rel}","templated":true}]}}