{"id":28707,"date":"2025-08-14T11:32:48","date_gmt":"2025-08-14T08:32:48","guid":{"rendered":"https:\/\/denizmtl.com\/mobilapp\/?post_type=product&#038;p=28707"},"modified":"2025-08-14T11:33:00","modified_gmt":"2025-08-14T08:33:00","slug":"insize-edv-ac-elektro-dinamik-titresim-sistemleri","status":"publish","type":"product","link":"https:\/\/denizmtl.com\/mobilapp\/urunler\/insize-edv-ac-elektro-dinamik-titresim-sistemleri\/","title":{"rendered":"Insize EDV-AC Elektro Dinamik Titre\u015fim Sistemleri"},"content":{"rendered":"","protected":false},"excerpt":{"rendered":"<ul>\n<li>ISO 5344&#8217;e g\u00f6re<\/li>\n<li>K\u00fc\u00e7\u00fck ve orta \u00f6l\u00e7ekli otomotiv par\u00e7alar\u0131, elektronik bile\u015fenler, ev aletleri vb. i\u00e7in \u00e7e\u015fitli tipik titre\u015fim ve sim\u00fcle edilmi\u015f ta\u015f\u0131ma testleri i\u00e7in uygundur<\/li>\n<li>Hafif a\u011f\u0131rl\u0131k ve iyi sertlik, y\u00fcksek birinci dereceden rezonans frekans\u0131<\/li>\n<li>Y\u00fcksek verimli, d\u00fc\u015f\u00fck g\u00fcr\u00fclt\u00fcl\u00fc fan so\u011futmas\u0131, uzun s\u00fcreli s\u00fcrekli \u00e7al\u0131\u015fma<\/li>\n<li>G\u00fc\u00e7 amplifikat\u00f6r\u00fc mod\u00fcler tasar\u0131m\u0131, komple sistem kilitleme koruma fonksiyonu<\/li>\n<li><a href=\"https:\/\/denizmtl.com\/wp-content\/uploads\/2025\/04\/EDV-AC.pdf\"><strong>PDF i\u00e7in t\u0131klay\u0131n\u0131z.<\/strong><\/a><\/li>\n<\/ul>\n","protected":false},"author":1,"featured_media":28737,"comment_status":"open","ping_status":"closed","template":"","meta":[],"product_brand":[],"product_cat":[28],"product_tag":[],"class_list":{"0":"post-28707","1":"product","2":"type-product","3":"status-publish","4":"has-post-thumbnail","6":"product_cat-diger-olcu-aletleri","8":"first","9":"instock","10":"shipping-taxable","11":"product-type-simple"},"_links":{"self":[{"href":"https:\/\/denizmtl.com\/mobilapp\/wp-json\/wp\/v2\/product\/28707","targetHints":{"allow":["GET"]}}],"collection":[{"href":"https:\/\/denizmtl.com\/mobilapp\/wp-json\/wp\/v2\/product"}],"about":[{"href":"https:\/\/denizmtl.com\/mobilapp\/wp-json\/wp\/v2\/types\/product"}],"author":[{"embeddable":true,"href":"https:\/\/denizmtl.com\/mobilapp\/wp-json\/wp\/v2\/users\/1"}],"replies":[{"embeddable":true,"href":"https:\/\/denizmtl.com\/mobilapp\/wp-json\/wp\/v2\/comments?post=28707"}],"wp:featuredmedia":[{"embeddable":true,"href":"https:\/\/denizmtl.com\/mobilapp\/wp-json\/wp\/v2\/media\/28737"}],"wp:attachment":[{"href":"https:\/\/denizmtl.com\/mobilapp\/wp-json\/wp\/v2\/media?parent=28707"}],"wp:term":[{"taxonomy":"product_brand","embeddable":true,"href":"https:\/\/denizmtl.com\/mobilapp\/wp-json\/wp\/v2\/product_brand?post=28707"},{"taxonomy":"product_cat","embeddable":true,"href":"https:\/\/denizmtl.com\/mobilapp\/wp-json\/wp\/v2\/product_cat?post=28707"},{"taxonomy":"product_tag","embeddable":true,"href":"https:\/\/denizmtl.com\/mobilapp\/wp-json\/wp\/v2\/product_tag?post=28707"}],"curies":[{"name":"wp","href":"https:\/\/api.w.org\/{rel}","templated":true}]}}