{"id":28697,"date":"2025-08-14T11:32:46","date_gmt":"2025-08-14T08:32:46","guid":{"rendered":"https:\/\/denizmtl.com\/mobilapp\/?post_type=product&#038;p=28697"},"modified":"2025-10-02T17:44:54","modified_gmt":"2025-10-02T14:44:54","slug":"insize-stm-c1-surtunme-ve-asinma-testi-cihazi","status":"publish","type":"product","link":"https:\/\/denizmtl.com\/mobilapp\/urunler\/insize-stm-c1-surtunme-ve-asinma-testi-cihazi\/","title":{"rendered":"Insize STM-C1 S\u00fcrt\u00fcnme ve A\u015f\u0131nma Testi Cihaz\u0131"},"content":{"rendered":"","protected":false},"excerpt":{"rendered":"<ul>\n<li>NB\/SH\/T 0189, ASTM D3702, ASTM G99&#8217;a g\u00f6re<\/li>\n<li>Farkl\u0131 s\u00fcrt\u00fcnme par\u00e7alar\u0131 aras\u0131ndaki s\u00fcrt\u00fcnme sim\u00fclasyon testi, s\u0131cakl\u0131k, y\u00fck, h\u0131z, s\u00fcrt\u00fcnme par\u00e7as\u0131 malzemesi, s\u00fcrt\u00fcnme par\u00e7as\u0131 y\u00fczey p\u00fcr\u00fczl\u00fcl\u00fc\u011f\u00fc, sertlik ve ya\u011flama durumu (ya\u011fs\u0131z ya\u011flama, ya\u011f damlama ya\u011flamas\u0131 veya ya\u011fa dald\u0131rma ya\u011flamas\u0131) gibi \u00e7e\u015fitli ko\u015fullar alt\u0131nda ger\u00e7ekle\u015ftirilebilir.<\/li>\n<li>Makine, pim diski (b\u00fcy\u00fck disk ve k\u00fc\u00e7\u00fck disk, tek i\u011fne ve \u00fc\u00e7 i\u011fne) s\u00fcrt\u00fcnme alt par\u00e7as\u0131, d\u00f6rt bilyal\u0131 s\u00fcrt\u00fcnme alt par\u00e7as\u0131, itme halkas\u0131, bilyal\u0131 disk vb. gibi \u00e7e\u015fitli s\u00fcrt\u00fcnme alt par\u00e7alar\u0131yla yuvarlanma, kayma ve yuvarlanma-kayma bile\u015fik hareket s\u00fcrt\u00fcnme formunu sim\u00fcle edebilir.<\/li>\n<li>Makine \u00e7e\u015fitli nokta, \u00e7izgi ve y\u00fczey s\u00fcrt\u00fcnme sim\u00fclasyon deneylerini tamamlayabilir, ya\u011flay\u0131c\u0131, metal, boya, kaplamalar, kau\u00e7uk, seramik ve di\u011fer malzemelerin s\u00fcrt\u00fcnme ve a\u015f\u0131nma performans\u0131n\u0131 de\u011ferlendirmek i\u00e7in kullan\u0131labilir<\/li>\n<li><a href=\"https:\/\/denizmtl.com\/wp-content\/uploads\/2025\/04\/STM-C1.pdf\"><strong>PDF \u0130\u00e7in t\u0131klay\u0131n\u0131z.<\/strong><\/a><\/li>\n<\/ul>\n<p>&nbsp;<br \/>\n<a class=\"wp-iletim-button\" href=\"https:\/\/wa.me\/905422584189?text=Merhaba%2C%20https%3A%2F%2Fdenizmtl.com%2Fmobilapp%2Fwp-json%2Fwp%2Fv2%2Fproduct%2F28697%20sayfas%C4%B1ndaki%20%C3%BCr%C3%BCnle%20ilgili%20fiyat%20ve%20demo%20talep%20etmek%20istiyorum.\" target=\"_blank\" rel=\"noopener\" style=\"display:inline-block;padding:10px 16px;border-radius:6px;color:#fff;text-decoration:none;font-weight:600;background:#334862;\">F\u0130YAT VE DEMO TALEP ET<\/a>\n","protected":false},"author":1,"featured_media":28727,"comment_status":"open","ping_status":"closed","template":"","meta":[],"product_brand":[],"product_cat":[100],"product_tag":[],"class_list":{"0":"post-28697","1":"product","2":"type-product","3":"status-publish","4":"has-post-thumbnail","6":"product_cat-test-cihazlari","8":"first","9":"instock","10":"shipping-taxable","11":"product-type-simple"},"_links":{"self":[{"href":"https:\/\/denizmtl.com\/mobilapp\/wp-json\/wp\/v2\/product\/28697","targetHints":{"allow":["GET"]}}],"collection":[{"href":"https:\/\/denizmtl.com\/mobilapp\/wp-json\/wp\/v2\/product"}],"about":[{"href":"https:\/\/denizmtl.com\/mobilapp\/wp-json\/wp\/v2\/types\/product"}],"author":[{"embeddable":true,"href":"https:\/\/denizmtl.com\/mobilapp\/wp-json\/wp\/v2\/users\/1"}],"replies":[{"embeddable":true,"href":"https:\/\/denizmtl.com\/mobilapp\/wp-json\/wp\/v2\/comments?post=28697"}],"wp:featuredmedia":[{"embeddable":true,"href":"https:\/\/denizmtl.com\/mobilapp\/wp-json\/wp\/v2\/media\/28727"}],"wp:attachment":[{"href":"https:\/\/denizmtl.com\/mobilapp\/wp-json\/wp\/v2\/media?parent=28697"}],"wp:term":[{"taxonomy":"product_brand","embeddable":true,"href":"https:\/\/denizmtl.com\/mobilapp\/wp-json\/wp\/v2\/product_brand?post=28697"},{"taxonomy":"product_cat","embeddable":true,"href":"https:\/\/denizmtl.com\/mobilapp\/wp-json\/wp\/v2\/product_cat?post=28697"},{"taxonomy":"product_tag","embeddable":true,"href":"https:\/\/denizmtl.com\/mobilapp\/wp-json\/wp\/v2\/product_tag?post=28697"}],"curies":[{"name":"wp","href":"https:\/\/api.w.org\/{rel}","templated":true}]}}