{"id":28634,"date":"2025-08-14T11:32:22","date_gmt":"2025-08-14T08:32:22","guid":{"rendered":"https:\/\/denizmtl.com\/mobilapp\/?post_type=product&#038;p=28634"},"modified":"2025-10-02T17:44:51","modified_gmt":"2025-10-02T14:44:51","slug":"insize-hdt-dmv90-cift-dokunmatik-ekranli-dijital-mikro-vickers-sertlik-olcum-cihazi-gelismis-tip","status":"publish","type":"product","link":"https:\/\/denizmtl.com\/mobilapp\/urunler\/insize-hdt-dmv90-cift-dokunmatik-ekranli-dijital-mikro-vickers-sertlik-olcum-cihazi-gelismis-tip\/","title":{"rendered":"Insize HDT-DMV90 \u00c7ift Dokunmatik Ekranl\u0131 Dijital Mikro Vickers Sertlik \u00d6l\u00e7\u00fcm Cihaz\u0131 (Geli\u015fmi\u015f Tip)"},"content":{"rendered":"","protected":false},"excerpt":{"rendered":"<ul>\n<li>\u00c7ift dokunmatik ekran kontrol\u00fc, y\u00fcksek \u00e7\u00f6z\u00fcn\u00fcrl\u00fckl\u00fc g\u00f6r\u00fcnt\u00fc \u00f6l\u00e7\u00fcm\u00fc ve analizi<\/li>\n<li>Tek t\u0131klamayla ba\u015flatma, otomatik presleme ve otomatik \u00f6l\u00e7\u00fcm<\/li>\n<li>Ana bilgisayar ve Vickers sertlik \u00f6l\u00e7\u00fcm sistemi ba\u011f\u0131ms\u0131z olarak \u00e7al\u0131\u015ft\u0131r\u0131labilir<\/li>\n<li>Girinti ve objektif lens aras\u0131nda otomatik ge\u00e7i\u015f<\/li>\n<li>Veri depolama ve ortalama de\u011fer hesaplama<\/li>\n<li>Verileri iletmek i\u00e7in kablolu ve kablosuz a\u011flara ba\u011flanabilir<\/li>\n<li>ISO 6507&#8217;ye g\u00f6re<\/li>\n<li><a href=\"https:\/\/denizmtl.com\/wp-content\/uploads\/2025\/04\/HDT-DMV90.pdf\"><strong>PDF i\u00e7in t\u0131klay\u0131n\u0131z.<\/strong><\/a><\/li>\n<\/ul>\n<p>&nbsp;<br \/>\n<a class=\"wp-iletim-button\" href=\"https:\/\/wa.me\/905422584189?text=Merhaba%2C%20https%3A%2F%2Fdenizmtl.com%2Fmobilapp%2Fwp-json%2Fwp%2Fv2%2Fproduct%2F28634%20sayfas%C4%B1ndaki%20%C3%BCr%C3%BCnle%20ilgili%20fiyat%20ve%20demo%20talep%20etmek%20istiyorum.\" target=\"_blank\" rel=\"noopener\" style=\"display:inline-block;padding:10px 16px;border-radius:6px;color:#fff;text-decoration:none;font-weight:600;background:#334862;\">F\u0130YAT VE DEMO TALEP ET<\/a>\n","protected":false},"author":1,"featured_media":28664,"comment_status":"open","ping_status":"closed","template":"","meta":[],"product_brand":[],"product_cat":[100],"product_tag":[],"class_list":{"0":"post-28634","1":"product","2":"type-product","3":"status-publish","4":"has-post-thumbnail","6":"product_cat-test-cihazlari","8":"first","9":"instock","10":"shipping-taxable","11":"product-type-simple"},"_links":{"self":[{"href":"https:\/\/denizmtl.com\/mobilapp\/wp-json\/wp\/v2\/product\/28634","targetHints":{"allow":["GET"]}}],"collection":[{"href":"https:\/\/denizmtl.com\/mobilapp\/wp-json\/wp\/v2\/product"}],"about":[{"href":"https:\/\/denizmtl.com\/mobilapp\/wp-json\/wp\/v2\/types\/product"}],"author":[{"embeddable":true,"href":"https:\/\/denizmtl.com\/mobilapp\/wp-json\/wp\/v2\/users\/1"}],"replies":[{"embeddable":true,"href":"https:\/\/denizmtl.com\/mobilapp\/wp-json\/wp\/v2\/comments?post=28634"}],"wp:featuredmedia":[{"embeddable":true,"href":"https:\/\/denizmtl.com\/mobilapp\/wp-json\/wp\/v2\/media\/28664"}],"wp:attachment":[{"href":"https:\/\/denizmtl.com\/mobilapp\/wp-json\/wp\/v2\/media?parent=28634"}],"wp:term":[{"taxonomy":"product_brand","embeddable":true,"href":"https:\/\/denizmtl.com\/mobilapp\/wp-json\/wp\/v2\/product_brand?post=28634"},{"taxonomy":"product_cat","embeddable":true,"href":"https:\/\/denizmtl.com\/mobilapp\/wp-json\/wp\/v2\/product_cat?post=28634"},{"taxonomy":"product_tag","embeddable":true,"href":"https:\/\/denizmtl.com\/mobilapp\/wp-json\/wp\/v2\/product_tag?post=28634"}],"curies":[{"name":"wp","href":"https:\/\/api.w.org\/{rel}","templated":true}]}}