{"id":28594,"date":"2025-08-14T11:32:02","date_gmt":"2025-08-14T08:32:02","guid":{"rendered":"https:\/\/denizmtl.com\/mobilapp\/?post_type=product&#038;p=28594"},"modified":"2025-08-14T11:32:14","modified_gmt":"2025-08-14T08:32:14","slug":"insize-0416-eb01-kalem-tipi-iletkenlik-olcer-basit-tip","status":"publish","type":"product","link":"https:\/\/denizmtl.com\/mobilapp\/urunler\/insize-0416-eb01-kalem-tipi-iletkenlik-olcer-basit-tip\/","title":{"rendered":"Insize 0416-EB01 Kalem Tipi \u0130letkenlik \u00d6l\u00e7er (Basit Tip)"},"content":{"rendered":"","protected":false},"excerpt":{"rendered":"<ul>\n<li>Su kalitesi testleri, su \u00fcr\u00fcnleri yeti\u015ftiricili\u011fi, g\u0131da i\u015fleme, bilimsel ara\u015ft\u0131rma vb. i\u00e7in uygundur.<\/li>\n<li>10 mm elektrot \u00e7ap\u0131na sahip mini tasar\u0131m<\/li>\n<li>Manuel s\u0131cakl\u0131k telafisi<\/li>\n<li>Okuma sabitleme hat\u0131rlatma fonksiyonu ile<\/li>\n<li>De\u011fi\u015ftirilebilir elektrotlar<\/li>\n<li>Low voltage alar\u0131n<\/li>\n<li>CR2032 pil, otomatik kapanma<\/li>\n<li>Prob koruma seviyesi: IP54<\/li>\n<li><a href=\"https:\/\/denizmtl.com\/wp-content\/uploads\/2025\/04\/0416-EB01.pdf\"><strong>PDF i\u00e7in t\u0131klay\u0131n\u0131z.<\/strong><\/a><\/li>\n<\/ul>\n","protected":false},"author":1,"featured_media":28624,"comment_status":"open","ping_status":"closed","template":"","meta":[],"product_brand":[],"product_cat":[96],"product_tag":[],"class_list":{"0":"post-28594","1":"product","2":"type-product","3":"status-publish","4":"has-post-thumbnail","6":"product_cat-standart-olcu-aletleri","8":"first","9":"instock","10":"shipping-taxable","11":"product-type-simple"},"_links":{"self":[{"href":"https:\/\/denizmtl.com\/mobilapp\/wp-json\/wp\/v2\/product\/28594","targetHints":{"allow":["GET"]}}],"collection":[{"href":"https:\/\/denizmtl.com\/mobilapp\/wp-json\/wp\/v2\/product"}],"about":[{"href":"https:\/\/denizmtl.com\/mobilapp\/wp-json\/wp\/v2\/types\/product"}],"author":[{"embeddable":true,"href":"https:\/\/denizmtl.com\/mobilapp\/wp-json\/wp\/v2\/users\/1"}],"replies":[{"embeddable":true,"href":"https:\/\/denizmtl.com\/mobilapp\/wp-json\/wp\/v2\/comments?post=28594"}],"wp:featuredmedia":[{"embeddable":true,"href":"https:\/\/denizmtl.com\/mobilapp\/wp-json\/wp\/v2\/media\/28624"}],"wp:attachment":[{"href":"https:\/\/denizmtl.com\/mobilapp\/wp-json\/wp\/v2\/media?parent=28594"}],"wp:term":[{"taxonomy":"product_brand","embeddable":true,"href":"https:\/\/denizmtl.com\/mobilapp\/wp-json\/wp\/v2\/product_brand?post=28594"},{"taxonomy":"product_cat","embeddable":true,"href":"https:\/\/denizmtl.com\/mobilapp\/wp-json\/wp\/v2\/product_cat?post=28594"},{"taxonomy":"product_tag","embeddable":true,"href":"https:\/\/denizmtl.com\/mobilapp\/wp-json\/wp\/v2\/product_tag?post=28594"}],"curies":[{"name":"wp","href":"https:\/\/api.w.org\/{rel}","templated":true}]}}