{"id":28538,"date":"2025-08-14T11:31:39","date_gmt":"2025-08-14T08:31:39","guid":{"rendered":"https:\/\/denizmtl.com\/mobilapp\/?post_type=product&#038;p=28538"},"modified":"2025-08-14T11:31:54","modified_gmt":"2025-08-14T08:31:54","slug":"insize-fcv-d-viskozimetre-icin-din-standardi-akis-kabi","status":"publish","type":"product","link":"https:\/\/denizmtl.com\/mobilapp\/urunler\/insize-fcv-d-viskozimetre-icin-din-standardi-akis-kabi\/","title":{"rendered":"Insize FCV-D Viskozimetre \u0130\u00e7in DIN Standard\u0131 Ak\u0131\u015f Kab\u0131"},"content":{"rendered":"","protected":false},"excerpt":{"rendered":"<ul>\n<li>DIN 53211&#8217;e g\u00f6re<\/li>\n<li>Al\u00fcminyum g\u00f6vde, paslanmaz \u00e7elik delik, i\u00e7 k\u0131sm\u0131 cilal\u0131<\/li>\n<li>Tutkal, solvent vb. gibi d\u00fc\u015f\u00fck viskoziteli ak\u0131\u015fkanlar\u0131n \u00f6l\u00e7\u00fcm\u00fc i\u00e7in uygundur.<\/li>\n<li>At\u00f6lyelerde h\u0131zl\u0131 \u00f6l\u00e7\u00fcmler i\u00e7in iste\u011fe ba\u011fl\u0131 paslanmaz \u00e7elik sap<\/li>\n<li><a href=\"https:\/\/denizmtl.com\/wp-content\/uploads\/2025\/04\/FCV-D.pdf\"><strong>PDF i\u00e7in t\u0131klay\u0131n\u0131z.<\/strong><\/a><\/li>\n<\/ul>\n","protected":false},"author":1,"featured_media":28568,"comment_status":"open","ping_status":"closed","template":"","meta":[],"product_brand":[],"product_cat":[28],"product_tag":[],"class_list":{"0":"post-28538","1":"product","2":"type-product","3":"status-publish","4":"has-post-thumbnail","6":"product_cat-diger-olcu-aletleri","8":"first","9":"instock","10":"shipping-taxable","11":"product-type-simple"},"_links":{"self":[{"href":"https:\/\/denizmtl.com\/mobilapp\/wp-json\/wp\/v2\/product\/28538","targetHints":{"allow":["GET"]}}],"collection":[{"href":"https:\/\/denizmtl.com\/mobilapp\/wp-json\/wp\/v2\/product"}],"about":[{"href":"https:\/\/denizmtl.com\/mobilapp\/wp-json\/wp\/v2\/types\/product"}],"author":[{"embeddable":true,"href":"https:\/\/denizmtl.com\/mobilapp\/wp-json\/wp\/v2\/users\/1"}],"replies":[{"embeddable":true,"href":"https:\/\/denizmtl.com\/mobilapp\/wp-json\/wp\/v2\/comments?post=28538"}],"wp:featuredmedia":[{"embeddable":true,"href":"https:\/\/denizmtl.com\/mobilapp\/wp-json\/wp\/v2\/media\/28568"}],"wp:attachment":[{"href":"https:\/\/denizmtl.com\/mobilapp\/wp-json\/wp\/v2\/media?parent=28538"}],"wp:term":[{"taxonomy":"product_brand","embeddable":true,"href":"https:\/\/denizmtl.com\/mobilapp\/wp-json\/wp\/v2\/product_brand?post=28538"},{"taxonomy":"product_cat","embeddable":true,"href":"https:\/\/denizmtl.com\/mobilapp\/wp-json\/wp\/v2\/product_cat?post=28538"},{"taxonomy":"product_tag","embeddable":true,"href":"https:\/\/denizmtl.com\/mobilapp\/wp-json\/wp\/v2\/product_tag?post=28538"}],"curies":[{"name":"wp","href":"https:\/\/api.w.org\/{rel}","templated":true}]}}