{"id":28423,"date":"2025-08-14T11:30:49","date_gmt":"2025-08-14T08:30:49","guid":{"rendered":"https:\/\/denizmtl.com\/mobilapp\/?post_type=product&#038;p=28423"},"modified":"2025-10-02T17:44:46","modified_gmt":"2025-10-02T14:44:46","slug":"insize-isf-dg1-el-tipi-kuvvet-tork-gostergeleri","status":"publish","type":"product","link":"https:\/\/denizmtl.com\/mobilapp\/urunler\/insize-isf-dg1-el-tipi-kuvvet-tork-gostergeleri\/","title":{"rendered":"Insize ISF-DG1 El Tipi Kuvvet\/Tork G\u00f6stergeleri"},"content":{"rendered":"","protected":false},"excerpt":{"rendered":"<ul>\n<li>Kuvvet sens\u00f6rleri ve tork sens\u00f6rleriyle birlikte kullan\u0131m i\u00e7in<\/li>\n<li>Ger\u00e7ek zamanl\u0131 de\u011fer g\u00f6r\u00fcnt\u00fcleme, tepe de\u011fer g\u00f6r\u00fcnt\u00fcleme ve vadi de\u011fer g\u00f6r\u00fcnt\u00fcleme olmak \u00fczere \u00fc\u00e7 mod<\/li>\n<li>Kuvvet birimi: N, KN, kg, lb, t<\/li>\n<li>Tork birimi: N.m, kg.cm, in.lb, ft.lb<\/li>\n<li>Y\u00fcksek \u00f6rnekleme oran\u0131, tepe de\u011ferini do\u011fru bir \u015fekilde yakalar<\/li>\n<li>Ger\u00e7ek zamanl\u0131 e\u011friyi ve son tarihsel e\u011friyi g\u00f6r\u00fcnt\u00fclemek i\u00e7in se\u00e7in<\/li>\n<li>Tepe de\u011feri ve vadi de\u011ferinin ger\u00e7ek zamanl\u0131 otomatik yakalanmas\u0131<\/li>\n<li>Parametre yedekleme ve geri y\u00fckleme, parametreler bozulmu\u015f olsa bile, tek t\u0131klamayla geri y\u00fckleyebilirsiniz<\/li>\n<li>A\u011f\u0131rl\u0131ks\u0131z kalibrasyon, sadece sens\u00f6r parametrelerini girin ve kalibrasyona haz\u0131r olun<\/li>\n<li>\u00c7e\u015fitli alarm se\u00e7enekleri: \u00fcst s\u0131n\u0131r alarm\u0131, alt s\u0131n\u0131r alarm\u0131, tepe ve vadi alarm\u0131, aral\u0131\u011f\u0131n 1,2 kat\u0131n\u0131n \u00fczerinde alarm<\/li>\n<li>Besleme gerilimi 3,5 V, analog sinyal giri\u015f aral\u0131\u011f\u0131 -15~15 mV<\/li>\n<li><a href=\"https:\/\/denizmtl.com\/wp-content\/uploads\/2025\/02\/ISF-DG.pdf\"><strong>PDF i\u00e7in t\u0131klay\u0131n\u0131z.<\/strong><\/a><\/li>\n<\/ul>\n<p>&nbsp;<br \/>\n<a class=\"wp-iletim-button\" href=\"https:\/\/wa.me\/905422584189?text=Merhaba%2C%20https%3A%2F%2Fdenizmtl.com%2Fmobilapp%2Fwp-json%2Fwp%2Fv2%2Fproduct%2F28423%20sayfas%C4%B1ndaki%20%C3%BCr%C3%BCnle%20ilgili%20fiyat%20ve%20demo%20talep%20etmek%20istiyorum.\" target=\"_blank\" rel=\"noopener\" style=\"display:inline-block;padding:10px 16px;border-radius:6px;color:#fff;text-decoration:none;font-weight:600;background:#334862;\">F\u0130YAT VE DEMO TALEP ET<\/a>\n","protected":false},"author":1,"featured_media":28452,"comment_status":"open","ping_status":"closed","template":"","meta":[],"product_brand":[],"product_cat":[18,100,108,63],"product_tag":[],"class_list":{"0":"post-28423","1":"product","2":"type-product","3":"status-publish","4":"has-post-thumbnail","6":"product_cat-insize","7":"product_cat-test-cihazlari","8":"product_cat-tork-test-cihazi-ve-tork-anahtari","9":"product_cat-yeni-urunler","11":"first","12":"instock","13":"shipping-taxable","14":"product-type-simple"},"_links":{"self":[{"href":"https:\/\/denizmtl.com\/mobilapp\/wp-json\/wp\/v2\/product\/28423","targetHints":{"allow":["GET"]}}],"collection":[{"href":"https:\/\/denizmtl.com\/mobilapp\/wp-json\/wp\/v2\/product"}],"about":[{"href":"https:\/\/denizmtl.com\/mobilapp\/wp-json\/wp\/v2\/types\/product"}],"author":[{"embeddable":true,"href":"https:\/\/denizmtl.com\/mobilapp\/wp-json\/wp\/v2\/users\/1"}],"replies":[{"embeddable":true,"href":"https:\/\/denizmtl.com\/mobilapp\/wp-json\/wp\/v2\/comments?post=28423"}],"wp:featuredmedia":[{"embeddable":true,"href":"https:\/\/denizmtl.com\/mobilapp\/wp-json\/wp\/v2\/media\/28452"}],"wp:attachment":[{"href":"https:\/\/denizmtl.com\/mobilapp\/wp-json\/wp\/v2\/media?parent=28423"}],"wp:term":[{"taxonomy":"product_brand","embeddable":true,"href":"https:\/\/denizmtl.com\/mobilapp\/wp-json\/wp\/v2\/product_brand?post=28423"},{"taxonomy":"product_cat","embeddable":true,"href":"https:\/\/denizmtl.com\/mobilapp\/wp-json\/wp\/v2\/product_cat?post=28423"},{"taxonomy":"product_tag","embeddable":true,"href":"https:\/\/denizmtl.com\/mobilapp\/wp-json\/wp\/v2\/product_tag?post=28423"}],"curies":[{"name":"wp","href":"https:\/\/api.w.org\/{rel}","templated":true}]}}