{"id":28150,"date":"2025-08-14T11:28:55","date_gmt":"2025-08-14T08:28:55","guid":{"rendered":"https:\/\/denizmtl.com\/mobilapp\/?post_type=product&#038;p=28150"},"modified":"2025-10-02T17:44:22","modified_gmt":"2025-10-02T14:44:22","slug":"insize-isd-f432-otomatik-cnc-goruntu-olcum-cihazi-profesyonel-model","status":"publish","type":"product","link":"https:\/\/denizmtl.com\/mobilapp\/urunler\/insize-isd-f432-otomatik-cnc-goruntu-olcum-cihazi-profesyonel-model\/","title":{"rendered":"Insize ISD-F432 Otomatik CNC G\u00f6r\u00fcnt\u00fc \u00d6l\u00e7\u00fcm Cihaz\u0131 (Profesyonel Model)"},"content":{"rendered":"<ul>\n<li>\u00d6l\u00e7\u00fcm yaz\u0131l\u0131m\u0131 SPC mod\u00fcl\u00fcyle sorunsuz bir \u015fekilde ba\u011flant\u0131l\u0131d\u0131r.\u00d6l\u00e7\u00fcm tamamland\u0131ktan sonra \u00f6l\u00e7\u00fcm yaz\u0131l\u0131m\u0131 verileri otomatik olarak SPC veri taban\u0131na aktararak basit veri analizine olanak tan\u0131r.<\/li>\n<li>Yap\u0131labilir \u00f6\u011feler: nokta, \u00e7izgi, daire, yay, y\u00fckseklik a\u00e7\u0131, d\u00fczlem, mesafe, elips, dikd\u00f6rtgen, in\u015faat halka olu\u011fu, spline, kapal\u0131 spline, profil, geometrik tolerans.<\/li>\n<\/ul>\n<p><img loading=\"lazy\" decoding=\"async\" class=\"size-full wp-image-15324 aligncenter\" src=\"https:\/\/denizmtl.com\/wp-content\/uploads\/2023\/11\/Resim1.png\" alt=\"\" width=\"756\" height=\"329\" srcset=\"https:\/\/denizmtl.com\/mobilapp\/wp-content\/uploads\/2023\/11\/Resim1.png 756w, https:\/\/denizmtl.com\/mobilapp\/wp-content\/uploads\/2023\/11\/Resim1-300x131.png 300w\" sizes=\"auto, (max-width: 756px) 100vw, 756px\" \/><\/p>\n","protected":false},"excerpt":{"rendered":"<ul>\n<li>Windows 10 i\u015fletim sistemi,<\/li>\n<li>G\u00f6r\u00fcnt\u00fc alan\u0131n BMP g\u00f6r\u00fcnt\u00fc format\u0131n\u0131 kaydedebilir.<\/li>\n<li>Yaz\u0131l\u0131m CAD \u00e7izim i\u00e7e aktarma mod\u00fcl\u00fcn\u00fc i\u00e7erir.<\/li>\n<li>Yaz\u0131l\u0131m SPC mod\u00fcl\u00fcn\u00fc i\u00e7erir.<\/li>\n<li>Y\u00fcksek h\u0131zl\u0131, sessiz, tutarl\u0131 ve y\u00fcksek hassasiyetli \u00f6l\u00e7\u00fcm,<\/li>\n<li>Y\u00fcksek boyutlu do\u011fru \u00f6l\u00e7\u00fcm<\/li>\n<li><a href=\"https:\/\/denizmtl.com\/wp-content\/uploads\/2023\/11\/ISD-F432-1.pdf\"><strong>Pdf i\u00e7in t\u0131klay\u0131n\u0131z.<\/strong><\/a><\/li>\n<\/ul>\n<p>&nbsp;<br \/>\n<a class=\"wp-iletim-button\" href=\"https:\/\/wa.me\/905422584189?text=Merhaba%2C%20https%3A%2F%2Fdenizmtl.com%2Fmobilapp%2Fwp-json%2Fwp%2Fv2%2Fproduct%2F28150%20sayfas%C4%B1ndaki%20%C3%BCr%C3%BCnle%20ilgili%20fiyat%20ve%20demo%20talep%20etmek%20istiyorum.\" target=\"_blank\" rel=\"noopener\" style=\"display:inline-block;padding:10px 16px;border-radius:6px;color:#fff;text-decoration:none;font-weight:600;background:#334862;\">F\u0130YAT VE DEMO TALEP ET<\/a>\n","protected":false},"author":1,"featured_media":28177,"comment_status":"open","ping_status":"closed","template":"","meta":[],"product_brand":[],"product_cat":[110,18,64,100,63],"product_tag":[],"class_list":{"0":"post-28150","1":"product","2":"type-product","3":"status-publish","4":"has-post-thumbnail","6":"product_cat-diger-olcum-cihazlari","7":"product_cat-insize","8":"product_cat-one-cikan-urunler","9":"product_cat-test-cihazlari","10":"product_cat-yeni-urunler","12":"first","13":"instock","14":"shipping-taxable","15":"product-type-simple"},"_links":{"self":[{"href":"https:\/\/denizmtl.com\/mobilapp\/wp-json\/wp\/v2\/product\/28150","targetHints":{"allow":["GET"]}}],"collection":[{"href":"https:\/\/denizmtl.com\/mobilapp\/wp-json\/wp\/v2\/product"}],"about":[{"href":"https:\/\/denizmtl.com\/mobilapp\/wp-json\/wp\/v2\/types\/product"}],"author":[{"embeddable":true,"href":"https:\/\/denizmtl.com\/mobilapp\/wp-json\/wp\/v2\/users\/1"}],"replies":[{"embeddable":true,"href":"https:\/\/denizmtl.com\/mobilapp\/wp-json\/wp\/v2\/comments?post=28150"}],"wp:featuredmedia":[{"embeddable":true,"href":"https:\/\/denizmtl.com\/mobilapp\/wp-json\/wp\/v2\/media\/28177"}],"wp:attachment":[{"href":"https:\/\/denizmtl.com\/mobilapp\/wp-json\/wp\/v2\/media?parent=28150"}],"wp:term":[{"taxonomy":"product_brand","embeddable":true,"href":"https:\/\/denizmtl.com\/mobilapp\/wp-json\/wp\/v2\/product_brand?post=28150"},{"taxonomy":"product_cat","embeddable":true,"href":"https:\/\/denizmtl.com\/mobilapp\/wp-json\/wp\/v2\/product_cat?post=28150"},{"taxonomy":"product_tag","embeddable":true,"href":"https:\/\/denizmtl.com\/mobilapp\/wp-json\/wp\/v2\/product_tag?post=28150"}],"curies":[{"name":"wp","href":"https:\/\/api.w.org\/{rel}","templated":true}]}}