{"id":27825,"date":"2025-08-14T11:26:51","date_gmt":"2025-08-14T08:26:51","guid":{"rendered":"https:\/\/denizmtl.com\/mobilapp\/?post_type=product&#038;p=27825"},"modified":"2025-10-02T17:44:15","modified_gmt":"2025-10-02T14:44:15","slug":"insize-ist-4w-kalite-kontrol-tork-anahtari","status":"publish","type":"product","link":"https:\/\/denizmtl.com\/mobilapp\/urunler\/insize-ist-4w-kalite-kontrol-tork-anahtari\/","title":{"rendered":"Insize IST-4W Kalite Kontrol Tork Anahtar\u0131"},"content":{"rendered":"<p><strong>Insize IST-4W Kalite Kontrol Tork Anahtar\u0131<\/strong><\/p>\n<ul>\n<li>LCD ekran mevcut olup okuma kolayl\u0131\u011f\u0131 sa\u011flar.<\/li>\n<li>De\u011feri \u00f6nceden belirlenmi\u015f bir kuvveti c\u0131vata ba\u011flant\u0131lar\u0131na aktarmak i\u00e7in kullan\u0131lan alettir.<\/li>\n<li>Sesli ve \u0131\u015f\u0131kl\u0131 alarm sistemi mevcuttur.<\/li>\n<\/ul>\n","protected":false},"excerpt":{"rendered":"<ul>\n<li>Tork \u00f6l\u00e7\u00fcm\u00fc i\u00e7in civatay\u0131 s\u0131k\u0131n, gev\u015feklik alg\u0131land\u0131\u011f\u0131nda\u00a0 tork de\u011ferini okuyun.<\/li>\n<li>\u0130ki \u00f6l\u00e7\u00fcm modu vard\u0131r:<\/li>\n<\/ul>\n<p>&nbsp;<br \/>\n<a class=\"wp-iletim-button\" href=\"https:\/\/wa.me\/905422584189?text=Merhaba%2C%20https%3A%2F%2Fdenizmtl.com%2Fmobilapp%2Fwp-json%2Fwp%2Fv2%2Fproduct%2F27825%20sayfas%C4%B1ndaki%20%C3%BCr%C3%BCnle%20ilgili%20fiyat%20ve%20demo%20talep%20etmek%20istiyorum.\" target=\"_blank\" rel=\"noopener\" style=\"display:inline-block;padding:10px 16px;border-radius:6px;color:#fff;text-decoration:none;font-weight:600;background:#334862;\">F\u0130YAT VE DEMO TALEP ET<\/a>\n<p>M1:Normal civatalar i\u00e7in otomatik alg\u0131lama modu.Gev\u015feklik otomatik tespit edilir.Hem ye\u015fil hem k\u0131rm\u0131z\u0131 Led \u0131\u015f\u0131k yanar sesli uyar\u0131 verir.<\/p>\n<p>M2:Uzun civatalar i\u00e7in manuel alg\u0131lama modu.Gev\u015feklik manuel tespit edilir.<\/p>\n<ul>\n<li>Saat y\u00f6n\u00fcnde ve saat y\u00f6n\u00fc tersine \u00e7al\u0131\u015fma<\/li>\n<li>50 sonu\u00e7 verisini haf\u0131zas\u0131nda tutar.<\/li>\n<li>Otomatik kapanma<\/li>\n<li>Kaymaz kavrama<\/li>\n<li><a href=\"https:\/\/denizmtl.com\/wp-content\/uploads\/2023\/03\/IST-4W.pdf\"><strong>Pdf i\u00e7in t\u0131klay\u0131n\u0131z.<\/strong><\/a><\/li>\n<\/ul>\n<p>&nbsp;<br \/>\n<a class=\"wp-iletim-button\" href=\"https:\/\/wa.me\/905422584189?text=Merhaba%2C%20https%3A%2F%2Fdenizmtl.com%2Fmobilapp%2Fwp-json%2Fwp%2Fv2%2Fproduct%2F27825%20sayfas%C4%B1ndaki%20%C3%BCr%C3%BCnle%20ilgili%20fiyat%20ve%20demo%20talep%20etmek%20istiyorum.\" target=\"_blank\" rel=\"noopener\" style=\"display:inline-block;padding:10px 16px;border-radius:6px;color:#fff;text-decoration:none;font-weight:600;background:#334862;\">F\u0130YAT VE DEMO TALEP ET<\/a>\n","protected":false},"author":1,"featured_media":27847,"comment_status":"open","ping_status":"closed","template":"","meta":[],"product_brand":[],"product_cat":[18,100,108,63],"product_tag":[],"class_list":{"0":"post-27825","1":"product","2":"type-product","3":"status-publish","4":"has-post-thumbnail","6":"product_cat-insize","7":"product_cat-test-cihazlari","8":"product_cat-tork-test-cihazi-ve-tork-anahtari","9":"product_cat-yeni-urunler","11":"first","12":"instock","13":"shipping-taxable","14":"product-type-variable"},"_links":{"self":[{"href":"https:\/\/denizmtl.com\/mobilapp\/wp-json\/wp\/v2\/product\/27825","targetHints":{"allow":["GET"]}}],"collection":[{"href":"https:\/\/denizmtl.com\/mobilapp\/wp-json\/wp\/v2\/product"}],"about":[{"href":"https:\/\/denizmtl.com\/mobilapp\/wp-json\/wp\/v2\/types\/product"}],"author":[{"embeddable":true,"href":"https:\/\/denizmtl.com\/mobilapp\/wp-json\/wp\/v2\/users\/1"}],"replies":[{"embeddable":true,"href":"https:\/\/denizmtl.com\/mobilapp\/wp-json\/wp\/v2\/comments?post=27825"}],"wp:featuredmedia":[{"embeddable":true,"href":"https:\/\/denizmtl.com\/mobilapp\/wp-json\/wp\/v2\/media\/27847"}],"wp:attachment":[{"href":"https:\/\/denizmtl.com\/mobilapp\/wp-json\/wp\/v2\/media?parent=27825"}],"wp:term":[{"taxonomy":"product_brand","embeddable":true,"href":"https:\/\/denizmtl.com\/mobilapp\/wp-json\/wp\/v2\/product_brand?post=27825"},{"taxonomy":"product_cat","embeddable":true,"href":"https:\/\/denizmtl.com\/mobilapp\/wp-json\/wp\/v2\/product_cat?post=27825"},{"taxonomy":"product_tag","embeddable":true,"href":"https:\/\/denizmtl.com\/mobilapp\/wp-json\/wp\/v2\/product_tag?post=27825"}],"curies":[{"name":"wp","href":"https:\/\/api.w.org\/{rel}","templated":true}]}}