{"id":27738,"date":"2025-08-14T11:26:19","date_gmt":"2025-08-14T08:26:19","guid":{"rendered":"https:\/\/denizmtl.com\/mobilapp\/?post_type=product&#038;p=27738"},"modified":"2025-10-02T17:44:13","modified_gmt":"2025-10-02T14:44:13","slug":"insize-isd-e-cnc-video-kamerali-optik-olcum-sistemi-stantli","status":"publish","type":"product","link":"https:\/\/denizmtl.com\/mobilapp\/urunler\/insize-isd-e-cnc-video-kamerali-optik-olcum-sistemi-stantli\/","title":{"rendered":"Insize ISD-E CNC Video Kameral\u0131 Optik \u00d6l\u00e7\u00fcm Sistemi ( Stantl\u0131 )"},"content":{"rendered":"<p><strong>Insize ISD-E CNC Video Kameral\u0131 Optik \u00d6l\u00e7\u00fcm Sistemi ( Stantl\u0131 )<\/strong><\/p>\n<p><strong>Kulan\u0131m Alan\u0131 :\u00a0<\/strong>Savunma Sanayi, Otomotiv, Ev Aletleri \u0130malat\u0131, Plastik-Pres-Metal Kal\u0131p \u0130malat\u0131, Somun ve C\u0131vata \u0130malat\u0131, Tala\u015fl\u0131 \u0130malat, Kesici Tak\u0131m \u0130malat\u0131 vb. alanlarda kalite birimlerinde kullan\u0131lmaktad\u0131r.<\/p>\n<p><strong>Geometrik \u00d6l\u00e7\u00fclendirme ve Toleransland\u0131rma :\u00a0<\/strong>\u0130\u015f par\u00e7as\u0131 \u00fczerinde bulunan\u00a0 NOKTA,\u00c7\u0130ZG\u0130,\u00c7AP,YARI \u00c7AP,KARE,EL\u0130PS,A\u00c7IK E\u011eR\u0130,KAPALI E\u011eR\u0130 vb. geometriler olu\u015fturulabilir ve \u00f6l\u00e7\u00fclebilir. Geometrilerin t\u00fcm datalar\u0131 otomatik olarak olu\u015fturulur ve tolerans girilebilir. Ek olarak istenilen \u00f6l\u00e7\u00fcde ve konumda hayali geometriler olu\u015fturulabilir.<\/p>\n<p><strong>Odaklama :\u00a0<\/strong>Z eksen hareketi ile i\u015f par\u00e7as\u0131nda odaklan\u0131lmak istenen alana odaklama yap\u0131labilir. Ayn\u0131 zamanda otomatik fokus \u00f6zelli\u011fi de kullan\u0131labilir.<\/p>\n<p>X,Y,Z hareketleri joystick kumanda kolu ile sa\u011flanmaktad\u0131r.<\/p>\n<p><strong>Ayd\u0131nlatma :\u00a0<\/strong>Y\u00fczey ayd\u0131nlatmas\u0131 ile i\u015f par\u00e7as\u0131nda g\u00f6rsel kontrol yap\u0131labilir\u00a0 k\u00f6r delikler ve geometriler \u00f6l\u00e7\u00fclebilir, Kontur ayd\u0131nlatmas\u0131 ile par\u00e7an\u0131n genel kont\u00fcr\u00fc \u00fczerinden \u00f6l\u00e7\u00fcm yap\u0131labilir.<\/p>\n<p><strong>Kenar Yakalama :\u00a0<\/strong>Kenar yakalama \u00f6zelli\u011fi ile kullan\u0131c\u0131dan ba\u011f\u0131ms\u0131z geometriler olu\u015fturulabilir. Kenar yakalam birden \u00e7ok noktadan ve farkl\u0131 metotlar ile yap\u0131labilir bu sayede \u00f6l\u00e7\u00fcm hassasiyeti maksimum seviyede yap\u0131l\u0131r.<\/p>\n<p><strong>Rapor Alma<\/strong>\u00a0<strong>:\u00a0<\/strong>Olu\u015fturulan ve \u00f6l\u00e7\u00fclen geometriler excel,world ve autocad olarak raporlanabilir. \u0130\u015f par\u00e7as\u0131 konturdan ayd\u0131nlat\u0131larak DXF tarama yap\u0131labilir. \u0130\u015f par\u00e7as\u0131 y\u00fczeyden ayd\u0131nlat\u0131larak JPG olarak resim \u00e7ekilebilir. Excel raporlar\u0131 iste\u011fe g\u00f6re ki\u015fiselle\u015ftirilebilir. SPC uyumludur.<\/p>\n<p><strong>H\u0131zl\u0131 \u00d6l\u00e7\u00fcm :<\/strong>\u00a0\u0130\u015f par\u00e7as\u0131 tabla \u00fczerine do\u011fru a\u00e7\u0131da konularak X ve Y eksenleri s\u0131f\u0131rlanarak h\u0131zl\u0131 \u00f6l\u00e7\u00fcm yap\u0131labilir.<\/p>\n<p><strong>Program Yapma :<\/strong>\u00a0\u0130\u015f par\u00e7as\u0131na eksen ve orijin tan\u0131mlayarak par\u00e7a cihaza tan\u0131t\u0131l\u0131r, yap\u0131lan \u00f6l\u00e7\u00fcmler kaydedilerek bir sonraki i\u015f par\u00e7as\u0131 i\u00e7in kullan\u0131l\u0131r. Seri \u00fcretim par\u00e7alarda h\u0131zl\u0131 \u00f6l\u00e7\u00fcm yap\u0131larak zamandan ve maliyetten tasarruf sa\u011flan\u0131r.<\/p>\n<p><strong>Prob (Opsiyonel) :<\/strong>\u00a0Prob\u00a0 ile 3 boyutlu geometriler olu\u015fturulabilir ve \u00f6l\u00e7\u00fclebilir 3 boyutlu toleranslar sorgulanabilir.<\/p>\n<p><strong>Konum ve \u015eekil Toleranslar\u0131 Sorgulama :\u00a0<\/strong>Konum tolerans\u0131, E\u015f Merkezlilik, Dairesellik, Diklik, A\u00e7\u0131sall\u0131k, Parelellik, D\u00fczlemsellik,2B Yalpa,MMC,LMC gibi toleranslar kontrol edilir ve raporlan\u0131r.<\/p>\n<p><strong>Hassasiyet :<\/strong>\u00a0X-Y-Z eksen \u00e7\u00f6z\u00fcn\u00fcrl\u00fc\u011f\u00fc 0,5\u03bcm\u00a0 X-Y eksen hassasiyeti \u2264(3,5+L\/100)\u03bcm (L, mm cinsinde uzunluk birimidir)<\/p>\n<p><strong>Program Aray\u00fcz :\u00a0<\/strong>Program\u0131n geometri olu\u015fturma ve \u00d6l\u00e7\u00fcm mant\u0131\u011f\u0131 temel Autocad kullan\u0131m\u0131 ile ayn\u0131 olup layer konumlar\u0131 kullan\u0131c\u0131 kolayl\u0131\u011f\u0131 i\u00e7in optimize edilmi\u015ftir.<\/p>\n<p>Masa, bilgisayar,dolap olarak tam bir set dahilinde gelmektedir.<\/p>\n<p>&nbsp;<\/p>\n<p>&nbsp;<\/p>\n<p>&nbsp;<\/p>\n<p><iframe loading=\"lazy\" title=\"CNC G\u00f6r\u00fc\u015f \u00d6l\u00e7\u00fcm\u00fcnde Yeni D\u00f6nem | Insize ISD-E ile H\u0131zl\u0131 ve Hassas \u00d6l\u00e7\u00fcm! #G\u00f6r\u00fc\u015f\u00d6l\u00e7\u00fcmSistemi #cnc\" width=\"563\" height=\"1000\" src=\"https:\/\/www.youtube.com\/embed\/GzQdAPTy5DM?feature=oembed\" frameborder=\"0\" allow=\"accelerometer; autoplay; clipboard-write; encrypted-media; gyroscope; picture-in-picture; web-share\" referrerpolicy=\"strict-origin-when-cross-origin\" allowfullscreen><\/iframe><\/p>\n","protected":false},"excerpt":{"rendered":"<ul>\n<li>Otomatik kenar alg\u0131lama,<\/li>\n<li>Granit g\u00f6vde<\/li>\n<li>B\u00fcy\u00fck miktar \u00f6l\u00e7\u00fcm\u00fc i\u00e7in SPC i\u015flevi<\/li>\n<li>X, Y, Z ekseni i\u00e7in servo motorlar,<\/li>\n<li>Odaklama, \u00f6l\u00e7\u00fcm, kont\u00fcr tarama ve kalibrasyon.<\/li>\n<li><a href=\"https:\/\/denizmtl.com\/wp-content\/uploads\/2023\/03\/ISD-E320.pdf\"><strong>Pdf i\u00e7in t\u0131klay\u0131n\u0131z.<\/strong><\/a><\/li>\n<\/ul>\n<p>&nbsp;<br \/>\n<a class=\"wp-iletim-button\" href=\"https:\/\/wa.me\/905422584189?text=Merhaba%2C%20https%3A%2F%2Fdenizmtl.com%2Fmobilapp%2Fwp-json%2Fwp%2Fv2%2Fproduct%2F27738%20sayfas%C4%B1ndaki%20%C3%BCr%C3%BCnle%20ilgili%20fiyat%20ve%20demo%20talep%20etmek%20istiyorum.\" target=\"_blank\" rel=\"noopener\" style=\"display:inline-block;padding:10px 16px;border-radius:6px;color:#fff;text-decoration:none;font-weight:600;background:#334862;\">F\u0130YAT VE DEMO TALEP ET<\/a>\n","protected":false},"author":1,"featured_media":27768,"comment_status":"open","ping_status":"closed","template":"","meta":[],"product_brand":[],"product_cat":[18,64,100,113],"product_tag":[],"class_list":{"0":"post-27738","1":"product","2":"type-product","3":"status-publish","4":"has-post-thumbnail","6":"product_cat-insize","7":"product_cat-one-cikan-urunler","8":"product_cat-test-cihazlari","9":"product_cat-video-optik-olcum-sistemi","11":"first","12":"instock","13":"shipping-taxable","14":"product-type-variable"},"_links":{"self":[{"href":"https:\/\/denizmtl.com\/mobilapp\/wp-json\/wp\/v2\/product\/27738","targetHints":{"allow":["GET"]}}],"collection":[{"href":"https:\/\/denizmtl.com\/mobilapp\/wp-json\/wp\/v2\/product"}],"about":[{"href":"https:\/\/denizmtl.com\/mobilapp\/wp-json\/wp\/v2\/types\/product"}],"author":[{"embeddable":true,"href":"https:\/\/denizmtl.com\/mobilapp\/wp-json\/wp\/v2\/users\/1"}],"replies":[{"embeddable":true,"href":"https:\/\/denizmtl.com\/mobilapp\/wp-json\/wp\/v2\/comments?post=27738"}],"wp:featuredmedia":[{"embeddable":true,"href":"https:\/\/denizmtl.com\/mobilapp\/wp-json\/wp\/v2\/media\/27768"}],"wp:attachment":[{"href":"https:\/\/denizmtl.com\/mobilapp\/wp-json\/wp\/v2\/media?parent=27738"}],"wp:term":[{"taxonomy":"product_brand","embeddable":true,"href":"https:\/\/denizmtl.com\/mobilapp\/wp-json\/wp\/v2\/product_brand?post=27738"},{"taxonomy":"product_cat","embeddable":true,"href":"https:\/\/denizmtl.com\/mobilapp\/wp-json\/wp\/v2\/product_cat?post=27738"},{"taxonomy":"product_tag","embeddable":true,"href":"https:\/\/denizmtl.com\/mobilapp\/wp-json\/wp\/v2\/product_tag?post=27738"}],"curies":[{"name":"wp","href":"https:\/\/api.w.org\/{rel}","templated":true}]}}