{"id":26589,"date":"2025-08-14T11:20:21","date_gmt":"2025-08-14T08:20:21","guid":{"rendered":"https:\/\/denizmtl.com\/mobilapp\/?post_type=product&#038;p=26589"},"modified":"2025-10-02T17:43:42","modified_gmt":"2025-10-02T14:43:42","slug":"insize-5104-m700-endustriyel-inceleme-mikroskobu","status":"publish","type":"product","link":"https:\/\/denizmtl.com\/mobilapp\/urunler\/insize-5104-m700-endustriyel-inceleme-mikroskobu\/","title":{"rendered":"Insize 5104-M700 End\u00fcstriyel \u0130nceleme Mikroskobu"},"content":{"rendered":"<p><strong>Insize 5104-M700 End\u00fcstriyel \u0130nceleme Mikroskobu<\/strong><\/p>\n<ul>\n<li>Malzemelerin metal i\u00e7 yap\u0131s\u0131n\u0131 incelemek, elektronik kartlarda g\u00f6r\u00fcnt\u00fcleme analizyapmak i\u00e7in kullan\u0131l\u0131r.<\/li>\n<li>Y\u00fczey morfolojisi, elektronik, fiber, tekstil, bask\u0131, mikro par\u00e7alar, toz ve di\u011fer end\u00fcstri alanlar\u0131nda kullan\u0131ma uygundur.<\/li>\n<li>Parlak alan merce\u011fi sayesinde daha kaliteli bir g\u00f6r\u00fcnt\u00fc ortaya \u00e7\u0131kar\u0131r.<\/li>\n<li>4 farkl\u0131 a\u00e7\u0131k alan objektifleri ile 40X \u2013 400X b\u00fcy\u00fctme yap\u0131labilir<\/li>\n<li>5 delikli objektif kulesi ile farkl\u0131 objektifler tak\u0131labilir<\/li>\n<li>Geni\u015f tabla boyutu b\u00fcy\u00fck par\u00e7alarda \u00e7al\u0131\u015fma rahatl\u0131\u011f\u0131 sa\u011flar<\/li>\n<li>Opsiyonel kamera ile mikroskobik g\u00f6r\u00fcnt\u00fcy\u00fc e\u015fzamanl\u0131 olarak bilgisayara aktarma<\/li>\n<li>Bilgisayara aktar\u0131lan mikroskobik g\u00f6r\u00fcnt\u00fc \u00fczerinden opsiyonel yaz\u0131l\u0131m ile \u00f6l\u00e7\u00fcm, analiz, raporla gibi i\u015flemler yap\u0131labilir.<\/li>\n<\/ul>\n<p><iframe loading=\"lazy\" title=\"YouTube video player\" src=\"https:\/\/www.youtube.com\/embed\/NO2C6BPy9pc\" width=\"560\" height=\"315\" frameborder=\"0\" allowfullscreen=\"allowfullscreen\"><\/iframe><\/p>\n","protected":false},"excerpt":{"rendered":"<ul>\n<li>End\u00fcsrtiyel inceleme mikroskobu<\/li>\n<li>4X, 10X, 20X, 40X,\u00a0 Objektif<\/li>\n<li>Toplam b\u00fcy\u00fctme 40X &#8211; 400X<\/li>\n<li>X ve Y eksenlerinde tabla harketi<\/li>\n<li>Kohler ayd\u0131nlatma\u00a0 sistemi tek bi\u00e7imli ayd\u0131nlatma alan\u0131 sa\u011flar.<\/li>\n<li>I\u015f\u0131k \u015fiddeti ayarlama<\/li>\n<li>Daimi optik sistem, polarizasyon g\u00f6zleme, karanl\u0131k alan g\u00f6zleme<\/li>\n<li>Opsiyonel kamera ba\u011flant\u0131s\u0131<\/li>\n<li><a href=\"https:\/\/denizmtl.com\/wp-content\/uploads\/2019\/09\/5104-M700-1.pdf\"><strong>Pdf i\u00e7in t\u0131klay\u0131n\u0131z.<\/strong><\/a><\/li>\n<\/ul>\n<p>&nbsp;<br \/>\n<a class=\"wp-iletim-button\" href=\"https:\/\/wa.me\/905422584189?text=Merhaba%2C%20https%3A%2F%2Fdenizmtl.com%2Fmobilapp%2Fwp-json%2Fwp%2Fv2%2Fproduct%2F26589%20sayfas%C4%B1ndaki%20%C3%BCr%C3%BCnle%20ilgili%20fiyat%20ve%20demo%20talep%20etmek%20istiyorum.\" target=\"_blank\" rel=\"noopener\" style=\"display:inline-block;padding:10px 16px;border-radius:6px;color:#fff;text-decoration:none;font-weight:600;background:#334862;\">F\u0130YAT VE DEMO TALEP ET<\/a>\n","protected":false},"author":1,"featured_media":26616,"comment_status":"open","ping_status":"closed","template":"","meta":[],"product_brand":[],"product_cat":[18,103,100,63],"product_tag":[],"class_list":{"0":"post-26589","1":"product","2":"type-product","3":"status-publish","4":"has-post-thumbnail","6":"product_cat-insize","7":"product_cat-mikroskop-ve-buyutec","8":"product_cat-test-cihazlari","9":"product_cat-yeni-urunler","11":"first","12":"instock","13":"shipping-taxable","14":"product-type-simple"},"_links":{"self":[{"href":"https:\/\/denizmtl.com\/mobilapp\/wp-json\/wp\/v2\/product\/26589","targetHints":{"allow":["GET"]}}],"collection":[{"href":"https:\/\/denizmtl.com\/mobilapp\/wp-json\/wp\/v2\/product"}],"about":[{"href":"https:\/\/denizmtl.com\/mobilapp\/wp-json\/wp\/v2\/types\/product"}],"author":[{"embeddable":true,"href":"https:\/\/denizmtl.com\/mobilapp\/wp-json\/wp\/v2\/users\/1"}],"replies":[{"embeddable":true,"href":"https:\/\/denizmtl.com\/mobilapp\/wp-json\/wp\/v2\/comments?post=26589"}],"wp:featuredmedia":[{"embeddable":true,"href":"https:\/\/denizmtl.com\/mobilapp\/wp-json\/wp\/v2\/media\/26616"}],"wp:attachment":[{"href":"https:\/\/denizmtl.com\/mobilapp\/wp-json\/wp\/v2\/media?parent=26589"}],"wp:term":[{"taxonomy":"product_brand","embeddable":true,"href":"https:\/\/denizmtl.com\/mobilapp\/wp-json\/wp\/v2\/product_brand?post=26589"},{"taxonomy":"product_cat","embeddable":true,"href":"https:\/\/denizmtl.com\/mobilapp\/wp-json\/wp\/v2\/product_cat?post=26589"},{"taxonomy":"product_tag","embeddable":true,"href":"https:\/\/denizmtl.com\/mobilapp\/wp-json\/wp\/v2\/product_tag?post=26589"}],"curies":[{"name":"wp","href":"https:\/\/api.w.org\/{rel}","templated":true}]}}