{"id":26576,"date":"2025-08-14T11:20:14","date_gmt":"2025-08-14T08:20:14","guid":{"rendered":"https:\/\/denizmtl.com\/mobilapp\/?post_type=product&#038;p=26576"},"modified":"2025-08-14T11:20:38","modified_gmt":"2025-08-14T08:20:38","slug":"insize-3264-sicak-plaka-icin-mikrometre","status":"publish","type":"product","link":"https:\/\/denizmtl.com\/mobilapp\/urunler\/insize-3264-sicak-plaka-icin-mikrometre\/","title":{"rendered":"Insize  3264 S\u0131cak Plaka \u0130\u00e7in Mikrometre"},"content":{"rendered":"<p><img loading=\"lazy\" decoding=\"async\" class=\"wp-image-9224 size-full aligncenter\" src=\"https:\/\/denizmtl.com\/wp-content\/uploads\/2019\/09\/3264-MIKROMETRE-768x312-1.png\" alt=\"\" width=\"768\" height=\"312\" srcset=\"https:\/\/denizmtl.com\/mobilapp\/wp-content\/uploads\/2019\/09\/3264-MIKROMETRE-768x312-1.png 768w, https:\/\/denizmtl.com\/mobilapp\/wp-content\/uploads\/2019\/09\/3264-MIKROMETRE-768x312-1-300x122.png 300w, https:\/\/denizmtl.com\/mobilapp\/wp-content\/uploads\/2019\/09\/3264-MIKROMETRE-768x312-1-510x207.png 510w\" sizes=\"auto, (max-width: 768px) 100vw, 768px\" \/><\/p>\n","protected":false},"excerpt":{"rendered":"<ul>\n<li>S\u0131cak haddelenmi\u015f sac kal\u0131nl\u0131\u011f\u0131 \u00f6l\u00e7me,<\/li>\n<li>Karb\u00fcr \u00f6l\u00e7me y\u00fczeyleri<\/li>\n<li>Standart ayarlama,<\/li>\n<li><a href=\"https:\/\/denizmtl.com\/wp-content\/uploads\/2019\/09\/3264.pdf\"><strong>Pdf i\u00e7in t\u0131klay\u0131n\u0131z<\/strong><\/a><\/li>\n<li><strong>Fiyat ve stok bilgisi i\u00e7in ileti\u015fime ge\u00e7iniz.<\/strong><\/li>\n<\/ul>\n","protected":false},"author":1,"featured_media":26585,"comment_status":"open","ping_status":"closed","template":"","meta":[],"product_brand":[],"product_cat":[18,27,96,63],"product_tag":[],"class_list":{"0":"post-26576","1":"product","2":"type-product","3":"status-publish","4":"has-post-thumbnail","6":"product_cat-insize","7":"product_cat-mikrometreler","8":"product_cat-standart-olcu-aletleri","9":"product_cat-yeni-urunler","11":"first","12":"instock","13":"shipping-taxable","14":"product-type-variable"},"_links":{"self":[{"href":"https:\/\/denizmtl.com\/mobilapp\/wp-json\/wp\/v2\/product\/26576","targetHints":{"allow":["GET"]}}],"collection":[{"href":"https:\/\/denizmtl.com\/mobilapp\/wp-json\/wp\/v2\/product"}],"about":[{"href":"https:\/\/denizmtl.com\/mobilapp\/wp-json\/wp\/v2\/types\/product"}],"author":[{"embeddable":true,"href":"https:\/\/denizmtl.com\/mobilapp\/wp-json\/wp\/v2\/users\/1"}],"replies":[{"embeddable":true,"href":"https:\/\/denizmtl.com\/mobilapp\/wp-json\/wp\/v2\/comments?post=26576"}],"wp:featuredmedia":[{"embeddable":true,"href":"https:\/\/denizmtl.com\/mobilapp\/wp-json\/wp\/v2\/media\/26585"}],"wp:attachment":[{"href":"https:\/\/denizmtl.com\/mobilapp\/wp-json\/wp\/v2\/media?parent=26576"}],"wp:term":[{"taxonomy":"product_brand","embeddable":true,"href":"https:\/\/denizmtl.com\/mobilapp\/wp-json\/wp\/v2\/product_brand?post=26576"},{"taxonomy":"product_cat","embeddable":true,"href":"https:\/\/denizmtl.com\/mobilapp\/wp-json\/wp\/v2\/product_cat?post=26576"},{"taxonomy":"product_tag","embeddable":true,"href":"https:\/\/denizmtl.com\/mobilapp\/wp-json\/wp\/v2\/product_tag?post=26576"}],"curies":[{"name":"wp","href":"https:\/\/api.w.org\/{rel}","templated":true}]}}