{"id":26150,"date":"2025-08-14T11:18:18","date_gmt":"2025-08-14T08:18:18","guid":{"rendered":"https:\/\/denizmtl.com\/mobilapp\/?post_type=product&#038;p=26150"},"modified":"2025-10-02T17:43:30","modified_gmt":"2025-10-02T14:43:30","slug":"insize-iso-2000fn-kaplama-kalinlik-olcer","status":"publish","type":"product","link":"https:\/\/denizmtl.com\/mobilapp\/urunler\/insize-iso-2000fn-kaplama-kalinlik-olcer\/","title":{"rendered":"Insize ISO-2000FN Kaplama Kal\u0131nl\u0131k \u00d6l\u00e7er"},"content":{"rendered":"<p><strong>Insize ISO-2000FN Kaplama Kal\u0131nl\u0131k \u00d6l\u00e7er<\/strong><\/p>\n<ul>\n<li>Manyetik ind\u00fcksiyon probu ile manyetik y\u00fczeylerde deki manyetik olmayan kaplamalar\u0131 \u00f6l\u00e7me i\u015fleminde kullan\u0131l\u0131r.<\/li>\n<li>Opsiyonel prob ile manyetik olmayan y\u00fczeylerde manyetik olmayan kaplamlar\u0131 \u00f6l\u00e7ebilir.<\/li>\n<li>Cihaz ile gelen kalibrasyon folyolar\u0131 ile iki noktal\u0131 ve komple kalibrasyon yap\u0131labilmektedir<\/li>\n<li>Arka \u0131\u015f\u0131kl\u0131 LCD ekran ve kolay kulan\u0131m aray\u00fcz ve membran tu\u015f tak\u0131m\u0131.<\/li>\n<\/ul>\n<p><iframe loading=\"lazy\" title=\"Insize ISO-2000FN Kaplama Kal\u0131nl\u0131k \u00d6l\u00e7er\" width=\"1020\" height=\"765\" src=\"https:\/\/www.youtube.com\/embed\/tgrDr4MHb0E?feature=oembed\" frameborder=\"0\" allow=\"accelerometer; autoplay; clipboard-write; encrypted-media; gyroscope; picture-in-picture; web-share\" referrerpolicy=\"strict-origin-when-cross-origin\" allowfullscreen><\/iframe><\/p>\n<p>&nbsp;<\/p>\n<p>&nbsp;<\/p>\n<p>&nbsp;<\/p>\n","protected":false},"excerpt":{"rendered":"<ul>\n<li>K\u00fc\u00e7\u00fck y\u00fczeyler i\u00e7in, konkav veya konveks y\u00fczeylerine uygun<\/li>\n<li>Manyetik ind\u00fcksiyon probu (FE<strong>)<\/strong>,manyetik y\u00fczey \u00fczerindeki manyetik olmayan kaplama kal\u0131nl\u0131\u011f\u0131 \u00f6l\u00e7mek i\u00e7indir.<\/li>\n<li>Y\u00fczey : demir, \u00e7elik, manyetik paslanmaz \u00e7elik(manyetik olmayan paslanmaz \u00e7elik dahil de\u011fil)<\/li>\n<li>Kaplama : \u00e7inko, bak\u0131r, krom, teneke, plastik, toz, boya (nikel dahil de\u011fil)<\/li>\n<li>Fe s\u0131f\u0131rlama blo\u011fu ve 7 farkl\u0131 kalibrasyon folyosu dahildir.<\/li>\n<li>Opsiyonel olarak FE ve NFE probe \u00e7e\u015fitleri sunulmaktad\u0131r.<\/li>\n<li><a href=\"https:\/\/denizmtl.com\/wp-content\/uploads\/2021\/12\/ISO-2000FN-KAPLAMA-KALINLIK-OLCER.pdf\"><strong>Pdf i\u00e7in t\u0131klay\u0131n\u0131z.<\/strong><\/a><\/li>\n<\/ul>\n<p>&nbsp;<br \/>\n<a class=\"wp-iletim-button\" href=\"https:\/\/wa.me\/905422584189?text=Merhaba%2C%20https%3A%2F%2Fdenizmtl.com%2Fmobilapp%2Fwp-json%2Fwp%2Fv2%2Fproduct%2F26150%20sayfas%C4%B1ndaki%20%C3%BCr%C3%BCnle%20ilgili%20fiyat%20ve%20demo%20talep%20etmek%20istiyorum.\" target=\"_blank\" rel=\"noopener\" style=\"display:inline-block;padding:10px 16px;border-radius:6px;color:#fff;text-decoration:none;font-weight:600;background:#334862;\">F\u0130YAT VE DEMO TALEP ET<\/a>\n","protected":false},"author":1,"featured_media":26179,"comment_status":"open","ping_status":"closed","template":"","meta":[],"product_brand":[],"product_cat":[18,114,100],"product_tag":[],"class_list":{"0":"post-26150","1":"product","2":"type-product","3":"status-publish","4":"has-post-thumbnail","6":"product_cat-insize","7":"product_cat-portatif-test-cihazlari","8":"product_cat-test-cihazlari","10":"first","11":"instock","12":"shipping-taxable","13":"product-type-variable"},"_links":{"self":[{"href":"https:\/\/denizmtl.com\/mobilapp\/wp-json\/wp\/v2\/product\/26150","targetHints":{"allow":["GET"]}}],"collection":[{"href":"https:\/\/denizmtl.com\/mobilapp\/wp-json\/wp\/v2\/product"}],"about":[{"href":"https:\/\/denizmtl.com\/mobilapp\/wp-json\/wp\/v2\/types\/product"}],"author":[{"embeddable":true,"href":"https:\/\/denizmtl.com\/mobilapp\/wp-json\/wp\/v2\/users\/1"}],"replies":[{"embeddable":true,"href":"https:\/\/denizmtl.com\/mobilapp\/wp-json\/wp\/v2\/comments?post=26150"}],"wp:featuredmedia":[{"embeddable":true,"href":"https:\/\/denizmtl.com\/mobilapp\/wp-json\/wp\/v2\/media\/26179"}],"wp:attachment":[{"href":"https:\/\/denizmtl.com\/mobilapp\/wp-json\/wp\/v2\/media?parent=26150"}],"wp:term":[{"taxonomy":"product_brand","embeddable":true,"href":"https:\/\/denizmtl.com\/mobilapp\/wp-json\/wp\/v2\/product_brand?post=26150"},{"taxonomy":"product_cat","embeddable":true,"href":"https:\/\/denizmtl.com\/mobilapp\/wp-json\/wp\/v2\/product_cat?post=26150"},{"taxonomy":"product_tag","embeddable":true,"href":"https:\/\/denizmtl.com\/mobilapp\/wp-json\/wp\/v2\/product_tag?post=26150"}],"curies":[{"name":"wp","href":"https:\/\/api.w.org\/{rel}","templated":true}]}}