{"id":25993,"date":"2025-08-14T11:17:34","date_gmt":"2025-08-14T08:17:34","guid":{"rendered":"https:\/\/denizmtl.com\/mobilapp\/?post_type=product&#038;p=25993"},"modified":"2025-08-14T11:17:48","modified_gmt":"2025-08-14T08:17:48","slug":"insize-3635-dijital-sabit-milli-ic-cap-mikrometresi-boru-tip","status":"publish","type":"product","link":"https:\/\/denizmtl.com\/mobilapp\/urunler\/insize-3635-dijital-sabit-milli-ic-cap-mikrometresi-boru-tip\/","title":{"rendered":"Insize 3635 Dijital Sabit Milli \u0130\u00e7 \u00c7ap Mikrometresi (Boru Tip)"},"content":{"rendered":"<p><img loading=\"lazy\" decoding=\"async\" class=\"alignnone wp-image-9574 size-full\" src=\"https:\/\/denizmtl.com\/wp-content\/uploads\/2019\/02\/3635-DIJITAL-SABIT-MIL-IC-CAP-MIKROMETRESI.2.png\" alt=\"\" width=\"692\" height=\"491\" srcset=\"https:\/\/denizmtl.com\/mobilapp\/wp-content\/uploads\/2019\/02\/3635-DIJITAL-SABIT-MIL-IC-CAP-MIKROMETRESI.2.png 692w, https:\/\/denizmtl.com\/mobilapp\/wp-content\/uploads\/2019\/02\/3635-DIJITAL-SABIT-MIL-IC-CAP-MIKROMETRESI.2-300x213.png 300w, https:\/\/denizmtl.com\/mobilapp\/wp-content\/uploads\/2019\/02\/3635-DIJITAL-SABIT-MIL-IC-CAP-MIKROMETRESI.2-510x362.png 510w\" sizes=\"auto, (max-width: 692px) 100vw, 692px\" \/><\/p>\n","protected":false},"excerpt":{"rendered":"<ul>\n<li>Mikrometre kafas\u0131:150-175mm<\/li>\n<li>Mikrometre kafas\u0131 ve uzatma \u00e7ubuklar\u0131 i\u00e7in karb\u00fcr \u00f6l\u00e7\u00fcm a\u011f\u0131zlar\u0131<\/li>\n<li>Uzatma \u00e7ubuk u\u00e7lar\u0131 yayl\u0131d\u0131r.<\/li>\n<li>Bilgi \u00e7\u0131k\u0131\u015f\u0131<\/li>\n<li>CR2032 pil,otomatik kapanma<\/li>\n<li><a href=\"https:\/\/denizmtl.com\/wp-content\/uploads\/2021\/12\/3635-DIJITAL-SABIT-MILLI-IC-CAP-MIKROMETRESIN-BORU-TIP-.pdf\"><strong>Pdf i\u00e7in t\u0131klay\u0131n\u0131z.<\/strong><\/a><\/li>\n<\/ul>\n","protected":false},"author":1,"featured_media":26004,"comment_status":"open","ping_status":"closed","template":"","meta":[],"product_brand":[],"product_cat":[115,18,96],"product_tag":[],"class_list":{"0":"post-25993","1":"product","2":"type-product","3":"status-publish","4":"has-post-thumbnail","6":"product_cat-delik-olcum","7":"product_cat-insize","8":"product_cat-standart-olcu-aletleri","10":"first","11":"instock","12":"shipping-taxable","13":"product-type-variable"},"_links":{"self":[{"href":"https:\/\/denizmtl.com\/mobilapp\/wp-json\/wp\/v2\/product\/25993","targetHints":{"allow":["GET"]}}],"collection":[{"href":"https:\/\/denizmtl.com\/mobilapp\/wp-json\/wp\/v2\/product"}],"about":[{"href":"https:\/\/denizmtl.com\/mobilapp\/wp-json\/wp\/v2\/types\/product"}],"author":[{"embeddable":true,"href":"https:\/\/denizmtl.com\/mobilapp\/wp-json\/wp\/v2\/users\/1"}],"replies":[{"embeddable":true,"href":"https:\/\/denizmtl.com\/mobilapp\/wp-json\/wp\/v2\/comments?post=25993"}],"wp:featuredmedia":[{"embeddable":true,"href":"https:\/\/denizmtl.com\/mobilapp\/wp-json\/wp\/v2\/media\/26004"}],"wp:attachment":[{"href":"https:\/\/denizmtl.com\/mobilapp\/wp-json\/wp\/v2\/media?parent=25993"}],"wp:term":[{"taxonomy":"product_brand","embeddable":true,"href":"https:\/\/denizmtl.com\/mobilapp\/wp-json\/wp\/v2\/product_brand?post=25993"},{"taxonomy":"product_cat","embeddable":true,"href":"https:\/\/denizmtl.com\/mobilapp\/wp-json\/wp\/v2\/product_cat?post=25993"},{"taxonomy":"product_tag","embeddable":true,"href":"https:\/\/denizmtl.com\/mobilapp\/wp-json\/wp\/v2\/product_tag?post=25993"}],"curies":[{"name":"wp","href":"https:\/\/api.w.org\/{rel}","templated":true}]}}