{"id":25971,"date":"2025-08-14T11:17:31","date_gmt":"2025-08-14T08:17:31","guid":{"rendered":"https:\/\/denizmtl.com\/mobilapp\/?post_type=product&#038;p=25971"},"modified":"2025-08-14T11:17:39","modified_gmt":"2025-08-14T08:17:39","slug":"3594-dijital-sabit-milli-disk-mikrometreleri-ekonomik-model","status":"publish","type":"product","link":"https:\/\/denizmtl.com\/mobilapp\/urunler\/3594-dijital-sabit-milli-disk-mikrometreleri-ekonomik-model\/","title":{"rendered":"3594 Dijital Sabit Milli Disk Mikrometreleri (Ekonomik Model)"},"content":{"rendered":"<p><img loading=\"lazy\" decoding=\"async\" class=\"alignnone wp-image-9592 size-full\" src=\"https:\/\/denizmtl.com\/wp-content\/uploads\/2019\/02\/3594-DIJITAL-SABIT-MILLI-DISK-MIKROMETRESI2.png\" alt=\"\" width=\"688\" height=\"280\" srcset=\"https:\/\/denizmtl.com\/mobilapp\/wp-content\/uploads\/2019\/02\/3594-DIJITAL-SABIT-MILLI-DISK-MIKROMETRESI2.png 688w, https:\/\/denizmtl.com\/mobilapp\/wp-content\/uploads\/2019\/02\/3594-DIJITAL-SABIT-MILLI-DISK-MIKROMETRESI2-300x122.png 300w, https:\/\/denizmtl.com\/mobilapp\/wp-content\/uploads\/2019\/02\/3594-DIJITAL-SABIT-MILLI-DISK-MIKROMETRESI2-510x208.png 510w\" sizes=\"auto, (max-width: 688px) 100vw, 688px\" \/><\/p>\n","protected":false},"excerpt":{"rendered":"<ul>\n<li>Di\u015flilerin di\u015f taban geni\u015fli\u011fini \u00f6l\u00e7er<\/li>\n<li>Hassasiyet:0,01mm\/0,00005&#8243;<\/li>\n<li>Sabit mil<\/li>\n<li>Tu\u015flar:a\u00e7\/kapa,ayar,mm\/in\u00e7,ABS\/INC<\/li>\n<li>Bilgi \u00e7\u0131k\u0131\u015f<\/li>\n<li>LR44 pil,otomatik kapanma<\/li>\n<li>C\u0131rc\u0131rl\u0131<\/li>\n<li>S\u0131f\u0131rlama mastarlar\u0131 ile tedarik edilir.<\/li>\n<li><a href=\"https:\/\/denizmtl.com\/wp-content\/uploads\/2021\/12\/3594-DIJITAL-SABIT-MILLI-DISK-MIKROMETRELERI-EKONOMIK-MODEL-.pdf\"><strong>Pdf i\u00e7in t\u0131klay\u0131n\u0131z.<\/strong><\/a><\/li>\n<\/ul>\n","protected":false},"author":1,"featured_media":26001,"comment_status":"open","ping_status":"closed","template":"","meta":[],"product_brand":[],"product_cat":[18,27],"product_tag":[],"class_list":{"0":"post-25971","1":"product","2":"type-product","3":"status-publish","4":"has-post-thumbnail","6":"product_cat-insize","7":"product_cat-mikrometreler","9":"first","10":"instock","11":"shipping-taxable","12":"product-type-variable"},"_links":{"self":[{"href":"https:\/\/denizmtl.com\/mobilapp\/wp-json\/wp\/v2\/product\/25971","targetHints":{"allow":["GET"]}}],"collection":[{"href":"https:\/\/denizmtl.com\/mobilapp\/wp-json\/wp\/v2\/product"}],"about":[{"href":"https:\/\/denizmtl.com\/mobilapp\/wp-json\/wp\/v2\/types\/product"}],"author":[{"embeddable":true,"href":"https:\/\/denizmtl.com\/mobilapp\/wp-json\/wp\/v2\/users\/1"}],"replies":[{"embeddable":true,"href":"https:\/\/denizmtl.com\/mobilapp\/wp-json\/wp\/v2\/comments?post=25971"}],"wp:featuredmedia":[{"embeddable":true,"href":"https:\/\/denizmtl.com\/mobilapp\/wp-json\/wp\/v2\/media\/26001"}],"wp:attachment":[{"href":"https:\/\/denizmtl.com\/mobilapp\/wp-json\/wp\/v2\/media?parent=25971"}],"wp:term":[{"taxonomy":"product_brand","embeddable":true,"href":"https:\/\/denizmtl.com\/mobilapp\/wp-json\/wp\/v2\/product_brand?post=25971"},{"taxonomy":"product_cat","embeddable":true,"href":"https:\/\/denizmtl.com\/mobilapp\/wp-json\/wp\/v2\/product_cat?post=25971"},{"taxonomy":"product_tag","embeddable":true,"href":"https:\/\/denizmtl.com\/mobilapp\/wp-json\/wp\/v2\/product_tag?post=25971"}],"curies":[{"name":"wp","href":"https:\/\/api.w.org\/{rel}","templated":true}]}}