{"id":25646,"date":"2025-08-14T11:16:04","date_gmt":"2025-08-14T08:16:04","guid":{"rendered":"https:\/\/denizmtl.com\/mobilapp\/?post_type=product&#038;p=25646"},"modified":"2025-10-02T17:43:19","modified_gmt":"2025-10-02T14:43:19","slug":"insize-ish-sphd-portatif-leeb-sertlik-olcme-cihazi","status":"publish","type":"product","link":"https:\/\/denizmtl.com\/mobilapp\/urunler\/insize-ish-sphd-portatif-leeb-sertlik-olcme-cihazi\/","title":{"rendered":"Insize ISH-SPHD Portatif Leeb Sertlik \u00d6l\u00e7me Cihaz\u0131"},"content":{"rendered":"<p><strong>Insize ISH-SPHD Portatif Leeb Sertlik \u00d6l\u00e7me Cihaz\u0131<\/strong><\/p>\n<ul>\n<li>Cihaz ile entegre genel kulan\u0131m (D)\u00a0 probu kalem tip olarak kullan\u0131m imkan\u0131 sa\u011flar<\/li>\n<li>\u00d6l\u00e7\u00fcm y\u00f6n\u00fcn\u00fc ayarlamadan 8 farkl\u0131 y\u00f6nde \u00f6l\u00e7\u00fcm yapabilme<\/li>\n<li>Leeb(HLD) y\u00f6ntemi ile \u00f6l\u00e7\u00fcm yaparak\u00a0 Vikers (HV), Brinell (HB), Rockwell (HRC,HRB,HRA), Shore (HS), parametrelerine d\u00f6n\u00fc\u015ft\u00fcr\u00fcl\u00fcr<\/li>\n<li>Yaz\u0131l\u0131m, sertlik blo\u011fu ve k\u00fc\u00e7\u00fck destek halkas\u0131 cihaz ile gelmektedir<\/li>\n<\/ul>\n<p>&nbsp;<\/p>\n","protected":false},"excerpt":{"rendered":"<ul>\n<li>D probu<\/li>\n<li>Leeb (HLD),d\u00f6n\u00fc\u015ft\u00fcr\u00fclm\u00fc\u015f sertlik,metaryel,darbe y\u00f6n\u00fc,test adetleri,ortalama de\u011fer,sapma,zaman<\/li>\n<li>Otomatik y\u00f6n d\u00fczeltme,<\/li>\n<li>Bluetooth ile yaz\u0131c\u0131ya ba\u011flan\u0131r.<\/li>\n<li>USB giri\u015f ile bilgisayara ba\u011flan\u0131r.<\/li>\n<li>500 test sonucuna kadar haf\u0131zaya kaydedebilir.<\/li>\n<li>ASTM A 956 standard\u0131na uygundur.<\/li>\n<li><a href=\"https:\/\/denizmtl.com\/wp-content\/uploads\/2021\/12\/ISH-SPHD-PORTATIF-LEEB-SERTLIK-OLCME-CIHAZI.pdf\"><strong>Pdf i\u00e7in t\u0131klay\u0131n\u0131z.<\/strong><\/a><\/li>\n<\/ul>\n<p>&nbsp;<br \/>\n<a class=\"wp-iletim-button\" href=\"https:\/\/wa.me\/905422584189?text=Merhaba%2C%20https%3A%2F%2Fdenizmtl.com%2Fmobilapp%2Fwp-json%2Fwp%2Fv2%2Fproduct%2F25646%20sayfas%C4%B1ndaki%20%C3%BCr%C3%BCnle%20ilgili%20fiyat%20ve%20demo%20talep%20etmek%20istiyorum.\" target=\"_blank\" rel=\"noopener\" style=\"display:inline-block;padding:10px 16px;border-radius:6px;color:#fff;text-decoration:none;font-weight:600;background:#334862;\">F\u0130YAT VE DEMO TALEP ET<\/a>\n","protected":false},"author":1,"featured_media":25659,"comment_status":"open","ping_status":"closed","template":"","meta":[],"product_brand":[],"product_cat":[18,64,106,100],"product_tag":[],"class_list":{"0":"post-25646","1":"product","2":"type-product","3":"status-publish","4":"has-post-thumbnail","6":"product_cat-insize","7":"product_cat-one-cikan-urunler","8":"product_cat-sertlik-olcme","9":"product_cat-test-cihazlari","11":"first","12":"instock","13":"shipping-taxable","14":"product-type-simple"},"_links":{"self":[{"href":"https:\/\/denizmtl.com\/mobilapp\/wp-json\/wp\/v2\/product\/25646","targetHints":{"allow":["GET"]}}],"collection":[{"href":"https:\/\/denizmtl.com\/mobilapp\/wp-json\/wp\/v2\/product"}],"about":[{"href":"https:\/\/denizmtl.com\/mobilapp\/wp-json\/wp\/v2\/types\/product"}],"author":[{"embeddable":true,"href":"https:\/\/denizmtl.com\/mobilapp\/wp-json\/wp\/v2\/users\/1"}],"replies":[{"embeddable":true,"href":"https:\/\/denizmtl.com\/mobilapp\/wp-json\/wp\/v2\/comments?post=25646"}],"wp:featuredmedia":[{"embeddable":true,"href":"https:\/\/denizmtl.com\/mobilapp\/wp-json\/wp\/v2\/media\/25659"}],"wp:attachment":[{"href":"https:\/\/denizmtl.com\/mobilapp\/wp-json\/wp\/v2\/media?parent=25646"}],"wp:term":[{"taxonomy":"product_brand","embeddable":true,"href":"https:\/\/denizmtl.com\/mobilapp\/wp-json\/wp\/v2\/product_brand?post=25646"},{"taxonomy":"product_cat","embeddable":true,"href":"https:\/\/denizmtl.com\/mobilapp\/wp-json\/wp\/v2\/product_cat?post=25646"},{"taxonomy":"product_tag","embeddable":true,"href":"https:\/\/denizmtl.com\/mobilapp\/wp-json\/wp\/v2\/product_tag?post=25646"}],"curies":[{"name":"wp","href":"https:\/\/api.w.org\/{rel}","templated":true}]}}