{"id":24636,"date":"2025-08-14T11:12:09","date_gmt":"2025-08-14T08:12:09","guid":{"rendered":"https:\/\/denizmtl.com\/mobilapp\/?post_type=product&#038;p=24636"},"modified":"2025-08-14T11:12:58","modified_gmt":"2025-08-14T08:12:58","slug":"hssmors-konik-sapli-matkap-ucu","status":"publish","type":"product","link":"https:\/\/denizmtl.com\/mobilapp\/urunler\/hssmors-konik-sapli-matkap-ucu\/","title":{"rendered":"HSS,MORS KON\u0130K SAPLI MATKAP UCU"},"content":{"rendered":"<p><img loading=\"lazy\" decoding=\"async\" class=\"alignleft size-full wp-image-11143\" src=\"https:\/\/denizmtl.com\/wp-content\/uploads\/2019\/01\/HSSMORS-KONIK-SAPLI-MATKAP-UCU.png\" alt=\"\" width=\"671\" height=\"263\" srcset=\"https:\/\/denizmtl.com\/mobilapp\/wp-content\/uploads\/2019\/01\/HSSMORS-KONIK-SAPLI-MATKAP-UCU.png 671w, https:\/\/denizmtl.com\/mobilapp\/wp-content\/uploads\/2019\/01\/HSSMORS-KONIK-SAPLI-MATKAP-UCU-300x118.png 300w, https:\/\/denizmtl.com\/mobilapp\/wp-content\/uploads\/2019\/01\/HSSMORS-KONIK-SAPLI-MATKAP-UCU-510x200.png 510w\" sizes=\"auto, (max-width: 671px) 100vw, 671px\" \/><\/p>\n","protected":false},"excerpt":{"rendered":"<ul>\n<li><strong>Y\u00fczey<\/strong> <strong>Uygulamas\u0131:<\/strong>Buhar\u00a0 menevi\u015fli(siyah oksitli son y\u00fczey)<\/li>\n<li><strong>Kullan\u0131m Yerleri<\/strong>:\u00c7elik,ala\u015f\u0131ml\u0131 ve ala\u015f\u0131ms\u0131z \u00e7elik d\u00f6k\u00fcm,gri d\u00f6kme demir ve grafit<\/li>\n<li><a href=\"https:\/\/denizmtl.com\/wp-content\/uploads\/2022\/01\/HSSMORS-KONIK-SAPLI-MATKAP-UCU-30703400.pdf\">Pdf i\u00e7in t\u0131klay\u0131n\u0131z.<\/a><\/li>\n<li><a href=\"https:\/\/denizmtl.com\/wp-content\/uploads\/2022\/01\/HSSMORS-KONIK-SAPLI-MATKAP-UCU-30703400-1.pdf\">Di\u011fer \u00f6l\u00e7\u00fcler i\u00e7in t\u0131klay\u0131n\u0131z.<\/a><\/li>\n<li><strong><span style=\"color: #282828; font-size: 110%;\">Di\u011fer \u00f6l\u00e7\u00fc ve fiyatlar i\u00e7in ileti\u015fime ge\u00e7iniz.<\/span><\/strong><\/li>\n<\/ul>\n","protected":false},"author":1,"featured_media":24666,"comment_status":"open","ping_status":"closed","template":"","meta":[],"product_brand":[],"product_cat":[37,36],"product_tag":[],"class_list":{"0":"post-24636","1":"product","2":"type-product","3":"status-publish","4":"has-post-thumbnail","6":"product_cat-matkaplar","7":"product_cat-pro-x","9":"first","10":"instock","11":"shipping-taxable","12":"product-type-variable"},"_links":{"self":[{"href":"https:\/\/denizmtl.com\/mobilapp\/wp-json\/wp\/v2\/product\/24636","targetHints":{"allow":["GET"]}}],"collection":[{"href":"https:\/\/denizmtl.com\/mobilapp\/wp-json\/wp\/v2\/product"}],"about":[{"href":"https:\/\/denizmtl.com\/mobilapp\/wp-json\/wp\/v2\/types\/product"}],"author":[{"embeddable":true,"href":"https:\/\/denizmtl.com\/mobilapp\/wp-json\/wp\/v2\/users\/1"}],"replies":[{"embeddable":true,"href":"https:\/\/denizmtl.com\/mobilapp\/wp-json\/wp\/v2\/comments?post=24636"}],"wp:featuredmedia":[{"embeddable":true,"href":"https:\/\/denizmtl.com\/mobilapp\/wp-json\/wp\/v2\/media\/24666"}],"wp:attachment":[{"href":"https:\/\/denizmtl.com\/mobilapp\/wp-json\/wp\/v2\/media?parent=24636"}],"wp:term":[{"taxonomy":"product_brand","embeddable":true,"href":"https:\/\/denizmtl.com\/mobilapp\/wp-json\/wp\/v2\/product_brand?post=24636"},{"taxonomy":"product_cat","embeddable":true,"href":"https:\/\/denizmtl.com\/mobilapp\/wp-json\/wp\/v2\/product_cat?post=24636"},{"taxonomy":"product_tag","embeddable":true,"href":"https:\/\/denizmtl.com\/mobilapp\/wp-json\/wp\/v2\/product_tag?post=24636"}],"curies":[{"name":"wp","href":"https:\/\/api.w.org\/{rel}","templated":true}]}}